000
CXUS54 KJAN 011510
CF6MEI
PRELIMINARY LOCAL CLIMATOLOGICAL DATA (WS FORM: F-6)
STATION: MERIDIAN
MONTH: NOVEMBER
YEAR: 2023
LATITUDE: 32 19 N
LONGITUDE: 88 45 W
TEMPERATURE IN F: :PCPN: SNOW: WIND :SUNSHINE: SKY :PK WND
================================================================================
1 2 3 4 5 6A 6B 7 8 9 10 11 12 13 14 15 16 17 18
12Z AVG MX 2MIN
DY MAX MIN AVG DEP HDD CDD WTR SNW DPTH SPD SPD DIR MIN PSBL S-S WX SPD DR
================================================================================
1 57 29 43 -17 22 0 0.00 0.0 0 9.3 22 20 M M 0 29 20
2 64 26 45 -15 20 0 0.00 0.0 0 2.8 13 160 M M 0 18 150
3 74 30 52 -7 13 0 0.00 0.0 0 1.6 10 110 M M 0 14 130
4 79 37 58 -1 7 0 0.00 0.0 0 1.1 9 70 M M 0 13 80
5 82 40 61 2 4 0 0.00 0.0 0 2.3 14 10 M M 0 18 330
6 82 42 62 4 3 0 0.00 0.0 0 1.7 9 220 M M 0 13 290
7 83 46 65 7 0 0 0.00 0.0 0 3.9 14 170 M M 1 18 170
8 84 53 69 11 0 4 0.00 0.0 0 6.6 17 180 M M 2 12 26 210
9 82 56 69 12 0 4 0.00 0.0 0 3.3 12 210 M M 3 1 17 220
10 66 58 62 5 3 0 0.08 0.0 0 7.6 15 10 M M 10 18 21 20
11 58 54 56 -1 9 0 0.26 0.0 0 9.0 14 20 M M 10 1 18 40
12 61 56 59 3 6 0 0.00 0.0 0 5.7 12 30 M M 10 18 13 40
13 63 54 59 3 6 0 0.00 0.0 0 5.4 13 60 M M 4 8 17 60
14 65 53 59 3 6 0 0.17 0.0 0 6.7 13 70 M M 6 18 20 80
15 64 53 59 3 6 0 0.10 0.0 0 9.9 16 50 M M 10 1 23 60
16 74 57 66 11 0 1 0.01 0.0 0 5.5 13 110 M M 9 18 60
17 77 64 71 16 0 6 0.01 0.0 0 4.1 13 20 M M 8 17 10
18 74 42 58 3 7 0 0.00 0.0 0 6.8 17 310 M M 4 23 320
19 72 35 54 -1 11 0 0.00 0.0 0 1.0 8 50 M M 0 11 60
20 75 41 58 4 7 0 1.00 0.0 0 7.7 22 170 M M 7 13 31 160
21 71 53 62 8 3 0 0.05 0.0 0 8.0 21 180 M M 10 27 180
22 61 40 51 -3 14 0 0.00 0.0 0 7.2 18 340 M M 4 26 10
23 52 35 44 -10 21 0 0.04 0.0 0 1.1 9 80 M M 1 11 80
24 63 41 52 -2 13 0 0.00 0.0 0 1.4 10 350 M M 7 12 17 340
25 68 37 53 0 12 0 0.00 0.0 0 2.1 9 60 M M 0 14 80
26 64 40 52 -1 13 0 0.18 0.0 0 5.9 20 330 M M 7 18 28 330
27 54 33 44 -9 21 0 0.00 0.0 0 6.9 17 10 M M 1 23 340
28 61 31 46 -7 19 0 0.00 0.0 M 2.9 15 300 M M 0 21 310
29 63 28 46 -6 19 0 0.00 0.0 M 1.9 10 200 M M 0 15 200
30 63 30 47 -5 18 0 0.00 0.0 M 6.4 16 160 M M 2 26 130
================================================================================
SM 2056 1294 283 15 1.90 0.0 145.8 M 116
================================================================================
AV 68.5 43.1 4.9 FASTST M M 4 MAX(MPH)
MISC ----> # 22 20 31 160
================================================================================
NOTES:
# LAST OF SEVERAL OCCURRENCES
COLUMN 17 PEAK WIND IN M.P.H.
PRELIMINARY LOCAL CLIMATOLOGICAL DATA (WS FORM: F-6) , PAGE 2
STATION: MERIDIAN
MONTH: NOVEMBER
YEAR: 2023
LATITUDE: 32 19 N
LONGITUDE: 88 45 W
[TEMPERATURE DATA] [PRECIPITATION DATA] SYMBOLS USED IN COLUMN 16
AVERAGE MONTHLY: 55.8 TOTAL FOR MONTH: 1.90 1 = FOG OR MIST
DPTR FM NORMAL: 0.0 DPTR FM NORMAL: -2.31 2 = FOG REDUCING VISIBILITY
HIGHEST: 84 ON 8 GRTST 24HR 1.05 ON 20-21 TO 1/4 MILE OR LESS
LOWEST: 26 ON 2 3 = THUNDER
SNOW, ICE PELLETS, HAIL 4 = ICE PELLETS
TOTAL MONTH: 0.0 INCH 5 = HAIL
GRTST 24HR 0.0 6 = FREEZING RAIN OR DRIZZLE
GRTST DEPTH: 0 7 = DUSTSTORM OR SANDSTORM:
VSBY 1/2 MILE OR LESS
8 = SMOKE OR HAZE
[NO. OF DAYS WITH] [WEATHER - DAYS WITH] 9 = BLOWING SNOW
X = TORNADO
MAX 32 OR BELOW: 0 0.01 INCH OR MORE: 10
MAX 90 OR ABOVE: 0 0.10 INCH OR MORE: 5
MIN 32 OR BELOW: 6 0.50 INCH OR MORE: 1
MIN 0 OR BELOW: 0 1.00 INCH OR MORE: 1
[HDD (BASE 65) ]
TOTAL THIS MO. 283 CLEAR (SCALE 0-3) 15
DPTR FM NORMAL -14 PTCLDY (SCALE 4-7) 8
TOTAL FM JUL 1 348 CLOUDY (SCALE 8-10) 7
DPTR FM NORMAL -33
[CDD (BASE 65) ]
TOTAL THIS MO. 15
DPTR FM NORMAL -6 [PRESSURE DATA]
TOTAL FM JAN 1 2674 HIGHEST SLP 30.47 ON 2
DPTR FM NORMAL 205 LOWEST SLP 29.74 ON 21
[REMARKS]
#FINAL-11-23#