000
CXUS54 KBRO 010950
CLMMFE
CLIMATE REPORT
NATIONAL WEATHER SERVICE BROWNSVILLE, TX
450 AM CDT TUE AUG 01 2023
...................................
...THE MCALLEN CLIMATE SUMMARY FOR THE MONTH OF JULY 2023...
CLIMATE NORMAL PERIOD 1991 TO 2020
CLIMATE RECORD PERIOD 1961 TO 2023
WEATHER OBSERVED NORMAL DEPART LAST YEAR`S
VALUE DATE(S) VALUE FROM VALUE DATE(S)
NORMAL
................................................................
TEMPERATURE (F)
HIGHEST 103 07/16 101 2 104 07/10
07/18
07/31
07/11
LOWEST 73 07/29 71 2 75 07/17
07/18
07/30
AVG. MAXIMUM 100.2 98.5 1.7
AVG. MINIMUM 78.6 78.8 -0.2
MEAN 89.4 88.6 0.8 89.5
DAYS MAX >= 90 30 29.8 0.2
DAYS MAX <= 32 0 0.0 0.0
DAYS MIN <= 32 0 0.0 0.0
DAYS MIN <= 0 0 0.0 0.0
PRECIPITATION (INCHES)
TOTALS 0.41R 2.03 -1.62 0.42
DAILY AVG. 0.01 0.07 -0.06 0.01
DAYS >= .01 3 4.7 -1.7 3
DAYS >= .10 1 2.7 -1.7 1
DAYS >= .50 0 1.2 -1.2 0
DAYS >= 1.00 0 0.6 -0.6 0
GREATEST
24 HR. TOTAL 0.34 07/06 TO 07/06
STORM TOTAL 0.34
(MM/DD(HH))
SNOWFALL (INCHES)
TOTALS 0.0 MM MM 0.0
SINCE 7/1 0.0 MM MM MM
DEGREE DAYS
HEATING TOTAL 0 0 0 0
SINCE 7/1 0 0 0 MM
COOLING TOTAL 762 733 29 765
SINCE 1/1 3004 2891 113 MM
................................................................
WIND (MPH)
AVERAGE WIND SPEED 13.2
HIGHEST WIND SPEED/DIRECTION 33/130 DATE 07/28
HIGHEST GUST SPEED/DIRECTION 44/130 DATE 07/28
SKY COVER
POSSIBLE SUNSHINE (PERCENT) MM
AVERAGE SKY COVER 0.19
NUMBER OF DAYS FAIR 29
NUMBER OF DAYS PC 1
NUMBER OF DAYS CLOUDY 1
AVERAGE RH (PERCENT) 66
WEATHER CONDITIONS. NUMBER OF DAYS WITH
THUNDERSTORM 3 MIXED PRECIP 0
HEAVY RAIN 1 RAIN 1
LIGHT RAIN 3 FREEZING RAIN 0
LT FREEZING RAIN 0 HAIL 0
HEAVY SNOW 0 SNOW 0
LIGHT SNOW 0 SLEET 0
FOG 9 FOG W/VIS <= 1/4 MILE 0
HAZE 9
- INDICATES NEGATIVE NUMBERS.
R INDICATES RECORD WAS SET OR TIED.
MM INDICATES DATA IS MISSING.
T INDICATES TRACE AMOUNT.
$$