000
CXUS53 KGRB 021231
CF6MFI
PRELIMINARY LOCAL CLIMATOLOGICAL DATA (WS FORM: F-6)
STATION: MARSHFIELD WI
MONTH: APRIL
YEAR: 2022
LATITUDE: 44 37 N
LONGITUDE: 90 11 W
TEMPERATURE IN F: :PCPN: SNOW: WIND :SUNSHINE: SKY :PK WND
================================================================================
1 2 3 4 5 6A 6B 7 8 9 10 11 12 13 14 15 16 17 18
12Z AVG MX 2MIN
DY MAX MIN AVG DEP HDD CDD WTR SNW DPTH SPD SPD DIR MIN PSBL S-S WX SPD DR
================================================================================
1 47 20 34 -4 31 0 0.00 0.0 T 5.9 14 330 M M 2 20 270
2 44 32 38 0 27 0 0.03 0.3 T 5.9 13 340 M M 10 1 19 260
3 46 30 38 0 27 0 0.12 0.0 0 7.5 15 130 M M 7 18 20 110
4 42 28 35 -4 30 0 0.19 1.9 1 6.3 17 120 M M 8 1 22 110
5 47 28 38 -1 27 0 0.02 0.0 T 13.2 24 120 M M 8 18 35 110
6 43 35 39 -1 26 0 0.07 0.0 0 13.7 26 210 M M 8 18 36 210
7 41 30 36 -4 29 0 0.16 T 0 12.2 21 330 M M 10 1 32 10
8 36 28 32 -8 33 0 0.10 0.2 T 12.8 29 350 M M 9 18 38 360
9 50 26 38 -3 27 0 0.00 0.0 0 7.2 17 340 M M 0 22 320
10 59 28 44 3 21 0 0.00 0.0 0 12.0 29 130 M M 2 40 130
11 58 38 48 6 17 0 0.00 0.0 0 12.1 26 280 M M 3 41 260
12 61 31 46 4 19 0 0.45 0.0 0 10.9 28 110 M M 5 13 39 100
13 52 32 42 -1 23 0 0.72 T 0 11.1 21 300 M M 10 1238 29 300
14 35 27 31 -12 34 0 T T T 19.5 33 230 M M 7 18 51 260
15 36 25 31 -12 34 0 T T 0 17.7 31 290 M M 8 44 280
16 38 24 31 -13 34 0 T 0.0 0 13.8 24 310 M M 8 36 310
17 45 21 33 -11 32 0 T T 0 8.5 14 150 M M 3 1 21 80
18 36 30 33 -12 32 0 0.09 1.0 1 11.7 22 320 M M 10 1 27 320
19 47 29 38 -7 27 0 0.00 0.0 0 8.5 22 320 M M 4 30 340
20 48 38 43 -3 22 0 0.35 0.0 0 11.5 26 160 M M 10 1 41 140
21 57 39 48 2 17 0 0.00 0.0 0 12.2 25 280 M M 5 1 35 300
22 45 36 41 -5 24 0 0.13 0.0 0 15.4 23 120 M M 6 1 34 120
23 73 45 59 12 6 0 0.20 0.0 0 11.5 22 190 M M 9 18 32 210
24 61 41 51 4 14 0 0.00 0.0 0 19.6 33 210 M M 5 46 250
25 41 32 37 -11 28 0 T T 0 12.9 21 320 M M 10 18 28 300
26 37 27 32 -16 33 0 0.00 0.0 0 12.9 21 320 M M 8 28 330
27 46 22 34 -14 31 0 0.00 0.0 0 8.2 17 120 M M 1 22 110
28 49 28 39 -10 26 0 0.00 0.0 0 13.8 25 120 M M 6 32 110
29 66 39 53 4 12 0 T 0.0 0 14.5 24 130 M M 7 33 120
30 50 43 47 -3 18 0 0.49 0.0 0 16.6 28 110 M M 10 13 38 110
================================================================================
SM 1436 932 761 0 3.12 3.4 359.6 M 199
================================================================================
AV 47.9 31.1 12.0 FASTST M M 7 MAX(MPH)
MISC ----> # 33 230 51 260
================================================================================
NOTES:
# LAST OF SEVERAL OCCURRENCES
COLUMN 17 PEAK WIND IN M.P.H.
PRELIMINARY LOCAL CLIMATOLOGICAL DATA (WS FORM: F-6) , PAGE 2
STATION: MARSHFIELD WI
MONTH: APRIL
YEAR: 2022
LATITUDE: 44 37 N
LONGITUDE: 90 11 W
[TEMPERATURE DATA] [PRECIPITATION DATA] SYMBOLS USED IN COLUMN 16
AVERAGE MONTHLY: 39.5 TOTAL FOR MONTH: 3.12 1 = FOG OR MIST
DPTR FM NORMAL: -4.1 DPTR FM NORMAL: 0.88 2 = FOG REDUCING VISIBILITY
HIGHEST: 73 ON 23 GRTST 24HR 0.72 ON 13-13 TO 1/4 MILE OR LESS
LOWEST: 20 ON 1 3 = THUNDER
SNOW, ICE PELLETS, HAIL 4 = ICE PELLETS
TOTAL MONTH: 3.4 INCHES 5 = HAIL
GRTST 24HR 1.9 ON 4- 4 6 = FREEZING RAIN OR DRIZZLE
GRTST DEPTH: 1 ON 18, 4 7 = DUSTSTORM OR SANDSTORM:
VSBY 1/2 MILE OR LESS
8 = SMOKE OR HAZE
[NO. OF DAYS WITH] [WEATHER - DAYS WITH] 9 = BLOWING SNOW
X = TORNADO
MAX 32 OR BELOW: 0 0.01 INCH OR MORE: 14
MAX 90 OR ABOVE: 0 0.10 INCH OR MORE: 10
MIN 32 OR BELOW: 21 0.50 INCH OR MORE: 1
MIN 0 OR BELOW: 0 1.00 INCH OR MORE: 0
[HDD (BASE 65) ]
TOTAL THIS MO. 761 CLEAR (SCALE 0-3) 6
DPTR FM NORMAL 120 PTCLDY (SCALE 4-7) 13
TOTAL FM JUL 1 7731 CLOUDY (SCALE 8-10) 11
DPTR FM NORMAL -17
[CDD (BASE 65) ]
TOTAL THIS MO. 0
DPTR FM NORMAL 0 [PRESSURE DATA]
TOTAL FM JAN 1 0 HIGHEST SLP 30.42 ON 27
DPTR FM NORMAL 0 LOWEST SLP 29.26 ON 6
[REMARKS]
#FINAL-04-22#