000
CXUS53 KGRB 040701
CF6MFI
PRELIMINARY LOCAL CLIMATOLOGICAL DATA (WS FORM: F-6)
STATION: MARSHFIELD WI
MONTH: DECEMBER
YEAR: 2020
LATITUDE: 44 37 N
LONGITUDE: 90 11 W
TEMPERATURE IN F: :PCPN: SNOW: WIND :SUNSHINE: SKY :PK WND
================================================================================
1 2 3 4 5 6A 6B 7 8 9 10 11 12 13 14 15 16 17 18
12Z AVG MX 2MIN
DY MAX MIN AVG DEP HDD CDD WTR SNW DPTH SPD SPD DIR MIN PSBL S-S WX SPD DR
================================================================================
1 36 12 24 0 41 0 0.00 0.0 0 6.5 10 320 M M 0 12 310
2 44 17 31 7 34 0 0.00 0.0 0 9.2 21 330 M M 0 26 340
3 41 27 34 11 31 0 0.00 0.0 0 10.6 18 300 M M 6 26 310
4 41 24 33 10 32 0 0.00 0.0 0 7.4 13 10 M M 0 18 340
5 32 17 25 3 40 0 0.00 0.0 0 3.5 8 80 M M 4 1 11 120
6 34 16 25 3 40 0 0.00 0.0 0 4.6 15 330 M M 6 18 19 330
7 31 29 30 8 35 0 0.00 0.0 0 4.3 10 30 M M 10 15 60
8 33 27 30 9 35 0 0.00 0.0 0 8.7 18 250 M M 8 18 24 260
9 48 26 37 16 28 0 0.00 0.0 0 6.6 13 310 M M 1 18 17 310
10 52 24 38 18 27 0 0.00 0.0 0 6.5 15 20 M M 0 1 23 10
11 37 27 32 12 33 0 0.00 0.0 0 10.7 17 50 M M 2 25 30
12 31 23 27 7 38 0 0.00 0.0 0 12.0 20 30 M M 5 32 30
13 25 20 23 4 42 0 T T 0 8.3 16 280 M M 10 1 25 280
14 23 8 16 -3 49 0 T 0.1 T 11.9 23 300 M M 4 30 310
15 20 7 14 -5 51 0 0.00 0.0 0 5.3 10 120 M M 6 14 130
16 31 17 24 6 41 0 0.00 0.0 0 4.6 10 140 M M 8 13 90
17 32 18 25 7 40 0 0.00 0.0 0 3.0 9 120 M M 6 12 130
18 33 14 24 6 41 0 T T T 9.0 20 170 M M 7 18 27 170
19 36 29 33 15 32 0 0.06 0.5 T 3.9 9 240 M M 10 18 13 350
20 31 18 25 8 40 0 0.00 0.0 0 8.0 16 230 M M 7 18 21 250
21 36 27 32 15 33 0 T T 0 12.2 25 330 M M 10 1 36 330
22 33 26 30 13 35 0 0.00 0.0 0 10.6 22 160 M M 8 31 150
23 48 19 34 18 31 0 T T T 15.3 33 220 M M 8 168 47 210
24 19 1 10 -6 55 0 0.04 0.5 T 17.9 29 320 M M 7 8 38 320
25 14 1 8 -8 57 0 T T T 10.7 17 310 M M 5 18 24 320
26 24 9 17 1 48 0 0.00 0.0 T 6.0 14 320 M M 6 18 310
27 26 17 22 6 43 0 0.12 1.8 2 8.4 17 340 M M 7 1 23 330
28 22 6 14 -2 51 0 T T 2 9.4 18 330 M M 7 25 290
29 24 -2 11 -5 54 0 0.09 1.8 4 6.8 20 120 M M 4 18 31 120
30 25 21 23 8 42 0 T T 4 13.5 23 280 M M 10 168 31 270
31 22 6 14 -1 51 0 0.00 0.0 4 5.4 15 290 M M 6 18 21 290
================================================================================
SM 984 531 1250 0 0.31 4.7 260.8 M 178
================================================================================
AV 31.7 17.1 8.4 FASTST M M 6 MAX(MPH)
MISC ----> 33 220 47 210
================================================================================
NOTES:
# LAST OF SEVERAL OCCURRENCES
COLUMN 17 PEAK WIND IN M.P.H.
PRELIMINARY LOCAL CLIMATOLOGICAL DATA (WS FORM: F-6) , PAGE 2
STATION: MARSHFIELD WI
MONTH: DECEMBER
YEAR: 2020
LATITUDE: 44 37 N
LONGITUDE: 90 11 W
[TEMPERATURE DATA] [PRECIPITATION DATA] SYMBOLS USED IN COLUMN 16
AVERAGE MONTHLY: 24.4 TOTAL FOR MONTH: 0.31 1 = FOG OR MIST
DPTR FM NORMAL: 5.6 DPTR FM NORMAL: -0.27 2 = FOG REDUCING VISIBILITY
HIGHEST: 52 ON 10 GRTST 24HR 0.12 ON 27-27 TO 1/4 MILE OR LESS
LOWEST: -2 ON 29 3 = THUNDER
SNOW, ICE PELLETS, HAIL 4 = ICE PELLETS
TOTAL MONTH: 4.7 INCHES 5 = HAIL
GRTST 24HR 1.8 ON 27-27 6 = FREEZING RAIN OR DRIZZLE
GRTST DEPTH: 4 ON 31,30 7 = DUSTSTORM OR SANDSTORM:
VSBY 1/2 MILE OR LESS
8 = SMOKE OR HAZE
[NO. OF DAYS WITH] [WEATHER - DAYS WITH] 9 = BLOWING SNOW
X = TORNADO
MAX 32 OR BELOW: 17 0.01 INCH OR MORE: 4
MAX 90 OR ABOVE: 0 0.10 INCH OR MORE: 1
MIN 32 OR BELOW: 31 0.50 INCH OR MORE: 0
MIN 0 OR BELOW: 1 1.00 INCH OR MORE: 0
[HDD (BASE 65) ]
TOTAL THIS MO. 1250 CLEAR (SCALE 0-3) 6
DPTR FM NORMAL -182 PTCLDY (SCALE 4-7) 19
TOTAL FM JUL 1 3060 CLOUDY (SCALE 8-10) 6
DPTR FM NORMAL -207
[CDD (BASE 65) ]
TOTAL THIS MO. 0
DPTR FM NORMAL 0 [PRESSURE DATA]
TOTAL FM JAN 1 495 HIGHEST SLP 30.53 ON 29
DPTR FM NORMAL 124 LOWEST SLP 29.15 ON 23
[REMARKS]
#FINAL-12-20#