000
CXUS53 KGRB 041306
CF6MFI
PRELIMINARY LOCAL CLIMATOLOGICAL DATA (WS FORM: F-6)
STATION: MARSHFIELD WI
MONTH: AUGUST
YEAR: 2023
LATITUDE: 44 37 N
LONGITUDE: 90 11 W
TEMPERATURE IN F: :PCPN: SNOW: WIND :SUNSHINE: SKY :PK WND
================================================================================
1 2 3 4 5 6A 6B 7 8 9 10 11 12 13 14 15 16 17 18
12Z AVG MX 2MIN
DY MAX MIN AVG DEP HDD CDD WTR SNW DPTH SPD SPD DIR MIN PSBL S-S WX SPD DR
================================================================================
1 81 54 68 -1 0 3 0.00 0.0 0 2.4 9 230 M M 0 13 230
2 86 62 74 5 0 9 0.00 0.0 0 4.4 13 240 M M 2 1 18 230
3 90 66 78 9 0 13 0.15 0.0 0 6.8 36 330 M M 1 13 52 340
4 84 63 74 5 0 9 0.00 0.0 0 6.2 12 120 M M 2 8 16 110
5 82 62 72 3 0 7 0.00 0.0 0 7.9 15 90 M M 2 1 21 70
6 80 59 70 1 0 5 0.00 0.0 0 5.6 10 90 M M 3 18 16 90
7 81 57 69 1 0 4 0.00 0.0 0 5.4 13 320 M M 1 1 18 290
8 82 56 69 1 0 4 0.00 0.0 0 7.1 15 310 M M 1 20 310
9 82 56 69 1 0 4 0.06 0.0 0 6.0 18 10 M M 3 128 25 360
10 77 56 67 -1 0 2 T 0.0 0 6.2 15 310 M M 1 12 21 320
11 82 60 71 3 0 6 0.39 0.0 0 7.4 39 320 M M 5 13 50 320
12 79 59 69 1 0 4 0.00 0.0 0 8.1 15 320 M M 6 1 20 330
13 64 57 61 -7 4 0 T 0.0 0 7.3 14 80 M M 8 18 110
14 62 55 59 -9 6 0 0.57 0.0 0 9.5 17 70 M M 9 1 25 80
15 77 51 64 -4 1 0 0.00 0.0 0 6.7 15 320 M M 0 21 320
16 81 57 69 1 0 4 0.47 0.0 0 13.0 26 210 M M 1 13 37 200
17 70 50 60 -7 5 0 0.04 0.0 0 11.6 28 340 M M 4 13 40 360
18 76 49 63 -4 2 0 0.00 0.0 0 6.1 14 190 M M 0 18 19 210
19 87 58 73 6 0 8 0.00 0.0 0 8.4 18 180 M M 2 26 180
20 85 65 75 8 0 10 T 0.0 0 7.5 14 10 M M 0 19 20
21 71 60 66 -1 0 1 T 0.0 0 7.2 14 110 M M 8 20 90
22 86 62 74 7 0 9 0.00 0.0 0 8.4 17 190 M M 4 25 190
23 95 68 82 16 0 17 0.00 0.0 0 7.4 16 260 M M 1 12 22 260
24 87 66 77 11 0 12 0.00 0.0 0 7.7 16 340 M M 8 128 20 330
25 85 65 75 9 0 10 0.00 0.0 0 5.8 13 330 M M 6 1 17 320
26 73 57 65 -1 0 0 0.00 0.0 0 9.5 20 30 M M 7 28 70
27 74 48 61 -5 4 0 0.00 0.0 0 2.8 8 80 M M 1 12 13 90
28 79 53 66 1 0 1 0.03 0.0 0 4.6 13 240 M M 3 1 18 300
29 77 55 66 1 0 1 0.00 0.0 0 9.3 21 340 M M 2 1 27 340
30 74 44 59 -6 6 0 0.00 0.0 0 3.9 12 40 M M 0 15 30
31 78 46 62 -3 3 0 0.00 0.0 0 6.3 15 180 M M 0 8 20 170
================================================================================
SM 2467 1776 31 143 1.71 0.0 216.5 M 91
================================================================================
AV 79.6 57.3 7.0 FASTST M M 3 MAX(MPH)
MISC ----> 39 320 52 340
================================================================================
NOTES:
# LAST OF SEVERAL OCCURRENCES
COLUMN 17 PEAK WIND IN M.P.H.
PRELIMINARY LOCAL CLIMATOLOGICAL DATA (WS FORM: F-6) , PAGE 2
STATION: MARSHFIELD WI
MONTH: AUGUST
YEAR: 2023
LATITUDE: 44 37 N
LONGITUDE: 90 11 W
[TEMPERATURE DATA] [PRECIPITATION DATA] SYMBOLS USED IN COLUMN 16
AVERAGE MONTHLY: 68.4 TOTAL FOR MONTH: 1.71 1 = FOG OR MIST
DPTR FM NORMAL: 1.1 DPTR FM NORMAL: -1.49 2 = FOG REDUCING VISIBILITY
HIGHEST: 95 ON 23 GRTST 24HR 0.57 ON 14-14 TO 1/4 MILE OR LESS
LOWEST: 44 ON 30 3 = THUNDER
SNOW, ICE PELLETS, HAIL 4 = ICE PELLETS
TOTAL MONTH: 0.0 INCH 5 = HAIL
GRTST 24HR 0.0 6 = FREEZING RAIN OR DRIZZLE
GRTST DEPTH: 0 7 = DUSTSTORM OR SANDSTORM:
VSBY 1/2 MILE OR LESS
8 = SMOKE OR HAZE
[NO. OF DAYS WITH] [WEATHER - DAYS WITH] 9 = BLOWING SNOW
X = TORNADO
MAX 32 OR BELOW: 0 0.01 INCH OR MORE: 7
MAX 90 OR ABOVE: 2 0.10 INCH OR MORE: 4
MIN 32 OR BELOW: 0 0.50 INCH OR MORE: 1
MIN 0 OR BELOW: 0 1.00 INCH OR MORE: 0
[HDD (BASE 65) ]
TOTAL THIS MO. 31 CLEAR (SCALE 0-3) 20
DPTR FM NORMAL -7 PTCLDY (SCALE 4-7) 9
TOTAL FM JUL 1 48 CLOUDY (SCALE 8-10) 2
DPTR FM NORMAL -16
[CDD (BASE 65) ]
TOTAL THIS MO. 143
DPTR FM NORMAL 35 [PRESSURE DATA]
TOTAL FM JAN 1 434 HIGHEST SLP 30.31 ON 21
DPTR FM NORMAL 81 LOWEST SLP 29.52 ON 16
[REMARKS]
#FINAL-08-23#