000
CXUS56 KMFR 011710
CF6MFR
PRELIMINARY LOCAL CLIMATOLOGICAL DATA (WS FORM: F-6)
STATION: MEDFORD OR
MONTH: DECEMBER
YEAR: 2020
LATITUDE: 42 22 N
LONGITUDE: 122 52 W
TEMPERATURE IN F: :PCPN: SNOW: WIND :SUNSHINE: SKY :PK WND
================================================================================
1 2 3 4 5 6A 6B 7 8 9 10 11 12 13 14 15 16 17 18
12Z AVG MX 2MIN
DY MAX MIN AVG DEP HDD CDD WTR SNW DPTH SPD SPD DIR MIN PSBL S-S WX SPD DR
================================================================================
1 47 31 39 -2 26 0 0.00 0.0 0 2.4 9 20 M M 6 1 10 20
2 58 26 42 1 23 0 0.00 0.0 0 0.7 7 150 M M 0 1 10 10
3 57 33 45 5 20 0 0.00 0.0 0 1.4 6 30 M M 1 1 8 360
4 53 28 41 1 24 0 0.00 0.0 0 1.1 7 120 M M 0 18 9 130
5 50 27 39 -1 26 0 0.09 0.0 0 2.6 9 360 M M 4 128 12 150
6 51 34 43 3 22 0 T 0.0 0 2.0 9 320 M M 6 12 11 320
7 50 32 41 1 24 0 T 0.0 0 2.8 8 360 M M 6 12 12 10
8 53 30 42 2 23 0 0.00 0.0 0 0.8 8 140 M M 4 128 9 300
9 52 37 45 5 20 0 0.01 0.0 0 1.6 8 160 M M 7 18 9 190
10 44 34 39 -1 26 0 0.03 0.0 0 1.8 13 330 M M 8 1 15 320
11 40 33 37 -2 28 0 0.13 0.0 0 1.1 7 10 M M 10 128 8 10
12 51 36 44 5 21 0 T 0.0 0 4.4 23 140 M M 7 18 28 130
13 48 40 44 5 21 0 0.39 0.0 0 4.4 13 30 M M 10 1 14 30
14 48 38 43 4 22 0 T 0.0 0 1.5 6 130 M M 7 128 7 320
15 47 39 43 4 22 0 0.03 0.0 0 1.4 7 340 M M 10 18 8 330
16 45 40 43 4 22 0 0.98 0.0 0 3.6 15 310 M M 10 128 16 310
17 48 40 44 5 21 0 0.10 0.0 0 3.5 13 280 M M 9 12 15 270
18 46 32 39 0 26 0 0.00 0.0 0 1.5 9 160 M M 5 128 10 140
19 50 38 44 5 21 0 T 0.0 0 2.4 8 180 M M 7 12 9 360
20 56 42 49 10 16 0 0.00 0.0 0 0.9 6 160 M M 9 18 6 160
21 49 42 46 7 19 0 0.11 0.0 0 2.3 18 280 M M 9 128 24 290
22 48 29 39 0 26 0 T 0.0 0 2.5 9 30 M M 3 11 250
23 53 26 40 1 25 0 0.00 0.0 0 2.5 9 330 M M 3 12 11 330
24 38 24 31 -8 34 0 0.00 0.0 0 0.4 6 270 M M 0 7 330
25 57 31 44 5 21 0 0.43 0.0 0 12.1 35 150 M M 6 1 43 150
26 51 32 42 3 23 0 0.38 0.0 0 2.6 12 130 M M 5 1 13 40
27 40 31 36 -3 29 0 0.00 0.0 0 1.7 7 10 M M 7 128 8 360
28 51 28 40 1 25 0 0.00 0.0 0 0.8 7 160 M M 5 128 8 170
29 42 23 33 -6 32 0 0.00 0.0 0 0.3 7 160 M M 1 18 7 150
30 50 32 41 2 24 0 0.42 0.0 0 3.2 13 60 M M 8 1 16 220
31 50 40 45 6 20 0 0.02 0.0 0 1.2 8 80 M M 8 18 9 80
================================================================================
SM 1523 1028 732 0 3.12 0.0 71.5 M 181
================================================================================
AV 49.1 33.2 2.3 FASTST M M 6 MAX(MPH)
MISC ----> 35 150 43 150
================================================================================
NOTES:
# LAST OF SEVERAL OCCURRENCES
COLUMN 17 PEAK WIND IN M.P.H.
PRELIMINARY LOCAL CLIMATOLOGICAL DATA (WS FORM: F-6) , PAGE 2
STATION: MEDFORD OR
MONTH: DECEMBER
YEAR: 2020
LATITUDE: 42 22 N
LONGITUDE: 122 52 W
[TEMPERATURE DATA] [PRECIPITATION DATA] SYMBOLS USED IN COLUMN 16
AVERAGE MONTHLY: 41.1 TOTAL FOR MONTH: 3.12 1 = FOG OR MIST
DPTR FM NORMAL: 1.8 DPTR FM NORMAL: -0.37 2 = FOG REDUCING VISIBILITY
HIGHEST: 58 ON 2 GRTST 24HR 1.08 ON 16-17 TO 1/4 MILE OR LESS
LOWEST: 23 ON 29 3 = THUNDER
SNOW, ICE PELLETS, HAIL 4 = ICE PELLETS
TOTAL MONTH: 0.0 INCH 5 = HAIL
GRTST 24HR 0.0 6 = FREEZING RAIN OR DRIZZLE
GRTST DEPTH: 0 7 = DUSTSTORM OR SANDSTORM:
VSBY 1/2 MILE OR LESS
8 = SMOKE OR HAZE
[NO. OF DAYS WITH] [WEATHER - DAYS WITH] 9 = BLOWING SNOW
X = TORNADO
MAX 32 OR BELOW: 0 0.01 INCH OR MORE: 13
MAX 90 OR ABOVE: 0 0.10 INCH OR MORE: 8
MIN 32 OR BELOW: 16 0.50 INCH OR MORE: 1
MIN 0 OR BELOW: 0 1.00 INCH OR MORE: 0
[HDD (BASE 65) ]
TOTAL THIS MO. 732 CLEAR (SCALE 0-3) 5
DPTR FM NORMAL -65 PTCLDY (SCALE 4-7) 19
TOTAL FM JUL 1 1453 CLOUDY (SCALE 8-10) 7
DPTR FM NORMAL -310
[CDD (BASE 65) ]
TOTAL THIS MO. 0
DPTR FM NORMAL 0 [PRESSURE DATA]
TOTAL FM JAN 1 1155 HIGHEST SLP 30.55 ON 6
DPTR FM NORMAL 326 LOWEST SLP 29.74 ON 25
[REMARKS]
#FINAL-12-20#