024
CXUS56 KMFR 011204
CF6MFR
PRELIMINARY LOCAL CLIMATOLOGICAL DATA (WS FORM: F-6)
STATION: MEDFORD OR
MONTH: AUGUST
YEAR: 2020
LATITUDE: 42 22 N
LONGITUDE: 122 52 W
TEMPERATURE IN F: :PCPN: SNOW: WIND :SUNSHINE: SKY :PK WND
================================================================================
1 2 3 4 5 6A 6B 7 8 9 10 11 12 13 14 15 16 17 18
12Z AVG MX 2MIN
DY MAX MIN AVG DEP HDD CDD WTR SNW DPTH SPD SPD DIR MIN PSBL S-S WX SPD DR
================================================================================
1 94 64 79 3 0 14 0.00 0.0 0 5.7 17 360 M M 0 22 350
2 94 61 78 2 0 13 0.00 0.0 0 6.0 18 360 M M 0 24 360
3 94 60 77 1 0 12 0.00 0.0 0 5.5 18 350 M M 0 23 340
4 94 62 78 2 0 13 0.00 0.0 0 5.7 20 360 M M 0 24 280
5 90 64 77 1 0 12 0.00 0.0 0 6.7 17 340 M M 0 27 350
6 76 58 67 -8 0 2 0.00 0.0 0 6.8 17 360 M M 0 22 10
7 89 51 70 -5 0 5 0.00 0.0 0 4.4 17 340 M M 0 25 320
8 91 55 73 -2 0 8 0.00 0.0 0 4.3 15 340 M M 0 19 360
9 95 58 77 2 0 12 0.00 0.0 0 3.6 15 10 M M 0 20 350
10 99 59 79 4 0 14 0.00 0.0 0 3.6 17 350 M M 0 23 290
11 95 62 79 4 0 14 0.00 0.0 0 4.9 21 360 M M 0 24 10
12 90 56 73 -2 0 8 0.00 0.0 0 5.4 18 10 M M 0 8 22 300
13 93 56 75 1 0 10 0.00 0.0 0 3.5 17 10 M M 0 20 10
14 101 57 79 5 0 14 0.00 0.0 0 3.4 12 270 M M 0 15 270
15 108 62 85 11 0 20 T 0.0 0 3.6 18 330 M M 0 23 350
16 101 69 85 11 0 20 T 0.0 0 4.0 17 290 M M 1 3 21 290
17 96 68 82 8 0 17 0.00 0.0 0 2.4 17 130 M M 0 21 140
18 101 70 86 12 0 21 0.00 0.0 0 4.4 16 310 M M 0 21 320
19 95 63 79 6 0 14 0.00 0.0 0 5.3 16 290 M M 0 21 300
20 92 60 76 3 0 11 0.00 0.0 0 6.3 20 320 M M 0 24 290
21 90 61 76 3 0 11 0.00 0.0 0 7.7 22 300 M M 1 28 290
22 92 65 79 6 0 14 0.00 0.0 0 5.3 13 300 M M 3 16 290
23 94 60 77 4 0 12 0.00 0.0 0 2.9 9 40 M M 0 8 12 300
24 91 60 76 4 0 11 0.00 0.0 0 1.9 8 180 M M 0 8 10 190
25 93 65 79 7 0 14 0.00 0.0 0 4.7 17 360 M M 2 8 20 360
26 90 58 74 2 0 9 0.00 0.0 0 2.8 16 350 M M 0 8 21 360
27 91 57 74 2 0 9 0.00 0.0 0 3.7 15 330 M M 0 8 18 350
28 96 57 77 5 0 12 0.00 0.0 0 2.9 13 10 M M 0 8 15 10
29 94 59 77 6 0 12 0.00 0.0 0 4.7 18 360 M M 0 23 350
30 89 54 72 1 0 7 0.00 0.0 0 3.1 16 320 M M 0 20 320
31 88 53 71 0 0 6 0.00 0.0 0 3.5 15 20 M M 0 21 10
================================================================================
SM 2896 1864 0 371 T 0.0 138.7 M 12
================================================================================
AV 93.4 60.1 4.5 FASTST M M 0 MAX(MPH)
MISC ----> # 22 300 # 28 290
================================================================================
NOTES:
# LAST OF SEVERAL OCCURRENCES
COLUMN 17 PEAK WIND IN M.P.H.
PRELIMINARY LOCAL CLIMATOLOGICAL DATA (WS FORM: F-6) , PAGE 2
STATION: MEDFORD OR
MONTH: AUGUST
YEAR: 2020
LATITUDE: 42 22 N
LONGITUDE: 122 52 W
[TEMPERATURE DATA] [PRECIPITATION DATA] SYMBOLS USED IN COLUMN 16
AVERAGE MONTHLY: 76.8 TOTAL FOR MONTH: T 1 = FOG OR MIST
DPTR FM NORMAL: 3.1 DPTR FM NORMAL: -0.40 2 = FOG REDUCING VISIBILITY
HIGHEST: 108 ON 15 GRTST 24HR T ON 16-16 TO 1/4 MILE OR LESS
LOWEST: 51 ON 7 3 = THUNDER
SNOW, ICE PELLETS, HAIL 4 = ICE PELLETS
TOTAL MONTH: 0.0 INCH 5 = HAIL
GRTST 24HR 0.0 6 = FREEZING RAIN OR DRIZZLE
GRTST DEPTH: 0 7 = DUSTSTORM OR SANDSTORM:
VSBY 1/2 MILE OR LESS
8 = SMOKE OR HAZE
[NO. OF DAYS WITH] [WEATHER - DAYS WITH] 9 = BLOWING SNOW
X = TORNADO
MAX 32 OR BELOW: 0 0.01 INCH OR MORE: 0
MAX 90 OR ABOVE: 27 0.10 INCH OR MORE: 0
MIN 32 OR BELOW: 0 0.50 INCH OR MORE: 0
MIN 0 OR BELOW: 0 1.00 INCH OR MORE: 0
[HDD (BASE 65) ]
TOTAL THIS MO. 0 CLEAR (SCALE 0-3) 29
DPTR FM NORMAL -4 PTCLDY (SCALE 4-7) 1
TOTAL FM JUL 1 0 CLOUDY (SCALE 8-10) 0
DPTR FM NORMAL -10
[CDD (BASE 65) ]
TOTAL THIS MO. 371
DPTR FM NORMAL 96 [PRESSURE DATA]
TOTAL FM JAN 1 935 HIGHEST SLP 30.13 ON 3
DPTR FM NORMAL 228 LOWEST SLP 29.73 ON 26
[REMARKS]
#FINAL-08-20#