000
CXUS56 KMFR 011000
CF6MFR
PRELIMINARY LOCAL CLIMATOLOGICAL DATA (WS FORM: F-6)
STATION: MEDFORD OR
MONTH: FEBRUARY
YEAR: 2020
LATITUDE: 42 22 N
LONGITUDE: 122 52 W
TEMPERATURE IN F: :PCPN: SNOW: WIND :SUNSHINE: SKY :PK WND
================================================================================
1 2 3 4 5 6A 6B 7 8 9 10 11 12 13 14 15 16 17 18
12Z AVG MX 2MIN
DY MAX MIN AVG DEP HDD CDD WTR SNW DPTH SPD SPD DIR MIN PSBL S-S WX SPD DR
================================================================================
1 52 44 48 6 17 0 0.04 0.0 0 2.7 12 320 M M 9 1 14 320
2 46 34 40 -2 25 0 0.03 0.0 0 4.9 12 320 M M 8 1 13 320
3 44 27 36 -6 29 0 T 0.0 0 3.9 15 320 M M 4 17 330
4 41 23 32 -11 33 0 0.00 0.0 0 1.2 6 250 M M 3 1 8 350
5 43 37 40 -3 25 0 0.05 0.0 0 1.8 8 360 M M 10 18 11 20
6 50 40 45 2 20 0 0.02 0.0 0 2.3 9 160 M M 10 1 10 150
7 52 37 45 2 20 0 0.00 0.0 0 3.1 10 160 M M 7 12 160
8 48 31 40 -3 25 0 0.05 0.0 0 4.7 17 320 M M 7 1 23 320
9 50 26 38 -5 27 0 0.00 0.0 0 2.3 8 170 M M 3 12 10 200
10 53 26 40 -4 25 0 0.00 0.0 0 0.8 7 180 M M 1 12 9 190
11 59 26 43 -1 22 0 0.00 0.0 0 1.7 8 310 M M 1 12 10 310
12 58 28 43 -1 22 0 0.00 0.0 0 1.2 9 190 M M 0 10 190
13 56 26 41 -3 24 0 0.00 0.0 0 3.0 12 290 M M 4 1 14 290
14 52 37 45 1 20 0 0.00 0.0 0 3.4 8 30 M M 6 13 360
15 47 34 41 -3 24 0 0.14 0.0 0 1.1 7 180 M M 8 1 9 160
16 53 35 44 0 21 0 0.18 0.0 0 2.3 8 360 M M 7 1 9 360
17 52 32 42 -3 23 0 0.00 0.0 0 2.6 9 150 M M 4 1 12 30
18 58 25 42 -3 23 0 0.00 0.0 0 1.4 8 170 M M 0 1 10 160
19 63 24 44 -1 21 0 0.00 0.0 0 3.1 10 350 M M 0 13 310
20 61 32 47 2 18 0 0.00 0.0 0 2.0 9 180 M M 0 11 180
21 63 28 46 1 19 0 0.00 0.0 0 1.3 9 180 M M 0 11 180
22 64 28 46 1 19 0 0.00 0.0 0 1.6 8 200 M M 0 1 10 200
23 59 34 47 1 18 0 T 0.0 0 5.7 20 320 M M 7 24 300
24 57 30 44 -2 21 0 0.00 0.0 0 2.9 8 190 M M 3 10 180
25 62 27 45 -1 20 0 0.00 0.0 0 1.2 9 180 M M 0 12 180
26 66 30 48 2 17 0 0.00 0.0 0 1.2 9 180 M M 0 11 180
27 67 31 49 3 16 0 0.00 0.0 0 1.2 9 170 M M 0 12 170
28 67 31 49 3 16 0 T 0.0 0 2.4 20 270 M M 1 27 270
29 51 35 43 -3 22 0 T 0.0 0 4.1 18 10 M M 7 22 10
================================================================================
SM 1594 898 632 0 0.51 0.0 71.1 M 110
================================================================================
AV 55.0 31.0 2.5 FASTST M M 4 MAX(MPH)
MISC ----> # 20 320 # 27 270
================================================================================
NOTES:
# LAST OF SEVERAL OCCURRENCES
COLUMN 17 PEAK WIND IN M.P.H.
PRELIMINARY LOCAL CLIMATOLOGICAL DATA (WS FORM: F-6) , PAGE 2
STATION: MEDFORD OR
MONTH: FEBRUARY
YEAR: 2020
LATITUDE: 42 22 N
LONGITUDE: 122 52 W
[TEMPERATURE DATA] [PRECIPITATION DATA] SYMBOLS USED IN COLUMN 16
AVERAGE MONTHLY: 43.0 TOTAL FOR MONTH: 0.51 1 = FOG OR MIST
DPTR FM NORMAL: -1.2 DPTR FM NORMAL: -1.50 2 = FOG REDUCING VISIBILITY
HIGHEST: 67 ON 28,27 GRTST 24HR 0.18 ON 16-16 TO 1/4 MILE OR LESS
LOWEST: 23 ON 4 3 = THUNDER
SNOW, ICE PELLETS, HAIL 4 = ICE PELLETS
TOTAL MONTH: 0.0 INCH 5 = HAIL
GRTST 24HR 0.0 6 = FREEZING RAIN OR DRIZZLE
GRTST DEPTH: 0 7 = DUSTSTORM OR SANDSTORM:
VSBY 1/2 MILE OR LESS
8 = SMOKE OR HAZE
[NO. OF DAYS WITH] [WEATHER - DAYS WITH] 9 = BLOWING SNOW
X = TORNADO
MAX 32 OR BELOW: 0 0.01 INCH OR MORE: 7
MAX 90 OR ABOVE: 0 0.10 INCH OR MORE: 2
MIN 32 OR BELOW: 19 0.50 INCH OR MORE: 0
MIN 0 OR BELOW: 0 1.00 INCH OR MORE: 0
[HDD (BASE 65) ]
TOTAL THIS MO. 632 CLEAR (SCALE 0-3) 15
DPTR FM NORMAL 50 PTCLDY (SCALE 4-7) 10
TOTAL FM JUL 1 3097 CLOUDY (SCALE 8-10) 4
DPTR FM NORMAL -36
[CDD (BASE 65) ]
TOTAL THIS MO. 0
DPTR FM NORMAL 0 [PRESSURE DATA]
TOTAL FM JAN 1 0 HIGHEST SLP M ON M
DPTR FM NORMAL 0 LOWEST SLP 30.00 ON 13
[REMARKS]
#FINAL-02-20#