000
CXUS54 KBMX 011010
CF6MGM
PRELIMINARY LOCAL CLIMATOLOGICAL DATA (WS FORM: F-6)
STATION: MONTGOMERY
MONTH: SEPTEMBER
YEAR: 2022
LATITUDE: 32 17 N
LONGITUDE: 86 24 W
TEMPERATURE IN F: :PCPN: SNOW: WIND :SUNSHINE: SKY :PK WND
================================================================================
1 2 3 4 5 6A 6B 7 8 9 10 11 12 13 14 15 16 17 18
12Z AVG MX 2MIN
DY MAX MIN AVG DEP HDD CDD WTR SNW DPTH SPD SPD DIR MIN PSBL S-S WX SPD DR
================================================================================
1 93 68 81 0 0 16 0.00 0.0 0 3.9 17 130 M M 2 23 130
2 90 73 82 1 0 17 T 0.0 0 5.9 14 110 M M 4 1 17 110
3 90 75 83 2 0 18 T 0.0 0 5.3 16 150 M M 6 21 150
4 89 75 82 2 0 17 0.15 0.0 0 3.8 20 130 M M 6 1 24 130
5 89 73 81 1 0 16 0.01 0.0 0 3.5 15 310 M M 3 1 17 320
6 90 73 82 2 0 17 0.00 0.0 0 3.3 12 300 M M 3 128 16 290
7 91 71 81 1 0 16 0.20 0.0 0 4.2 13 180 M M 1 1 17 280
8 91 70 81 1 0 16 0.68 0.0 0 4.4 22 110 M M 2 13 32 80
9 84 72 78 -2 0 13 0.36 0.0 0 9.9 22 110 M M 7 13 30 120
10 84 72 78 -1 0 13 0.08 0.0 0 6.8 12 110 M M 7 1 15 70
11 87 72 80 1 0 15 0.09 0.0 0 4.3 10 160 M M 5 13 15 140
12 88 67 78 -1 0 13 0.11 0.0 0 5.0 16 310 M M 5 1 20 310
13 84 60 72 -7 0 7 0.00 0.0 0 3.2 13 10 M M 0 19 10
14 88 59 74 -4 0 9 0.00 0.0 0 3.2 13 350 M M 0 1 17 50
15 88 64 76 -2 0 11 0.00 0.0 0 4.3 14 120 M M 1 18 70
16 87 63 75 -3 0 10 0.00 0.0 0 4.2 12 90 M M 1 16 50
17 88 65 77 -1 0 12 0.00 0.0 0 5.6 13 80 M M 2 15 70
18 90 66 78 1 0 13 0.00 0.0 0 4.2 12 30 M M 4 15 110
19 89 64 77 0 0 12 0.00 0.0 0 3.0 13 10 M M 0 17 360
20 92 64 78 1 0 13 0.19 0.0 0 1.8 25 40 M M 1 3 35 40
21 94 68 81 4 0 16 0.00 0.0 0 2.7 10 100 M M 1 12 14 100
22 97 66 82 6 0 17 0.00 0.0 0 5.2 14 350 M M 1 18 350
23 83 61 72 -4 0 7 0.00 0.0 0 6.5 15 70 M M 0 20 70
24 85 57 71 -5 0 6 0.00 0.0 0 4.0 8 120 M M 0 11 50
25 89 59 74 -1 0 9 0.00 0.0 0 3.2 14 310 M M 0 16 310
26 88 61 75 0 0 10 0.00 0.0 0 5.4 15 310 M M 0 1 21 300
27 80 49 65 -10 0 0 0.00 0.0 0 6.7 18 340 M M 0 24 330
28 79 50 65 -9 0 0 0.00 0.0 0 10.5 21 360 M M 0 27 10
29 77 52 65 -9 0 0 0.00 0.0 0 11.2 22 30 M M 1 28 40
30 83 55 69 -5 0 4 0.00 0.0 0 6.4 15 340 M M 2 19 340
================================================================================
SM 2627 1944 0 343 1.87 0.0 151.6 M 65
================================================================================
AV 87.6 64.8 5.1 FASTST M M 2 MAX(MPH)
MISC ----> 25 40 35 40
================================================================================
NOTES:
# LAST OF SEVERAL OCCURRENCES
COLUMN 17 PEAK WIND IN M.P.H.
PRELIMINARY LOCAL CLIMATOLOGICAL DATA (WS FORM: F-6) , PAGE 2
STATION: MONTGOMERY
MONTH: SEPTEMBER
YEAR: 2022
LATITUDE: 32 17 N
LONGITUDE: 86 24 W
[TEMPERATURE DATA] [PRECIPITATION DATA] SYMBOLS USED IN COLUMN 16
AVERAGE MONTHLY: 76.2 TOTAL FOR MONTH: 1.87 1 = FOG OR MIST
DPTR FM NORMAL: -1.6 DPTR FM NORMAL: -1.82 2 = FOG REDUCING VISIBILITY
HIGHEST: 97 ON 22 GRTST 24HR 1.04 ON 8- 9 TO 1/4 MILE OR LESS
LOWEST: 49 ON 27 3 = THUNDER
SNOW, ICE PELLETS, HAIL 4 = ICE PELLETS
TOTAL MONTH: 0.0 INCH 5 = HAIL
GRTST 24HR 0.0 6 = FREEZING RAIN OR DRIZZLE
GRTST DEPTH: 0 7 = DUSTSTORM OR SANDSTORM:
VSBY 1/2 MILE OR LESS
8 = SMOKE OR HAZE
[NO. OF DAYS WITH] [WEATHER - DAYS WITH] 9 = BLOWING SNOW
X = TORNADO
MAX 32 OR BELOW: 0 0.01 INCH OR MORE: 9
MAX 90 OR ABOVE: 10 0.10 INCH OR MORE: 6
MIN 32 OR BELOW: 0 0.50 INCH OR MORE: 1
MIN 0 OR BELOW: 0 1.00 INCH OR MORE: 0
[HDD (BASE 65) ]
TOTAL THIS MO. 0 CLEAR (SCALE 0-3) 22
DPTR FM NORMAL -2 PTCLDY (SCALE 4-7) 8
TOTAL FM JUL 1 0 CLOUDY (SCALE 8-10) 0
DPTR FM NORMAL 0
[CDD (BASE 65) ]
TOTAL THIS MO. 343
DPTR FM NORMAL -43 [PRESSURE DATA]
TOTAL FM JAN 1 2520 HIGHEST SLP 30.20 ON 28
DPTR FM NORMAL 155 LOWEST SLP 29.70 ON 8
[REMARKS]
#FINAL-09-22#