000
CXUS51 KPBZ 010730
CF6MGW
PRELIMINARY LOCAL CLIMATOLOGICAL DATA (WS FORM: F-6)
STATION: MORGANTOWN WV
MONTH: JULY
YEAR: 2023
LATITUDE: 39 39 N
LONGITUDE: 79 55 W
TEMPERATURE IN F: :PCPN: SNOW: WIND :SUNSHINE: SKY :PK WND
================================================================================
1 2 3 4 5 6A 6B 7 8 9 10 11 12 13 14 15 16 17 18
12Z AVG MX 2MIN
DY MAX MIN AVG DEP HDD CDD WTR SNW DPTH SPD SPD DIR MIN PSBL S-S WX SPD DR
================================================================================
1 83 66 75 1 0 10 0.15 M M 4.0 14 220 M M 4 13 20 210
2 86 69 78 4 0 13 0.02 M M 5.1 16 220 M M 7 3 24 220
3 83 68 76 2 0 11 0.11 M M 4.6 15 200 M M 7 1 21 190
4 87 69 78 4 0 13 0.00 M M 4.0 10 350 M M 6 18 16 270
5 91 66 79 5 0 14 0.00 M M 2.3 9 350 M M 2 1 13 340
6 93 65 79 5 0 14 0.00 M M 2.3 13 280 M M 1 18 270
7 86 68 77 3 0 12 0.07 M M 3.0 13 310 M M 6 3 16 320
8 88 66 77 3 0 12 0.00 M M 2.0 12 210 M M 3 17 210
9 79 66 73 -1 0 8 1.20 M M 2.1 16 20 M M 6 123 22 360
10 83 62 73 -1 0 8 0.00 M M 2.7 9 330 M M 6 12 14 310
11 86 59 73 -1 0 8 0.00 M M 3.4 12 230 M M 2 16 250
12 87 63 75 1 0 10 0.00 M M 4.3 12 210 M M 1 17 230
13 91 68 80 6 0 15 0.04 M M 6.5 15 200 M M 3 1 22 210
14 87 67 77 3 0 12 0.03 M M 3.5 9 260 M M 5 13 14 240
15 89 67 78 4 0 13 0.10 M M 2.1 10 160 M M 2 13 13 150
16 86 69 78 4 0 13 0.07 M M 2.9 12 260 M M 7 18 18 290
17 85 64 75 1 0 10 0.20 M M 5.5 14 340 M M 4 138 21 330
18 83 63 73 -1 0 8 T M M 4.7 12 190 M M 5 1 18 220
19 83 66 75 1 0 10 T M M 3.8 12 230 M M 6 16 210
20 86 65 76 2 0 11 0.65 M M 4.3 26 10 M M 6 138 34 20
21 81 63 72 -2 0 7 0.17 M M 4.3 13 150 M M 7 13 17 330
22 83 58 71 -3 0 6 0.00 M M 2.1 9 340 M M 1 1 12 350
23 86 59 73 -1 0 8 0.00 M M 2.1 8 210 M M 2 11 240
24 88 60 74 0 0 9 0.00 M M 4.3 13 230 M M 1 17 220
25 84 63 74 0 0 9 0.01 M M 2.6 10 200 M M 4 3 17 220
26 91 63 77 3 0 12 0.00 M M 4.5 14 160 M M 1 1 20 170
27 89 73 81 7 0 16 0.04 M M 6.5 15 230 M M 6 38 24 220
28 94 68 81 7 0 16 0.01 M M 5.3 18 200 M M 4 27 200
29 89 69 79 5 0 14 0.19 M M 6.6 16 320 M M 7 13 27 330
30 85 62 74 0 0 9 0.11 M M 4.3 17 350 M M 5 1 24 340
31 80 62 71 -3 0 6 0.00 M M 3.5 12 360 M M 5 1 19 360
================================================================================
SM 2672 2016 0 337 3.17 M 119.2 M 132
================================================================================
AV 86.2 65.0 3.8 FASTST M M 4 MAX(MPH)
MISC ----> 26 10 34 20
================================================================================
NOTES:
# LAST OF SEVERAL OCCURRENCES
COLUMN 17 PEAK WIND IN M.P.H.
PRELIMINARY LOCAL CLIMATOLOGICAL DATA (WS FORM: F-6) , PAGE 2
STATION: MORGANTOWN WV
MONTH: JULY
YEAR: 2023
LATITUDE: 39 39 N
LONGITUDE: 79 55 W
[TEMPERATURE DATA] [PRECIPITATION DATA] SYMBOLS USED IN COLUMN 16
AVERAGE MONTHLY: 75.6 TOTAL FOR MONTH: 3.17 1 = FOG OR MIST
DPTR FM NORMAL: 1.5 DPTR FM NORMAL: -1.76 2 = FOG REDUCING VISIBILITY
HIGHEST: 94 ON 28 GRTST 24HR 1.20 ON 9- 9 TO 1/4 MILE OR LESS
LOWEST: 58 ON 22 3 = THUNDER
SNOW, ICE PELLETS, HAIL 4 = ICE PELLETS
TOTAL MONTH: M 5 = HAIL
GRTST 24HR M ON M 6 = FREEZING RAIN OR DRIZZLE
GRTST DEPTH: M ON M 7 = DUSTSTORM OR SANDSTORM:
VSBY 1/2 MILE OR LESS
8 = SMOKE OR HAZE
[NO. OF DAYS WITH] [WEATHER - DAYS WITH] 9 = BLOWING SNOW
X = TORNADO
MAX 32 OR BELOW: 0 0.01 INCH OR MORE: 17
MAX 90 OR ABOVE: 5 0.10 INCH OR MORE: 9
MIN 32 OR BELOW: 0 0.50 INCH OR MORE: 2
MIN 0 OR BELOW: 0 1.00 INCH OR MORE: 1
[HDD (BASE 65) ]
TOTAL THIS MO. 0 CLEAR (SCALE 0-3) 9
DPTR FM NORMAL -1 PTCLDY (SCALE 4-7) 22
TOTAL FM JUL 1 0 CLOUDY (SCALE 8-10) 0
DPTR FM NORMAL 0
[CDD (BASE 65) ]
TOTAL THIS MO. 337
DPTR FM NORMAL 54 [PRESSURE DATA]
TOTAL FM JAN 1 511 HIGHEST SLP 30.16 ON 25
DPTR FM NORMAL -43 LOWEST SLP 29.79 ON 9
[REMARKS]
#FINAL-07-23#