000
CXUS53 KFSD 011542
CF6MHE
PRELIMINARY LOCAL CLIMATOLOGICAL DATA (WS FORM: F-6)
STATION: MITCHELL SD
MONTH: JUNE
YEAR: 2021
LATITUDE: 43 46 N
LONGITUDE: 98 2 W
TEMPERATURE IN F: :PCPN: SNOW: WIND :SUNSHINE: SKY :PK WND
================================================================================
1 2 3 4 5 6A 6B 7 8 9 10 11 12 13 14 15 16 17 18
12Z AVG MX 2MIN
DY MAX MIN AVG DEP HDD CDD WTR SNW DPTH SPD SPD DIR MIN PSBL S-S WX SPD DR
================================================================================
1 81 47 64 -1 1 0 0.00 0.0 0 7.3 16 230 M M 2 24 260
2 85 54 70 4 0 5 0.00 0.0 0 8.7 17 240 M M 0 25 240
3 91 62 77 11 0 12 0.00 0.0 0 7.8 15 270 M M 0 21 280
4 98 59 79 13 0 14 0.00 0.0 0 9.0 18 220 M M 0 25 200
5 101 69 85 18 0 20 0.00 0.0 0 12.5 21 190 M M 0 31 180
6 96 69 83 16 0 18 0.00 0.0 0 16.4 29 200 M M 0 42 170
7 98 63 81 14 0 16 0.00 0.0 0 10.6 22 170 M M 0 31 160
8 96 70 83 15 0 18 0.00 0.0 0 13.1 25 140 M M 0 32 160
9 96 69 83 15 0 18 0.00 0.0 0 9.6 25 140 M M 1 33 130
10 100 70 85 17 0 20 0.00 0.0 0 12.3 23 170 M M 0 32 150
11 84 61 73 4 0 8 0.36 0.0 0 14.8 49 310 M M 1 13 62 320
12 87 55 71 2 0 6 0.00 0.0 0 5.3 14 150 M M 0 17 150
13 91 61 76 7 0 11 0.00 0.0 0 8.2 16 210 M M 0 23 190
14 91 65 78 8 0 13 0.00 0.0 0 8.3 18 150 M M 0 23 150
15 93 58 76 6 0 11 0.00 0.0 0 8.2 16 130 M M 0 23 120
16 106 70 88 18 0 23 0.00 0.0 0 13.3 25 150 M M 0 36 160
17 92 67 80 10 0 15 0.00 0.0 0 10.6 20 10 M M 0 3 28 10
18 93 58 76 5 0 11 0.00 0.0 0 5.5 20 360 M M 1 30 360
19 82 55 69 -2 0 4 0.01 0.0 0 6.0 16 140 M M 1 21 160
20 76 56 66 -5 0 1 T 0.0 0 13.0 30 340 M M 3 3 49 360
21 75 49 62 -10 3 0 0.00 0.0 0 7.5 15 320 M M 1 22 330
22 86 49 68 -4 0 3 0.00 0.0 0 6.9 16 120 M M 0 22 130
23 98 59 79 7 0 14 T 0.0 0 11.3 24 170 M M 0 13 36 200
24 84 64 74 2 0 9 0.01 0.0 0 6.8 28 220 M M 1 39 220
25 86 58 72 -1 0 7 T 0.0 0 3.8 12 100 M M 4 19 110
26 74 62 68 -5 0 3 T 0.0 0 5.3 14 20 M M 8 1 18 30
27 83 57 70 -3 0 5 0.06 0.0 0 6.3 20 320 M M 2 3 26 300
28 85 56 71 -2 0 6 0.00 0.0 0 6.2 17 10 M M 2 24 10
29 87 56 72 -2 0 7 0.00 0.0 0 3.5 9 330 M M 1 1 14 20
30 91 57 74 0 0 9 0.00 0.0 0 4.3 12 120 M M 1 15 120
================================================================================
SM 2686 1805 4 307 0.44 0.0 262.4 M 29
================================================================================
AV 89.5 60.2 8.7 FASTST M M 1 MAX(MPH)
MISC ----> 49 310 62 320
================================================================================
NOTES:
# LAST OF SEVERAL OCCURRENCES
- COLUMN 17 PEAK WIND IN M.P.H.
- PRECIPITATION AMOUNTS IN COLUMNS 7,8, AND 9 ARE THE OFFICIAL PRECIPITATION
AMOUNTS FOR MITCHELL, SD
- SNOW DEPTH IN COLUMN 9 IS RECORDED AT 6 AM CST (12Z)
PRELIMINARY LOCAL CLIMATOLOGICAL DATA (WS FORM: F-6) , PAGE 2
STATION: MITCHELL SD
MONTH: JUNE
YEAR: 2021
LATITUDE: 43 46 N
LONGITUDE: 98 2 W
[TEMPERATURE DATA] [PRECIPITATION DATA] SYMBOLS USED IN COLUMN 16
AVERAGE MONTHLY: 74.9 TOTAL FOR MONTH: 0.44 1 = FOG OR MIST
DPTR FM NORMAL: 4.9 DPTR FM NORMAL: -3.07 2 = FOG REDUCING VISIBILITY
HIGHEST: 106 ON 16 GRTST 24HR 0.36 ON 11-11 TO 1/4 MILE OR LESS
LOWEST: 47 ON 1 3 = THUNDER
SNOW, ICE PELLETS, HAIL 4 = ICE PELLETS
TOTAL MONTH: 0.0 INCH 5 = HAIL
GRTST 24HR 0.0 6 = FREEZING RAIN OR DRIZZLE
GRTST DEPTH: 0 7 = DUSTSTORM OR SANDSTORM:
VSBY 1/2 MILE OR LESS
8 = SMOKE OR HAZE
[NO. OF DAYS WITH] [WEATHER - DAYS WITH] 9 = BLOWING SNOW
X = TORNADO
MAX 32 OR BELOW: 0 0.01 INCH OR MORE: 4
MAX 90 OR ABOVE: 16 0.10 INCH OR MORE: 1
MIN 32 OR BELOW: 0 0.50 INCH OR MORE: 0
MIN 0 OR BELOW: 0 1.00 INCH OR MORE: 0
[HDD (BASE 65) ]
TOTAL THIS MO. 4 CLEAR (SCALE 0-3) 27
DPTR FM NORMAL -29 PTCLDY (SCALE 4-7) 2
TOTAL FM JUL 1 6620 CLOUDY (SCALE 8-10) 1
DPTR FM NORMAL -535
[CDD (BASE 65) ]
TOTAL THIS MO. 307
DPTR FM NORMAL 129 [PRESSURE DATA]
TOTAL FM JAN 1 371 HIGHEST SLP 30.16 ON 29
DPTR FM NORMAL 147 LOWEST SLP 29.50 ON 6
[REMARKS]
RECORD HIGH MINIMUM TEMPERATURE SET ON THE 5TH WITH 69 DEGREES. THE
PREVIOUS RECORD WAS 68 DEGREES IN 1939.
RECORD HIGH MAXIMUM TEMPERATURE TIED ON THE 5TH WITH 101 DEGREES. THE
PREVIOUS RECORD WAS IN 1933.
RECORD HIGH MAXIMUM TEMPERATURE TIED ON THE 7TH WITH 98 DEGREES. THE
PREVIOUS RECORD WAS IN 2020.
RECORD HIGH MINIMUM TEMPERATURE TIED ON THE 8TH WITH 70 DEGREES. THE
PREVIOUS RECORD WAS IN 1964.
RECORD HIGH MAXIMUM TEMPERATURE SET ON THE 16TH WITH 106 DEGREES. THE
PREVIOUS RECORD WAS 103 DEGREES IN 1933.
#FINAL-06-21#