000
CXUS53 KTOP 011555
CLMMHK
CLIMATE REPORT
NATIONAL WEATHER SERVICE TOPEKA KS
955 AM CST MON JAN 01 2024
...................................
...THE MANHATTAN KS CLIMATE SUMMARY FOR THE MONTH OF DECEMBER 2023...
CLIMATE NORMAL PERIOD 1991 TO 2020
CLIMATE RECORD PERIOD 9999 TO 9999
WEATHER OBSERVED NORMAL DEPART LAST YEAR`S
VALUE DATE(S) VALUE FROM VALUE
NORMAL
..............................................................
TEMPERATURE (F)
HIGHEST 67 12/07 69
LOWEST 17 12/02 -7
AVG. MAXIMUM 49.8 43.9 5.9 41.5
AVG. MINIMUM 27.4 20.7 6.7 18.1
MEAN 38.6 32.3 6.3 29.8
DAYS MAX >= 90 0 0.0 0.0 0
DAYS MAX <= 32 0 6.1 -6.1 6
DAYS MIN <= 32 25 28.3 -3.3 29
DAYS MIN <= 0 0 1.2 -1.2 4
PRECIPITATION (INCHES)
TOTALS 2.29 1.06 1.23 0.84
DAILY AVG. 0.08 0.03
DAYS >= .01 9 6
DAYS >= .10 6 3
DAYS >= .50 2 0
DAYS >= 1.00 1 0
GREATEST
24 HR. TOTAL 1.09 12/24 TO 12/25 0.57
DEGREE DAYS
HEATING TOTAL 776 1014 -238 1084
SINCE 7/1 1639 2046 -407 MM
COOLING TOTAL 0 0 0 0
SINCE 1/1 1833 1489 344 MM
..............................................................
WIND (MPH)
AVERAGE WIND SPEED 5.6
HIGHEST WIND SPEED/DIRECTION 30/210 DATE 12/19
HIGHEST GUST SPEED/DIRECTION 42/200 DATE 12/19
SKY COVER
POSSIBLE SUNSHINE (PERCENT) MM
AVERAGE SKY COVER 0.42
NUMBER OF DAYS FAIR 16
NUMBER OF DAYS PC 5
NUMBER OF DAYS CLOUDY 9
AVERAGE RH (PERCENT) 72
WEATHER CONDITIONS. NUMBER OF DAYS WITH
THUNDERSTORM 1 MIXED PRECIP 0
HEAVY RAIN 1 RAIN 3
LIGHT RAIN 8 FREEZING RAIN 0
LT FREEZING RAIN 0 HAIL 0
HEAVY SNOW 1 SNOW 1
LIGHT SNOW 4 SLEET 0
FOG 15 FOG W/VIS <= 1/4 MILE 5
HAZE 1
- INDICATES NEGATIVE NUMBERS.
R INDICATES RECORD WAS SET OR TIED.
MM INDICATES DATA IS MISSING.
T INDICATES TRACE AMOUNT.
$$