000
CXUS56 KMFR 011710
CF6MHS
PRELIMINARY LOCAL CLIMATOLOGICAL DATA (WS FORM: F-6)
STATION: MT SHASTA CITY CA
MONTH: FEBRUARY
YEAR: 2021
LATITUDE: 41 19 N
LONGITUDE: 122 19 W
TEMPERATURE IN F: :PCPN: SNOW: WIND :SUNSHINE: SKY :PK WND
================================================================================
1 2 3 4 5 6A 6B 7 8 9 10 11 12 13 14 15 16 17 18
12Z AVG MX 2MIN
DY MAX MIN AVG DEP HDD CDD WTR SNW DPTH SPD SPD DIR MIN PSBL S-S WX SPD DR
================================================================================
1 42 36 39 2 26 0 0.97 M M 3.7 10 100 M M 10 1 19 90
2 45 28 37 0 28 0 0.07 M M 1.1 8 60 M M 7 1 13 90
3 40 27 34 -3 31 0 0.12 M M 3.3 10 320 M M 6 1 19 310
4 46 25 36 -1 29 0 0.00 M M 4.2 10 350 M M 0 8 22 350
5 50 28 39 2 26 0 0.00 M M 5.3 15 300 M M 0 8 25 300
6 60 32 46 9 19 0 0.00 M M 4.1 10 320 M M 0 8 18 10
7 59 29 44 7 21 0 0.00 M M 4.3 9 300 M M 0 15 340
8 50 26 38 0 27 0 0.00 M M 0.4 5 60 M M 3 8 7 60
9 50 28 39 1 26 0 0.00 M M 0.0 5 60 M M 6 18 9 140
10 55 29 42 4 23 0 0.00 M M 2.2 10 300 M M 1 18 16 300
11 44 31 38 0 27 0 0.17 M M 2.5 12 90 M M 8 128 17 100
12 48 29 39 1 26 0 0.06 M M 1.1 6 110 M M 7 1 11 130
13 47 33 40 2 25 0 0.26 M M 3.9 12 340 M M 6 1 20 340
14 37 28 33 -5 32 0 0.15 M M 1.9 7 100 M M 8 18 14 90
15 44 32 38 0 27 0 0.04 M M 0.8 9 90 M M 9 12 16 90
16 47 32 40 2 25 0 0.00 M M 5.6 15 350 M M 4 1 24 290
17 45 28 37 -1 28 0 0.00 M M 5.1 14 350 M M 1 8 25 350
18 36 26 31 -8 34 0 0.27 M M 2.8 10 90 M M 9 12 18 70
19 42 32 37 -2 28 0 0.02 M M 2.3 9 90 M M 9 12 17 90
20 45 31 38 -1 27 0 0.01 M M 5.0 14 290 M M 5 1 24 310
21 49 31 40 1 25 0 0.00 M M 3.7 15 300 M M 4 27 290
22 59 30 45 6 20 0 0.00 M M 4.4 13 340 M M 0 23 350
23 56 35 46 7 19 0 0.00 M M 6.5 15 310 M M 0 27 290
24 47 25 36 -3 29 0 0.00 M M 5.0 14 310 M M 0 28 310
25 56 22 39 -1 26 0 0.00 M M 4.8 15 360 M M 0 24 340
26 50 31 41 1 24 0 0.00 M M 7.9 15 340 M M 1 29 350
27 46 32 39 -1 26 0 0.00 M M 9.6 17 330 M M 2 35 300
28 57 28 43 3 22 0 0.00 M M 2.7 8 310 M M 0 14 60
================================================================================
SM 1352 824 726 0 2.14 M 104.2 M 106
================================================================================
AV 48.3 29.4 3.7 FASTST M M 4 MAX(MPH)
MISC ----> 17 330 35 300
================================================================================
NOTES:
# LAST OF SEVERAL OCCURRENCES
COLUMN 17 PEAK WIND IN M.P.H.
PRELIMINARY LOCAL CLIMATOLOGICAL DATA (WS FORM: F-6) , PAGE 2
STATION: MT SHASTA CITY CA
MONTH: FEBRUARY
YEAR: 2021
LATITUDE: 41 19 N
LONGITUDE: 122 19 W
[TEMPERATURE DATA] [PRECIPITATION DATA] SYMBOLS USED IN COLUMN 16
AVERAGE MONTHLY: 38.9 TOTAL FOR MONTH: 2.14 1 = FOG OR MIST
DPTR FM NORMAL: 0.7 DPTR FM NORMAL: -5.09 2 = FOG REDUCING VISIBILITY
HIGHEST: 60 ON 6 GRTST 24HR 1.02 ON 1- 2 TO 1/4 MILE OR LESS
LOWEST: 22 ON 25 3 = THUNDER
SNOW, ICE PELLETS, HAIL 4 = ICE PELLETS
TOTAL MONTH: M 5 = HAIL
GRTST 24HR M ON M 6 = FREEZING RAIN OR DRIZZLE
GRTST DEPTH: M ON M 7 = DUSTSTORM OR SANDSTORM:
VSBY 1/2 MILE OR LESS
8 = SMOKE OR HAZE
[NO. OF DAYS WITH] [WEATHER - DAYS WITH] 9 = BLOWING SNOW
X = TORNADO
MAX 32 OR BELOW: 0 0.01 INCH OR MORE: 11
MAX 90 OR ABOVE: 0 0.10 INCH OR MORE: 6
MIN 32 OR BELOW: 25 0.50 INCH OR MORE: 1
MIN 0 OR BELOW: 0 1.00 INCH OR MORE: 0
[HDD (BASE 65) ]
TOTAL THIS MO. 726 CLEAR (SCALE 0-3) 13
DPTR FM NORMAL -23 PTCLDY (SCALE 4-7) 10
TOTAL FM JUL 1 3518 CLOUDY (SCALE 8-10) 5
DPTR FM NORMAL -457
[CDD (BASE 65) ]
TOTAL THIS MO. 0
DPTR FM NORMAL 0 [PRESSURE DATA]
TOTAL FM JAN 1 0 HIGHEST SLP 30.63 ON 21
DPTR FM NORMAL 0 LOWEST SLP 29.81 ON 13
[REMARKS]
#FINAL-02-21#