000
CXUS52 KMFL 011130
CF6MIA
PRELIMINARY LOCAL CLIMATOLOGICAL DATA (WS FORM: F-6)
STATION: MIAMI
MONTH: FEBRUARY
YEAR: 2022
LATITUDE: 25 49 N
LONGITUDE: 80 17 W
TEMPERATURE IN F: :PCPN: SNOW: WIND :SUNSHINE: SKY :PK WND
================================================================================
1 2 3 4 5 6A 6B 7 8 9 10 11 12 13 14 15 16 17 18
12Z AVG MX 2MIN
DY MAX MIN AVG DEP HDD CDD WTR SNW DPTH SPD SPD DIR MIN PSBL S-S WX SPD DR
================================================================================
1 75 56 66 -3 0 1 0.00 M M 10.6 22 100 M M 6 28 60
2 78 67 73 4 0 8 0.00 0.0 0 15.3 22 110 M M 3 31 90
3 80 70 75 5 0 10 0.00 0.0 0 13.3 21 110 M M 4 25 130
4 81 71 76 6 0 11 0.00 0.0 0 9.3 18 120 M M 4 26 120
5 81 66 74 4 0 9 0.00 0.0 0 4.1 13 110 M M 5 19 130
6 81 67 74 4 0 9 0.00 0.0 0 4.7 13 120 M M 7 19 140
7 82 65 74 4 0 9 0.00 0.0 0 4.8 14 120 M M 4 12 20 140
8 82 67 75 5 0 10 0.11 0.0 0 5.1 14 120 M M 7 12 20 130
9 67 62 65 -5 0 0 0.18 0.0 0 5.4 13 330 M M 8 1 18 290
10 79 58 69 -1 0 4 0.00 0.0 0 5.8 14 70 M M 2 20 90
11 81 63 72 2 0 7 0.05 0.0 0 4.9 13 100 M M 5 18 110
12 83 68 76 6 0 11 0.01 0.0 0 5.6 15 100 M M 5 1 18 100
13 75 62 69 -2 0 4 0.91 0.0 M 5.4 17 300 M M 8 13 24 310
14 72 56 64 -7 1 0 0.00 0.0 0 9.2 16 50 M M 1 23 320
15 77 57 67 -4 0 2 0.00 0.0 0 11.4 26 90 M M 8 33 90
16 79 71 75 4 0 10 0.01 0.0 0 15.2 26 90 M M 9 33 90
17 81 72 77 6 0 12 0.01 0.0 0 13.8 22 110 M M 7 28 100
18 84 70 77 6 0 12 0.00 0.0 0 6.9 16 120 M M 5 22 150
19 85 71 78 7 0 13 0.30 0.0 0 4.6 14 130 M M 6 1 20 140
20 79 70 75 4 0 10 0.00 0.0 0 9.5 18 70 M M 7 24 70
21 80 69 75 4 0 10 0.00 0.0 0 7.1 17 80 M M 5 23 90
22 82 70 76 4 0 11 0.00 0.0 0 12.1 21 90 M M 6 25 100
23 83 71 77 5 0 12 0.00 0.0 0 10.8 16 100 M M 4 22 100
24 82 70 76 4 0 11 0.00 0.0 0 9.0 18 110 M M 4 23 140
25 82 70 76 4 0 11 0.00 0.0 0 8.8 17 110 M M 4 22 100
26 82 72 77 5 0 12 0.00 M M 9.1 16 90 M M 4 22 80
27 84 71 78 6 0 13 T 0.0 0 7.2 16 100 M M 5 22 160
28 85 71 78 6 0 13 0.02 0.0 0 5.6 15 240 M M 6 22 240
================================================================================
SM 2242 1873 1 245 1.60 0.0 234.6 M 149
================================================================================
AV 80.1 66.9 8.4 FASTST M M 5 MAX(MPH)
MISC ----> # 26 90 # 33 90
================================================================================
NOTES:
# LAST OF SEVERAL OCCURRENCES
COLUMN 17 PEAK WIND IN M.P.H.
PRELIMINARY LOCAL CLIMATOLOGICAL DATA (WS FORM: F-6) , PAGE 2
STATION: MIAMI
MONTH: FEBRUARY
YEAR: 2022
LATITUDE: 25 49 N
LONGITUDE: 80 17 W
[TEMPERATURE DATA] [PRECIPITATION DATA] SYMBOLS USED IN COLUMN 16
AVERAGE MONTHLY: 73.5 TOTAL FOR MONTH: 1.60 1 = FOG OR MIST
DPTR FM NORMAL: 2.8 DPTR FM NORMAL: -0.55 2 = FOG REDUCING VISIBILITY
HIGHEST: 85 ON 28,19 GRTST 24HR 0.91 ON 13-13 TO 1/4 MILE OR LESS
LOWEST: 56 ON 14, 1 3 = THUNDER
SNOW, ICE PELLETS, HAIL 4 = ICE PELLETS
TOTAL MONTH: 0.0 INCH 5 = HAIL
GRTST 24HR 0.0 6 = FREEZING RAIN OR DRIZZLE
GRTST DEPTH: 0 7 = DUSTSTORM OR SANDSTORM:
VSBY 1/2 MILE OR LESS
8 = SMOKE OR HAZE
[NO. OF DAYS WITH] [WEATHER - DAYS WITH] 9 = BLOWING SNOW
X = TORNADO
MAX 32 OR BELOW: 0 0.01 INCH OR MORE: 9
MAX 90 OR ABOVE: 0 0.10 INCH OR MORE: 4
MIN 32 OR BELOW: 0 0.50 INCH OR MORE: 1
MIN 0 OR BELOW: 0 1.00 INCH OR MORE: 0
[HDD (BASE 65) ]
TOTAL THIS MO. 1 CLEAR (SCALE 0-3) 3
DPTR FM NORMAL -21 PTCLDY (SCALE 4-7) 23
TOTAL FM JUL 1 52 CLOUDY (SCALE 8-10) 2
DPTR FM NORMAL -45
[CDD (BASE 65) ]
TOTAL THIS MO. 245
DPTR FM NORMAL 63 [PRESSURE DATA]
TOTAL FM JAN 1 415 HIGHEST SLP 30.37 ON 15
DPTR FM NORMAL 79 LOWEST SLP 29.94 ON 28
[REMARKS]
#FINAL-02-22#