000
CXUS53 KEAX 010836
CF6MKC
PRELIMINARY LOCAL CLIMATOLOGICAL DATA (WS FORM: F-6)
STATION: DOWNTOWN KANSAS CITY MO
MONTH: JANUARY
YEAR: 2022
LATITUDE: 39 7 N
LONGITUDE: 94 36 W
TEMPERATURE IN F: :PCPN: SNOW: WIND :SUNSHINE: SKY :PK WND
================================================================================
1 2 3 4 5 6A 6B 7 8 9 10 11 12 13 14 15 16 17 18
12Z AVG MX 2MIN
DY MAX MIN AVG DEP HDD CDD WTR SNW DPTH SPD SPD DIR MIN PSBL S-S WX SPD DR
================================================================================
1 33 9 21 -11 44 0 0.14 M M 15.1 22 10 M M 10 18 29 10
2 18 3 11 -21 54 0 T M M 6.6 20 340 M M 2 25 350
3 43 13 28 -4 37 0 0.00 M M 4.0 13 190 M M 0 20 200
4 48 29 39 8 26 0 0.00 M M 15.3 30 220 M M 0 42 290
5 29 14 22 -9 43 0 0.00 M M 13.0 24 320 M M 4 33 330
6 16 8 12 -19 53 0 T M M 10.8 20 340 M M 5 24 320
7 26 8 17 -14 48 0 0.00 M M 6.7 15 140 M M 2 22 120
8 42 25 34 3 31 0 T M M 6.2 15 150 M M 9 18 23 130
9 35 18 27 -4 38 0 0.00 M M 8.1 24 340 M M 1 31 330
10 44 18 31 0 34 0 0.00 M M 3.4 10 230 M M 0 13 270
11 60 27 44 13 21 0 0.00 M M 10.4 29 210 M M 0 38 220
12 52 29 41 10 24 0 0.00 M M 6.0 15 260 M M 0 21 250
13 58 30 44 13 21 0 0.00 M M 5.0 15 340 M M 1 21 320
14 48 32 40 9 25 0 0.05 M M 5.9 16 320 M M 5 1 22 310
15 33 21 27 -4 38 0 M M M 11.6 23 10 M M 10 18 33 30
16 34 18 26 -5 39 0 0.00 M M 6.9 14 230 M M 8 1 19 260
17 44 22 33 2 32 0 0.00 M M 4.6 14 200 M M 1 17 200
18 58 34 46 15 19 0 0.00 M M 6.9 14 220 M M 0 21 210
19 41 11 26 -5 39 0 0.00 M M 16.7 25 10 M M 6 33 360
20 19 5 12 -19 53 0 0.00 M M 7.7 16 350 M M 0 21 340
21 27 6 17 -14 48 0 0.00 M M 6.2 13 180 M M 0 18 160
22 48 22 35 4 30 0 0.00 M M 7.1 21 220 M M 1 28 220
23 43 29 36 5 29 0 0.00 M M 7.9 22 240 M M 3 31 230
24 54 20 37 6 28 0 0.00 M M 10.4 23 360 M M 3 32 320
25 24 11 18 -13 47 0 0.00 M M 8.2 18 10 M M 0 25 20
26 34 12 23 -8 42 0 0.00 M M 7.7 20 210 M M 2 26 210
27 45 26 36 5 29 0 0.00 M M 8.8 21 350 M M 5 30 340
28 34 16 25 -6 40 0 0.00 M M 7.5 18 340 M M 2 25 340
29 54 21 38 6 27 0 0.00 M M 6.9 15 250 M M 0 19 220
30 45 25 35 3 30 0 0.00 M M 3.4 10 350 M M 0 15 350
31 66 29 48 16 17 0 0.00 M M 8.1 21 190 M M 0 30 190
================================================================================
SM 1255 591 1086 0 0.19 M 253.1 M 80
================================================================================
AV 40.5 19.1 8.2 FASTST M M 3 MAX(MPH)
MISC ----> 30 220 42 290
================================================================================
NOTES:
# LAST OF SEVERAL OCCURRENCES
COLUMN 17 PEAK WIND IN M.P.H.
PRELIMINARY LOCAL CLIMATOLOGICAL DATA (WS FORM: F-6) , PAGE 2
STATION: DOWNTOWN KANSAS CITY MO
MONTH: JANUARY
YEAR: 2022
LATITUDE: 39 7 N
LONGITUDE: 94 36 W
[TEMPERATURE DATA] [PRECIPITATION DATA] SYMBOLS USED IN COLUMN 16
AVERAGE MONTHLY: 29.8 TOTAL FOR MONTH: 0.19 1 = FOG OR MIST
DPTR FM NORMAL: -1.2 DPTR FM NORMAL: -0.83 2 = FOG REDUCING VISIBILITY
HIGHEST: 66 ON 31 GRTST 24HR 0.40 ON 14-15 TO 1/4 MILE OR LESS
LOWEST: 3 ON 2 3 = THUNDER
SNOW, ICE PELLETS, HAIL 4 = ICE PELLETS
TOTAL MONTH: M 5 = HAIL
GRTST 24HR M ON M 6 = FREEZING RAIN OR DRIZZLE
GRTST DEPTH: M ON M 7 = DUSTSTORM OR SANDSTORM:
VSBY 1/2 MILE OR LESS
8 = SMOKE OR HAZE
[NO. OF DAYS WITH] [WEATHER - DAYS WITH] 9 = BLOWING SNOW
X = TORNADO
MAX 32 OR BELOW: 7 0.01 INCH OR MORE: 2
MAX 90 OR ABOVE: 0 0.10 INCH OR MORE: 1
MIN 32 OR BELOW: 30 0.50 INCH OR MORE: 0
MIN 0 OR BELOW: 0 1.00 INCH OR MORE: 0
[HDD (BASE 65) ]
TOTAL THIS MO. 1086 CLEAR (SCALE 0-3) 21
DPTR FM NORMAL 34 PTCLDY (SCALE 4-7) 7
TOTAL FM JUL 1 2403 CLOUDY (SCALE 8-10) 3
DPTR FM NORMAL -440
[CDD (BASE 65) ]
TOTAL THIS MO. 0
DPTR FM NORMAL 0 [PRESSURE DATA]
TOTAL FM JAN 1 0 HIGHEST SLP 30.78 ON 20
DPTR FM NORMAL 0 LOWEST SLP 29.58 ON 4
[REMARKS]
#FINAL-01-22#