000
CXUS53 KEAX 010736
CF6MKC
PRELIMINARY LOCAL CLIMATOLOGICAL DATA (WS FORM: F-6)
STATION: DOWNTOWN KANSAS CITY MO
MONTH: JUNE
YEAR: 2021
LATITUDE: 39 7 N
LONGITUDE: 94 36 W
TEMPERATURE IN F: :PCPN: SNOW: WIND :SUNSHINE: SKY :PK WND
================================================================================
1 2 3 4 5 6A 6B 7 8 9 10 11 12 13 14 15 16 17 18
12Z AVG MX 2MIN
DY MAX MIN AVG DEP HDD CDD WTR SNW DPTH SPD SPD DIR MIN PSBL S-S WX SPD DR
================================================================================
1 75 60 68 -4 0 3 T M M 3.9 10 110 M M 7 1 16 100
2 77 55 66 -7 0 1 0.00 M M 3.6 10 60 M M 2 1 16 70
3 83 57 70 -3 0 5 0.00 M M 1.3 9 260 M M 1 14 300
4 87 61 74 1 0 9 0.00 M M 7.7 17 220 M M 1 23 220
5 87 68 78 4 0 13 0.00 M M 9.2 17 180 M M 1 24 190
6 85 69 77 3 0 12 T M M 9.2 15 190 M M 4 22 150
7 87 68 78 4 0 13 0.00 M M 7.2 13 170 M M 2 20 170
8 89 70 80 5 0 15 0.00 M M 5.2 13 160 M M 2 18 160
9 92 72 82 7 0 17 0.00 M M 3.9 12 60 M M 2 17 50
10 93 72 83 8 0 18 0.00 M M 4.8 13 110 M M 1 17 120
11 92 69 81 5 0 16 0.44 M M 6.5 37 360 M M 3 13 49 360
12 88 70 79 3 0 14 0.00 M M 6.0 15 340 M M 3 20 340
13 91 64 78 2 0 13 0.00 M M 4.0 12 60 M M 0 17 40
14 93 66 80 4 0 15 0.00 M M 3.3 12 320 M M 0 16 270
15 93 74 84 7 0 19 0.00 M M 6.1 12 50 M M 1 19 40
16 94 75 85 8 0 20 T M M 6.4 13 150 M M 2 3 19 170
17 99 77 88 11 0 23 T M M 9.3 23 220 M M 0 33 210
18 98 80 89 12 0 24 0.00 M M 13.6 23 190 M M 0 34 210
19 94 79 87 9 0 22 0.00 M M 10.0 21 210 M M 2 31 220
20 96 74 85 7 0 20 0.11 M M 12.0 28 340 M M 5 3 39 340
21 77 64 71 -7 0 6 0.00 M M 8.9 21 360 M M 2 30 20
22 87 59 73 -5 0 8 0.00 M M 10.4 22 200 M M 1 31 200
23 89 69 79 1 0 14 0.00 M M 14.4 22 200 M M 2 29 200
24 90 72 81 2 0 16 0.15 M M 10.9 23 340 M M 4 13 30 330
25 89 69 79 0 0 14 1.43 M M 8.2 32 210 M M 7 13 42 200
26 83 68 76 -3 0 11 0.44 M M 8.7 21 190 M M 7 1 28 200
27 80 66 73 -6 0 8 T M M 2.9 8 130 M M 4 13 70
28 79 72 76 -3 0 11 0.06 M M 3.8 10 180 M M 5 15 170
29 79 70 75 -5 0 10 1.18 M M 2.9 14 200 M M 7 1 19 200
30 79 70 75 -5 0 10 1.85 M M 3.4 15 210 M M 9 13 19 220
================================================================================
SM 2625 2059 0 400 5.66 M 207.7 M 87
================================================================================
AV 87.5 68.6 6.9 FASTST M M 3 MAX(MPH)
MISC ----> 37 360 49 360
================================================================================
NOTES:
# LAST OF SEVERAL OCCURRENCES
COLUMN 17 PEAK WIND IN M.P.H.
PRELIMINARY LOCAL CLIMATOLOGICAL DATA (WS FORM: F-6) , PAGE 2
STATION: DOWNTOWN KANSAS CITY MO
MONTH: JUNE
YEAR: 2021
LATITUDE: 39 7 N
LONGITUDE: 94 36 W
[TEMPERATURE DATA] [PRECIPITATION DATA] SYMBOLS USED IN COLUMN 16
AVERAGE MONTHLY: 78.1 TOTAL FOR MONTH: 5.66 1 = FOG OR MIST
DPTR FM NORMAL: 1.6 DPTR FM NORMAL: 0.33 2 = FOG REDUCING VISIBILITY
HIGHEST: 99 ON 17 GRTST 24HR 1.87 ON 29-30 TO 1/4 MILE OR LESS
LOWEST: 55 ON 2 3 = THUNDER
SNOW, ICE PELLETS, HAIL 4 = ICE PELLETS
TOTAL MONTH: M 5 = HAIL
GRTST 24HR M ON M 6 = FREEZING RAIN OR DRIZZLE
GRTST DEPTH: M ON M 7 = DUSTSTORM OR SANDSTORM:
VSBY 1/2 MILE OR LESS
8 = SMOKE OR HAZE
[NO. OF DAYS WITH] [WEATHER - DAYS WITH] 9 = BLOWING SNOW
X = TORNADO
MAX 32 OR BELOW: 0 0.01 INCH OR MORE: 8
MAX 90 OR ABOVE: 12 0.10 INCH OR MORE: 7
MIN 32 OR BELOW: 0 0.50 INCH OR MORE: 3
MIN 0 OR BELOW: 0 1.00 INCH OR MORE: 3
[HDD (BASE 65) ]
TOTAL THIS MO. 0 CLEAR (SCALE 0-3) 20
DPTR FM NORMAL -4 PTCLDY (SCALE 4-7) 9
TOTAL FM JUL 1 4708 CLOUDY (SCALE 8-10) 1
DPTR FM NORMAL 98
[CDD (BASE 65) ]
TOTAL THIS MO. 400
DPTR FM NORMAL 51 [PRESSURE DATA]
TOTAL FM JAN 1 522 HIGHEST SLP M ON M
DPTR FM NORMAL 6 LOWEST SLP 29.50 ON 20
[REMARKS]
#FINAL-06-21#