000
CXUS52 KMLB 010727
CF6MLB
PRELIMINARY LOCAL CLIMATOLOGICAL DATA (WS FORM: F-6)
STATION: MELBOURNE
MONTH: FEBRUARY
YEAR: 2024
LATITUDE: 28 6 N
LONGITUDE: 80 39 W
TEMPERATURE IN F: :PCPN: SNOW: WIND :SUNSHINE: SKY :PK WND
================================================================================
1 2 3 4 5 6A 6B 7 8 9 10 11 12 13 14 15 16 17 18
12Z AVG MX 2MIN
DY MAX MIN AVG DEP HDD CDD WTR SNW DPTH SPD SPD DIR MIN PSBL S-S WX SPD DR
================================================================================
1 69 47 58 -4 7 0 0.00 0.0 0 7.2 15 330 M M 0 19 340
2 74 50 62 0 3 0 0.00 0.0 0 4.1 13 250 M M 0 1 18 250
3 72 48 60 -2 5 0 0.00 0.0 0 6.3 17 130 M M 2 26 120
4 73 58 66 3 0 1 0.16 0.0 0 9.4 20 150 M M 6 13 31 150
5 68 51 60 -3 5 0 0.13 0.0 0 8.5 22 340 M M 5 1 29 350
6 64 53 59 -4 6 0 0.00 0.0 0 19.3 33 340 M M 8 47 340
7 68 50 59 -4 6 0 0.00 0.0 0 14.3 25 360 M M 8 31 360
8 73 51 62 -1 3 0 0.00 0.0 0 5.9 12 50 M M 9 14 50
9 74 59 67 4 0 2 0.00 0.0 0 6.2 16 120 M M 7 12 21 100
10 77 63 70 7 0 5 0.00 0.0 0 8.2 16 130 M M 4 21 130
11 81 67 74 10 0 9 T 0.0 0 9.2 22 180 M M 8 30 170
12 85 67 76 12 0 11 0.00 0.0 0 13.3 29 200 M M 3 39 230
13 75 54 65 1 0 0 0.00 0.0 0 12.0 21 280 M M 3 29 250
14 71 46 59 -5 6 0 0.00 0.0 0 8.4 15 30 M M 0 20 10
15 74 52 63 -1 2 0 0.00 0.0 0 5.2 16 100 M M 1 1 21 90
16 79 56 68 4 0 3 T 0.0 0 4.9 16 220 M M 5 20 210
17 68 59 64 0 1 0 0.26 0.0 0 9.0 20 10 M M 8 1 27 10
18 61 59 60 -4 5 0 1.56 0.0 0 15.6 29 360 M M 10 1 42 10
19 63 45 54 -11 11 0 0.29 0.0 0 12.2 23 330 M M 7 1 32 350
20 68 42 55 -10 10 0 0.00 0.0 0 9.3 20 20 M M 0 25 20
21 68 47 58 -7 7 0 0.00 0.0 0 11.0 22 350 M M 0 29 20
22 72 47 60 -5 5 0 0.00 0.0 0 6.6 12 40 M M 1 13 60
23 79 50 65 0 0 0 0.01 0.0 0 13.4 27 200 M M 3 40 230
24 74 50 62 -3 3 0 0.00 0.0 0 11.3 22 270 M M 0 28 270
25 71 48 60 -5 5 0 0.00 0.0 0 7.7 13 50 M M 0 17 50
26 73 49 61 -5 4 0 0.00 0.0 0 6.3 15 110 M M 0 21 120
27 75 52 64 -2 1 0 0.00 0.0 0 8.4 20 130 M M 1 26 110
28 83 57 70 4 0 5 0.00 0.0 0 8.2 21 170 M M 1 28 190
29 78 62 70 4 0 5 0.00 0.0 0 7.2 17 10 M M 5 21 10
================================================================================
SM 2110 1539 95 41 2.41 0.0 268.6 M 105
================================================================================
AV 72.8 53.1 9.3 FASTST M M 4 MAX(MPH)
MISC ----> 33 340 47 340
================================================================================
NOTES:
# LAST OF SEVERAL OCCURRENCES
COLUMN 17 PEAK WIND IN M.P.H.
PRELIMINARY LOCAL CLIMATOLOGICAL DATA (WS FORM: F-6) , PAGE 2
STATION: MELBOURNE
MONTH: FEBRUARY
YEAR: 2024
LATITUDE: 28 6 N
LONGITUDE: 80 39 W
[TEMPERATURE DATA] [PRECIPITATION DATA] SYMBOLS USED IN COLUMN 16
AVERAGE MONTHLY: 62.9 TOTAL FOR MONTH: 2.41 1 = FOG OR MIST
DPTR FM NORMAL: -1.1 DPTR FM NORMAL: 0.43 2 = FOG REDUCING VISIBILITY
HIGHEST: 85 ON 12 GRTST 24HR 1.78 ON 17-18 TO 1/4 MILE OR LESS
LOWEST: 42 ON 20 3 = THUNDER
SNOW, ICE PELLETS, HAIL 4 = ICE PELLETS
TOTAL MONTH: 0.0 INCH 5 = HAIL
GRTST 24HR 0.0 6 = FREEZING RAIN OR DRIZZLE
GRTST DEPTH: 0 7 = DUSTSTORM OR SANDSTORM:
VSBY 1/2 MILE OR LESS
8 = SMOKE OR HAZE
[NO. OF DAYS WITH] [WEATHER - DAYS WITH] 9 = BLOWING SNOW
X = TORNADO
MAX 32 OR BELOW: 0 0.01 INCH OR MORE: 6
MAX 90 OR ABOVE: 0 0.10 INCH OR MORE: 5
MIN 32 OR BELOW: 0 0.50 INCH OR MORE: 1
MIN 0 OR BELOW: 0 1.00 INCH OR MORE: 1
[HDD (BASE 65) ]
TOTAL THIS MO. 95 CLEAR (SCALE 0-3) 16
DPTR FM NORMAL -8 PTCLDY (SCALE 4-7) 11
TOTAL FM JUL 1 313 CLOUDY (SCALE 8-10) 2
DPTR FM NORMAL -109
[CDD (BASE 65) ]
TOTAL THIS MO. 41
DPTR FM NORMAL -34 [PRESSURE DATA]
TOTAL FM JAN 1 107 HIGHEST SLP M ON M
DPTR FM NORMAL -30 LOWEST SLP 29.49 ON 5
[REMARKS]
#FINAL-02-24#