000
CXUS52 KMLB 010734
CF6MLB
PRELIMINARY LOCAL CLIMATOLOGICAL DATA (WS FORM: F-6)
STATION: MELBOURNE
MONTH: DECEMBER
YEAR: 2020
LATITUDE: 28 6 N
LONGITUDE: 80 39 W
TEMPERATURE IN F: :PCPN: SNOW: WIND :SUNSHINE: SKY :PK WND
================================================================================
1 2 3 4 5 6A 6B 7 8 9 10 11 12 13 14 15 16 17 18
12Z AVG MX 2MIN
DY MAX MIN AVG DEP HDD CDD WTR SNW DPTH SPD SPD DIR MIN PSBL S-S WX SPD DR
================================================================================
1 58 42 50 -16 15 0 0.00 0.0 0 10.0 22 290 M M 0 26 280
2 62 39 51 -15 14 0 0.00 0.0 0 9.5 20 10 M M 0 22 10
3 73 45 59 -7 6 0 0.00 0.0 0 8.7 16 100 M M 7 20 100
4 77 61 69 4 0 4 T 0.0 0 5.1 15 150 M M 3 19 140
5 72 55 64 -1 1 0 0.00 0.0 0 6.8 13 10 M M 3 16 20
6 73 48 61 -4 4 0 0.02 0.0 0 5.1 10 350 M M 1 12 360
7 64 50 57 -8 8 0 0.41 0.0 0 9.7 22 280 M M 7 1 26 290
8 61 43 52 -12 13 0 0.00 0.0 0 9.1 18 320 M M 0 24 320
9 64 37 51 -13 14 0 0.00 0.0 0 7.8 14 280 M M 0 19 310
10 70 42 56 -8 9 0 0.00 0.0 0 3.8 12 40 M M 0 16 340
11 74 45 60 -4 5 0 0.00 0.0 0 4.3 12 20 M M 5 1 14 20
12 75 62 69 5 0 4 0.03 0.0 0 4.5 17 170 M M 10 18 23 170
13 81 58 70 6 0 5 0.00 0.0 0 4.6 12 120 M M 3 12 13 110
14 81 67 74 11 0 9 T 0.0 0 9.4 22 260 M M 2 25 250
15 75 62 69 6 0 4 0.00 0.0 0 5.4 14 260 M M 8 1 19 250
16 80 58 69 6 0 4 0.00 0.0 0 7.0 21 200 M M 5 12 29 210
17 69 50 60 -3 5 0 0.00 0.0 0 8.2 18 310 M M 5 1 24 300
18 61 43 52 -11 13 0 0.00 0.0 0 10.6 18 350 M M 1 23 350
19 73 46 60 -2 5 0 0.00 0.0 0 5.3 10 100 M M 8 13 110
20 79 54 67 5 0 2 0.17 0.0 0 6.7 17 180 M M 3 13 22 180
21 72 50 61 -1 4 0 T 0.0 0 11.5 23 290 M M 4 32 240
22 69 47 58 -4 7 0 0.00 0.0 0 6.6 14 340 M M 0 18 360
23 76 47 62 0 3 0 0.00 0.0 0 4.4 13 100 M M 1 16 110
24 83 58 71 9 0 6 0.01 0.0 0 9.7 30 290 M M 3 37 290
25 61 40 51 -10 14 0 0.05 0.0 0 13.4 31 290 M M 2 1 38 290
26 57 36 47 -14 18 0 0.00 0.0 0 9.0 17 10 M M 0 21 10
27 71 39 55 -6 10 0 T 0.0 0 8.1 18 30 M M 2 23 30
28 74 55 65 4 0 0 0.02 0.0 0 7.9 15 360 M M 6 1 18 350
29 76 53 65 4 0 0 0.00 0.0 0 8.9 16 90 M M 3 1 22 100
30 78 69 74 13 0 9 0.01 0.0 0 11.7 20 130 M M 7 27 130
31 79 71 75 14 0 10 0.00 0.0 0 13.0 22 140 M M 3 30 140
================================================================================
SM 2218 1572 168 57 0.72 0.0 245.8 M 102
================================================================================
AV 71.5 50.7 7.9 FASTST M M 3 MAX(MPH)
MISC ----> 31 290 38 290
================================================================================
NOTES:
# LAST OF SEVERAL OCCURRENCES
COLUMN 17 PEAK WIND IN M.P.H.
PRELIMINARY LOCAL CLIMATOLOGICAL DATA (WS FORM: F-6) , PAGE 2
STATION: MELBOURNE
MONTH: DECEMBER
YEAR: 2020
LATITUDE: 28 6 N
LONGITUDE: 80 39 W
[TEMPERATURE DATA] [PRECIPITATION DATA] SYMBOLS USED IN COLUMN 16
AVERAGE MONTHLY: 61.1 TOTAL FOR MONTH: 0.72 1 = FOG OR MIST
DPTR FM NORMAL: -1.9 DPTR FM NORMAL: -1.85 2 = FOG REDUCING VISIBILITY
HIGHEST: 83 ON 24 GRTST 24HR 0.43 ON 6- 7 TO 1/4 MILE OR LESS
LOWEST: 36 ON 26 3 = THUNDER
SNOW, ICE PELLETS, HAIL 4 = ICE PELLETS
TOTAL MONTH: 0.0 INCH 5 = HAIL
GRTST 24HR 0.0 6 = FREEZING RAIN OR DRIZZLE
GRTST DEPTH: 0 7 = DUSTSTORM OR SANDSTORM:
VSBY 1/2 MILE OR LESS
8 = SMOKE OR HAZE
[NO. OF DAYS WITH] [WEATHER - DAYS WITH] 9 = BLOWING SNOW
X = TORNADO
MAX 32 OR BELOW: 0 0.01 INCH OR MORE: 8
MAX 90 OR ABOVE: 0 0.10 INCH OR MORE: 2
MIN 32 OR BELOW: 0 0.50 INCH OR MORE: 0
MIN 0 OR BELOW: 0 1.00 INCH OR MORE: 0
[HDD (BASE 65) ]
TOTAL THIS MO. 168 CLEAR (SCALE 0-3) 18
DPTR FM NORMAL 31 PTCLDY (SCALE 4-7) 12
TOTAL FM JUL 1 168 CLOUDY (SCALE 8-10) 1
DPTR FM NORMAL -12
[CDD (BASE 65) ]
TOTAL THIS MO. 57
DPTR FM NORMAL -19 [PRESSURE DATA]
TOTAL FM JAN 1 3985 HIGHEST SLP 30.32 ON 29
DPTR FM NORMAL 714 LOWEST SLP 29.76 ON 7
[REMARKS]
#FINAL-12-20#