000
CXUS53 KDVN 011510
CLMMLI
CLIMATE REPORT
NATIONAL WEATHER SERVICE QUAD CITIES IA IL
915 AM CST FRI DEC 01 2023
...................................
...THE MOLINE IL CLIMATE SUMMARY FOR THE MONTH OF NOVEMBER 2023...
CLIMATE NORMAL PERIOD 1991 TO 2020
CLIMATE RECORD PERIOD 1872 TO 2023
WEATHER OBSERVED NORMAL DEPART LAST YEAR`S
VALUE DATE(S) VALUE FROM VALUE
NORMAL
..............................................................
TEMPERATURE (F)
RECORD
HIGH 80 11/01/2000
LOW -10 11/29/1891
HIGHEST 71 11/06 57 14
LOWEST 11 11/28 24 -13
AVG. MAXIMUM 52.5 49.8 2.7
AVG. MINIMUM 30.3 30.9 -0.6
MEAN 41.4 40.4 1.0
DAYS MAX >= 90 0 0.0 0.0
DAYS MAX <= 32 2 2.1 -0.1
DAYS MIN <= 32 20 17.4 2.6
DAYS MIN <= 0 0 0.0 0.0
PRECIPITATION (INCHES)
RECORD
MAXIMUM 6.77 1992
MINIMUM 0.18 1904
TOTALS 0.71 2.30 -1.59
DAILY AVG. 0.02 0.08 -0.06
DAYS >= .01 4 8.9 -4.9
DAYS >= .10 3
DAYS >= .50 0
DAYS >= 1.00 0 0.4 -0.4
GREATEST
24 HR. TOTAL 0.39 11/20 TO 11/21
SNOWFALL (INCHES)
RECORDS
TOTAL 18.4 2018
TOTALS 2.6 2.1 0.5
SINCE 7/1 2.6 2.4 0.2
SNOWDEPTH AVG. T
DAYS >= TRACE 2 1.7 0.3
DAYS >= 1.0 1 0.6 0.4
GREATEST
SNOW DEPTH 2 11/26
11/27
24 HR TOTAL 2.6 11/26 TO 11/26
DEGREE DAYS
HEATING TOTAL 700 740 -40
SINCE 7/1 1051 1197 -146
COOLING TOTAL 0 1 -1
SINCE 1/1 1141 1042 99
..............................................................
WIND (MPH)
AVERAGE WIND SPEED 7.9
HIGHEST WIND SPEED/DIRECTION 29/300 DATE 11/09
HIGHEST GUST SPEED/DIRECTION 37/300 DATE 11/09
SKY COVER
POSSIBLE SUNSHINE (PERCENT) MM
AVERAGE SKY COVER 0.24
NUMBER OF DAYS FAIR 23
NUMBER OF DAYS PC 3
NUMBER OF DAYS CLOUDY 4
AVERAGE RH (PERCENT) 64
WEATHER CONDITIONS. NUMBER OF DAYS WITH
THUNDERSTORM 0 HAIL 0
SLEET 0 FOG 5
FOG W/VIS <= 1/4 MILE 0 HAZE 1
- INDICATES NEGATIVE NUMBERS.
R INDICATES RECORD WAS SET OR TIED.
MM INDICATES DATA IS MISSING.
T INDICATES TRACE AMOUNT.
$$
NOTE: SUPPLEMENTAL CLIMATE DATA WAS USED FROM A NEARBY
CLIMATOLOGICALLY REPRESENTATIVE STATION.