000
CXUS55 KBYZ 011100
CF6MLS
PRELIMINARY LOCAL CLIMATOLOGICAL DATA (WS FORM: F-6)
STATION: MILES CITY MT
MONTH: OCTOBER
YEAR: 2020
LATITUDE: 46 25 N
LONGITUDE: 105 53 W
TEMPERATURE IN F: :PCPN: SNOW: WIND :SUNSHINE: SKY :PK WND
================================================================================
1 2 3 4 5 6A 6B 7 8 9 10 11 12 13 14 15 16 17 18
12Z AVG MX 2MIN
DY MAX MIN AVG DEP HDD CDD WTR SNW DPTH SPD SPD DIR MIN PSBL S-S WX SPD DR
================================================================================
1 60 27 44 -9 21 0 0.00 M M 6.2 13 40 M M 0 14 40
2 70 33 52 0 13 0 0.00 M M 9.8 31 350 M M 2 38 320
3 69 41 55 3 10 0 0.00 M M 6.9 17 330 M M 2 22 330
4 82 37 60 8 5 0 0.00 M M 8.3 22 270 M M 0 26 280
5 74 48 61 10 4 0 T M M 8.8 18 330 M M 2 24 330
6 85 48 67 16 0 2 0.00 M M 11.2 22 260 M M 0 28 280
7 74 44 59 9 6 0 0.00 M M 9.2 15 100 M M 0 18 90
8 84 44 64 14 1 0 0.00 M M 8.3 20 260 M M 0 8 24 250
9 73 45 59 10 6 0 0.00 M M 7.7 14 160 M M 0 8 19 150
10 84 49 67 18 0 2 T M M 11.3 31 290 M M 0 38 290
11 70 41 56 7 9 0 T M M 16.7 46 300 M M 4 56 300
12 69 34 52 4 13 0 0.05 M M 14.1 35 340 M M 5 44 290
13 61 35 48 0 17 0 0.32 M M 8.7 28 260 M M 6 1 37 270
14 53 37 45 -2 20 0 0.05 M M 15.0 43 310 M M 7 1 52 320
15 49 30 40 -7 25 0 T M M 13.0 30 330 M M 4 1 35 320
16 50 30 40 -7 25 0 0.14 M M 8.9 24 270 M M 7 1 31 300
17 45 24 35 -11 30 0 0.02 M M 11.5 24 320 M M 10 12 29 320
18 29 22 26 -20 39 0 0.05 M M 5.2 15 40 M M 8 1 18 40
19 33 20 27 -18 38 0 0.10 M M 9.3 15 150 M M 10 1 19 50
20 39 28 34 -11 31 0 0.01 M M 9.4 24 320 M M 8 30 320
21 35 28 32 -12 33 0 0.09 M M 7.0 15 150 M M 10 1 17 150
22 34 9 22 -22 43 0 0.01 M M 13.4 23 350 M M 8 1 29 360
23 27 7 17 -27 48 0 T M M 7.5 14 40 M M 5 1 18 130
24 21 11 16 -27 49 0 0.01 M M 16.2 24 20 M M 10 1 29 30
25 18 1 10 -33 55 0 T M M 9.3 17 320 M M 9 1 20 320
26 26 -3 12 -30 53 0 0.00 M M 8.2 16 250 M M 1 19 240
27 45 13 29 -13 36 0 0.00 M M 8.8 21 260 M M 1 25 260
28 48 30 39 -2 26 0 0.00 M M 5.4 13 300 M M 7 15 320
29 57 34 46 5 19 0 0.00 M M 6.8 16 300 M M 3 21 310
30 70 34 52 12 13 0 0.00 M M 13.4 36 320 M M 2 45 300
31 49 27 38 -2 27 0 0.00 M M 15.8 33 310 M M 2 42 300
================================================================================
SM 1683 908 715 4 0.85 M 311.3 M 133
================================================================================
AV 54.3 29.3 10.0 FASTST M M 4 MAX(MPH)
MISC ----> 46 300 56 300
================================================================================
NOTES:
# LAST OF SEVERAL OCCURRENCES
COLUMN 17 PEAK WIND IN M.P.H.
PRELIMINARY LOCAL CLIMATOLOGICAL DATA (WS FORM: F-6) , PAGE 2
STATION: MILES CITY MT
MONTH: OCTOBER
YEAR: 2020
LATITUDE: 46 25 N
LONGITUDE: 105 53 W
[TEMPERATURE DATA] [PRECIPITATION DATA] SYMBOLS USED IN COLUMN 16
AVERAGE MONTHLY: 41.8 TOTAL FOR MONTH: 0.85 1 = FOG OR MIST
DPTR FM NORMAL: -4.7 DPTR FM NORMAL: -0.07 2 = FOG REDUCING VISIBILITY
HIGHEST: 85 ON 6 GRTST 24HR 0.37 ON 13-14 TO 1/4 MILE OR LESS
LOWEST: -3 ON 26 3 = THUNDER
SNOW, ICE PELLETS, HAIL 4 = ICE PELLETS
TOTAL MONTH: M 5 = HAIL
GRTST 24HR M ON M 6 = FREEZING RAIN OR DRIZZLE
GRTST DEPTH: M ON M 7 = DUSTSTORM OR SANDSTORM:
VSBY 1/2 MILE OR LESS
8 = SMOKE OR HAZE
[NO. OF DAYS WITH] [WEATHER - DAYS WITH] 9 = BLOWING SNOW
X = TORNADO
MAX 32 OR BELOW: 5 0.01 INCH OR MORE: 11
MAX 90 OR ABOVE: 0 0.10 INCH OR MORE: 3
MIN 32 OR BELOW: 16 0.50 INCH OR MORE: 0
MIN 0 OR BELOW: 1 1.00 INCH OR MORE: 0
[HDD (BASE 65) ]
TOTAL THIS MO. 715 CLEAR (SCALE 0-3) 14
DPTR FM NORMAL 140 PTCLDY (SCALE 4-7) 11
TOTAL FM JUL 1 877 CLOUDY (SCALE 8-10) 6
DPTR FM NORMAL 71
[CDD (BASE 65) ]
TOTAL THIS MO. 4
DPTR FM NORMAL 2 [PRESSURE DATA]
TOTAL FM JAN 1 731 HIGHEST SLP 30.69 ON 25
DPTR FM NORMAL 1 LOWEST SLP 29.25 ON 10
[REMARKS]
#FINAL-10-20#