000
CXUS51 KCAR 010600
CF6MLT
PRELIMINARY LOCAL CLIMATOLOGICAL DATA (WS FORM: F-6)
STATION: MILLINOCKET ME
MONTH: MAY
YEAR: 2021
LATITUDE: 45 39 N
LONGITUDE: 68 41 W
TEMPERATURE IN F: :PCPN: SNOW: WIND :SUNSHINE: SKY :PK WND
================================================================================
1 2 3 4 5 6A 6B 7 8 9 10 11 12 13 14 15 16 17 18
12Z AVG MX 2MIN
DY MAX MIN AVG DEP HDD CDD WTR SNW DPTH SPD SPD DIR MIN PSBL S-S WX SPD DR
================================================================================
1 54 37 46 -2 19 0 0.00 M M 11.7 29 310 M M 4 39 290
2 62 41 52 4 13 0 0.00 M M 7.4 23 300 M M 6 34 310
3 62 36 49 1 16 0 0.00 M M 6.1 16 310 M M 0 21 320
4 63 38 51 2 14 0 0.00 M M 4.2 12 70 M M 5 16 40
5 49 42 46 -3 19 0 0.39 M M 3.0 12 90 M M 10 18 16 110
6 52 41 47 -3 18 0 0.09 M M 7.1 20 300 M M 10 1 29 310
7 60 34 47 -3 18 0 0.00 M M 5.2 15 300 M M 2 20 290
8 52 33 43 -8 22 0 0.00 M M 6.7 16 60 M M 3 23 60
9 63 40 52 1 13 0 0.00 M M 9.1 22 300 M M 7 30 320
10 67 40 54 3 11 0 0.00 M M 2.8 12 310 M M 5 14 310
11 57 41 49 -3 16 0 0.37 M M 5.8 17 310 M M 8 1 24 300
12 57 41 49 -3 16 0 0.08 M M 8.8 18 310 M M 7 1 26 330
13 67 34 51 -1 14 0 0.09 M M 6.0 32 330 M M 3 3 43 330
14 72 41 57 4 8 0 0.00 M M 7.7 21 320 M M 1 28 340
15 76 34 55 2 10 0 0.03 M M 2.1 14 350 M M 2 3 19 260
16 74 42 58 5 7 0 0.24 M M 3.4 15 330 M M 4 3 22 20
17 74 41 58 4 7 0 0.00 M M 1.4 12 60 M M 2 1 16 50
18 75 47 61 7 4 0 T M M 6.4 20 330 M M 2 27 290
19 76 42 59 5 6 0 0.00 M M 4.7 16 30 M M 1 21 70
20 78 45 62 7 3 0 0.00 M M 3.8 10 190 M M 0 17 170
21 85 54 70 15 0 5 0.05 M M 3.2 10 220 M M 6 16 170
22 78 56 67 12 0 2 T M M 2.9 8 240 M M 5 14 210
23 72 41 57 1 8 0 0.04 M M 7.2 29 360 M M 5 1 40 350
24 69 37 53 -3 12 0 0.00 M M 4.3 13 300 M M 0 17 330
25 80 42 61 5 4 0 0.07 M M 3.6 16 320 M M 3 138 24 240
26 91 58 75 19 0 10 0.02 M M 5.0 18 290 M M 3 1 32 310
27 71 42 57 0 8 0 0.00 M M 11.2 20 310 M M 2 29 320
28 60 36 48 -9 17 0 0.00 M M 7.5 18 300 M M 0 27 320
29 63 40 52 -5 13 0 0.00 M M 4.3 14 50 M M 0 23 100
30 60 37 49 -9 16 0 0.17 M M 5.1 16 80 M M 5 1 21 70
31 55 47 51 -7 14 0 0.48 M M 6.2 12 340 M M 10 1 15 290
================================================================================
SM 2074 1280 346 17 2.12 M 173.9 M 121
================================================================================
AV 66.9 41.3 5.6 FASTST M M 4 MAX(MPH)
MISC ----> 32 330 43 330
================================================================================
NOTES:
# LAST OF SEVERAL OCCURRENCES
COLUMN 17 PEAK WIND IN M.P.H.
PRELIMINARY LOCAL CLIMATOLOGICAL DATA (WS FORM: F-6) , PAGE 2
STATION: MILLINOCKET ME
MONTH: MAY
YEAR: 2021
LATITUDE: 45 39 N
LONGITUDE: 68 41 W
[TEMPERATURE DATA] [PRECIPITATION DATA] SYMBOLS USED IN COLUMN 16
AVERAGE MONTHLY: 54.1 TOTAL FOR MONTH: 2.12 1 = FOG OR MIST
DPTR FM NORMAL: 0.9 DPTR FM NORMAL: -1.30 2 = FOG REDUCING VISIBILITY
HIGHEST: 91 ON 26 GRTST 24HR 0.75 ON 30- 1 TO 1/4 MILE OR LESS
LOWEST: 33 ON 8 3 = THUNDER
SNOW, ICE PELLETS, HAIL 4 = ICE PELLETS
TOTAL MONTH: 0.0 INCH 5 = HAIL
GRTST 24HR M ON M 6 = FREEZING RAIN OR DRIZZLE
GRTST DEPTH: 0 7 = DUSTSTORM OR SANDSTORM:
VSBY 1/2 MILE OR LESS
8 = SMOKE OR HAZE
[NO. OF DAYS WITH] [WEATHER - DAYS WITH] 9 = BLOWING SNOW
X = TORNADO
MAX 32 OR BELOW: 0 0.01 INCH OR MORE: 13
MAX 90 OR ABOVE: 1 0.10 INCH OR MORE: 5
MIN 32 OR BELOW: 0 0.50 INCH OR MORE: 0
MIN 0 OR BELOW: 0 1.00 INCH OR MORE: 0
[HDD (BASE 65) ]
TOTAL THIS MO. 346 CLEAR (SCALE 0-3) 15
DPTR FM NORMAL -27 PTCLDY (SCALE 4-7) 12
TOTAL FM JUL 1 7468 CLOUDY (SCALE 8-10) 4
DPTR FM NORMAL -764
[CDD (BASE 65) ]
TOTAL THIS MO. 17
DPTR FM NORMAL 10 [PRESSURE DATA]
TOTAL FM JAN 1 17 HIGHEST SLP M ON M
DPTR FM NORMAL 10 LOWEST SLP 29.31 ON 1
[REMARKS]
#FINAL-05-21#