000
CXUS51 KCAR 011936
CLMMLT
CLIMATE REPORT
NATIONAL WEATHER SERVICE CARIBOU ME
236 PM EST FRI DEC 01 2023
...................................
...THE MILLINOCKET ME CLIMATE SUMMARY FOR THE MONTH OF NOVEMBER 2023...
CLIMATE NORMAL PERIOD: 1991 TO 2020
CLIMATE RECORD PERIOD: 1903 TO 2023
WEATHER OBSERVED NORMAL DEPART LAST YEAR`S
VALUE DATE(S) VALUE FROM VALUE DATE(S)
NORMAL
................................................................
TEMPERATURE (F)
RECORD
HIGH 74 11/10/2020
LOW -10 11/29/1920
HIGHEST 56 11/04 MM MM 72 11/05
LOWEST 13 11/25 MM MM 13 11/24
11/29
AVG. MAXIMUM 40.5 42.3 -1.8 47.1
AVG. MINIMUM 23.3 26.9 -3.6 29.3
MEAN 31.9 34.6 -2.7 38.2
DAYS MAX >= 90 0 0.0 0.0 0
DAYS MAX <= 32 3 4.0 -1.0 5
DAYS MIN <= 32 30 22.0 8.0 20
DAYS MIN <= 0 0 0.0 0.0 0
PRECIPITATION (INCHES)
RECORD
MAXIMUM 5.37 2020
MINIMUM 2.69 2021
TOTALS 3.01 -1.09
DAILY AVG. 0.10 0.14 -0.04 0.18
DAYS >= .01 8 11.4 -3.4 12
DAYS >= .10 4 7.1 -3.1 9
DAYS >= .50 3 2.7 0.3 4
DAYS >= 1.00 0 1.1 -1.1 2
SNOWFALL (INCHES)
RECORDS
TOTAL MM MM
TOTALS MM MM MM MM
SINCE 7/1 MM MM MM MM
SNOWDEPTH AVG. MM MM
DAYS >= 1.0 MM MM MM MM
GREATEST
SNOW DEPTH MM MM MM
24 HR TOTAL MM MM
DEGREE DAYS
HEATING TOTAL 988 912 76 796
SINCE 7/1 1532 1799 -267 MM
COOLING TOTAL 0 0 0 1
SINCE 1/1 419 293 126 MM
................................................................
WIND (MPH)
AVERAGE WIND SPEED 4.9
HIGHEST WIND SPEED/DIRECTION 29/320 DATE 11/08
HIGHEST GUST SPEED/DIRECTION 42/300 DATE 11/08
SKY COVER
POSSIBLE SUNSHINE (PERCENT) MM
AVERAGE SKY COVER 0.45
NUMBER OF DAYS FAIR 11
NUMBER OF DAYS PC 14
NUMBER OF DAYS CLOUDY 5
AVERAGE RH (PERCENT) 71
WEATHER CONDITIONS. NUMBER OF DAYS WITH
THUNDERSTORM 0 MIXED PRECIP 0
HEAVY RAIN 1 RAIN 3
LIGHT RAIN 6 FREEZING RAIN 0
LT FREEZING RAIN 0 HAIL 0
HEAVY SNOW 1 SNOW 1
LIGHT SNOW 10 SLEET 0
FOG 14 FOG W/VIS <= 1/4 MILE 1
HAZE 3
- INDICATES NEGATIVE NUMBERS.
* INDICATES RECORD WAS SET OR TIED.
MM INDICATES DATA IS MISSING.
T INDICATES TRACE AMOUNT.
$$