000
CXUS56 KPQR 011547
CLMMMV
CLIMATE REPORT
NATIONAL WEATHER SERVICE PORTLAND OREGON
847 AM PDT THU JUN 01 2023
...................................
...THE MCMINNVILLE OR CLIMATE SUMMARY FOR THE MONTH OF MAY 2023...
CLIMATE NORMAL PERIOD 1991 TO 2020
CLIMATE RECORD PERIOD 1894 TO 2023
WEATHER OBSERVED NORMAL DEPART LAST YEAR`S
VALUE DATE(S) VALUE FROM VALUE DATE(S)
NORMAL
................................................................
TEMPERATURE (F)
HIGHEST 91 76 05/31
LOWEST 38 33 05/09
05/13
AVG. MAXIMUM 73.6 68.0 5.6 62.8
AVG. MINIMUM 46.9 44.3 2.6 42.8
MEAN 60.2 56.1 4.1 52.8
DAYS MAX >= 90 3 0.3 2.7 0
DAYS MAX <= 32 0 0.0 0.0 0
DAYS MIN <= 32 0 0.3 -0.3 0
DAYS MIN <= 0 0 0.0 0.0 0
PRECIPITATION (INCHES)
RECORD
MAXIMUM 5.46 1896
MINIMUM 0.02 1992
TOTALS 0.44 1.99 -1.55 3.34
DAYS >= .01 2 13.1 -11.1 17
DAYS >= .10 1 6.7 -5.7 10
DAYS >= .50 0 0.7 -0.7 2
DAYS >= 1.00 0 0.0 0.0 0
GREATEST
24 HR. TOTAL 0.44 05/03 TO 05/04
DEGREE DAYS
HEATING TOTAL 175 282 -107 371
SINCE 7/1 4512 4548 -36 MM
COOLING TOTAL 36 8 28 0
SINCE 1/1 44 9 35 MM
................................................................
WIND (MPH)
AVERAGE WIND SPEED 5.2
RESULTANT WIND SPEED/DIRECTION 2/270
HIGHEST WIND SPEED/DIRECTION 20/070 DATE 05/14
20/350 05/25
HIGHEST GUST SPEED/DIRECTION 26/030 DATE 05/13
SKY COVER
POSSIBLE SUNSHINE (PERCENT) MM
AVERAGE SKY COVER 0.33
AVERAGE RH (PERCENT) 68
WEATHER CONDITIONS. NUMBER OF DAYS WITH
THUNDERSTORM 1 MIXED PRECIP 0
HEAVY RAIN 0 RAIN 1
LIGHT RAIN 5 FREEZING RAIN 0
LT FREEZING RAIN 0 HAIL 0
HEAVY SNOW 0 SNOW 0
LIGHT SNOW 0 SLEET 0
FOG 5 FOG W/VIS <= 1/4 MILE 1
HAZE 2
- INDICATES NEGATIVE NUMBERS.
R INDICATES RECORD WAS SET OR TIED.
MM INDICATES DATA IS MISSING.
T INDICATES TRACE AMOUNT.
$$