000
CXUS55 KBOU 010900
CF6MNH
PRELIMINARY LOCAL CLIMATOLOGICAL DATA (WS FORM: F-6)
STATION: ELBERT 6W CO
MONTH: OCTOBER
YEAR: 2023
LATITUDE: 39 13 N
LONGITUDE: 104 38 W
TEMPERATURE IN F: :PCPN: SNOW: WIND :SUNSHINE: SKY :PK WND
================================================================================
1 2 3 4 5 6A 6B 7 8 9 10 11 12 13 14 15 16 17 18
12Z AVG MX 2MIN
DY MAX MIN AVG DEP HDD CDD WTR SNW DPTH SPD SPD DIR MIN PSBL S-S WX SPD DR
================================================================================
1 73 48 61 M 4 0 M M M 18.1 25 180 M M 0 35 180
2 72 45 59 M 6 0 M M M 11.0 21 160 M M 3 3 35 160
3 61 36 49 M 16 0 M M M 7.1 13 240 M M 2 20 270
4 59 37 48 M 17 0 M M M 8.2 16 160 M M 3 24 190
5 63 34 49 M 16 0 M M M 6.2 10 160 M M 1 17 70
6 45 32 39 M 26 0 M M M 5.4 13 160 M M 5 20 160
7 64 32 48 M 17 0 M M M 5.4 14 160 M M 0 8 18 160
8 68 37 53 M 12 0 M M M 5.6 9 330 M M 0 M M
9 70 36 53 M 12 0 M M M 6.8 10 170 M M 2 16 M
10 70 41 56 M 9 0 M M M 6.2 12 180 M M 2 16 340
11 70 37 54 M 11 0 M M M 8.4 20 220 M M 3 29 220
12 54 32 43 M 22 0 M M M 11.7 25 320 M M 7 32 320
13 46 25 36 M 29 0 M M M 11.6 25 330 M M 3 33 330
14 48 23 36 M 29 0 M M M 5.2 10 190 M M 0 M M
15 57 28 43 M 22 0 M M M 7.1 13 340 M M 0 17 340
16 68 32 50 M 15 0 M M M 5.1 8 200 M M 0 M M
17 75 43 59 M 6 0 M M M 7.1 12 360 M M 0 21 310
18 64 32 48 M 17 0 M M M 5.6 13 30 M M 0 18 350
19 72 41 57 M 8 0 M M M 6.6 10 250 M M 0 12 340
20 75 43 59 M 6 0 M M M 6.7 12 230 M M 0 M M
21 73 41 57 M 8 0 M M M 7.7 13 150 M M 0 25 60
22 72 41 57 M 8 0 M M M 6.5 12 160 M M 1 20 250
23 72 41 57 M 8 0 M M M 8.4 14 220 M M 1 23 240
24 52 36 44 M 21 0 M M M 5.8 15 160 M M 3 8 18 100
25 48 37 43 M 22 0 M M M 8.2 16 170 M M 1 22 160
26 45 27 36 M 29 0 M M M 11.9 22 240 M M 2 18 29 230
27 43 25 34 M 31 0 M M M 12.9 28 160 M M 3 37 160
28 28 18 23 M 42 0 M M M 9.4 16 170 M M 8 22 170
29 19 5 12 M 53 0 M M M 7.3 16 360 M M 7 21 360
30 41 5 23 M 42 0 M M M 6.9 12 180 M M 0 M M
31 45 18 32 M 33 0 M M M 8.2 20 180 M M 0 23 180
================================================================================
SM 1812 1008 597 0 M M 248.2 M 57
================================================================================
AV 58.5 32.5 8.0 FASTST M M 2 MAX(MPH)
MISC ----> 28 160 37 160
================================================================================
NOTES:
# LAST OF SEVERAL OCCURRENCES
COLUMN 17 PEAK WIND IN M.P.H.
PRELIMINARY LOCAL CLIMATOLOGICAL DATA (WS FORM: F-6) , PAGE 2
STATION: ELBERT 6W CO
MONTH: OCTOBER
YEAR: 2023
LATITUDE: 39 13 N
LONGITUDE: 104 38 W
[TEMPERATURE DATA] [PRECIPITATION DATA] SYMBOLS USED IN COLUMN 16
AVERAGE MONTHLY: 45.5 TOTAL FOR MONTH: M 1 = FOG OR MIST
DPTR FM NORMAL: 0.0 DPTR FM NORMAL: M 2 = FOG REDUCING VISIBILITY
HIGHEST: 75 ON 17,20 GRTST 24HR M ON M TO 1/4 MILE OR LESS
LOWEST: 5 ON 30,29 3 = THUNDER
SNOW, ICE PELLETS, HAIL 4 = ICE PELLETS
TOTAL MONTH: M 5 = HAIL
GRTST 24HR M ON M 6 = FREEZING RAIN OR DRIZZLE
GRTST DEPTH: M ON M 7 = DUSTSTORM OR SANDSTORM:
VSBY 1/2 MILE OR LESS
8 = SMOKE OR HAZE
[NO. OF DAYS WITH] [WEATHER - DAYS WITH] 9 = BLOWING SNOW
X = TORNADO
MAX 32 OR BELOW: 2 0.01 INCH OR MORE: 0
MAX 90 OR ABOVE: 0 0.10 INCH OR MORE: 0
MIN 32 OR BELOW: 14 0.50 INCH OR MORE: 0
MIN 0 OR BELOW: 0 1.00 INCH OR MORE: 0
[HDD (BASE 65) ]
TOTAL THIS MO. 597 CLEAR (SCALE 0-3) 26
DPTR FM NORMAL M PTCLDY (SCALE 4-7) 5
TOTAL FM JUL 1 865 CLOUDY (SCALE 8-10) 0
DPTR FM NORMAL M
[CDD (BASE 65) ]
TOTAL THIS MO. 0
DPTR FM NORMAL M [PRESSURE DATA]
TOTAL FM JAN 1 196 HIGHEST SLP M ON M
DPTR FM NORMAL M LOWEST SLP M ON M
[REMARKS]
#FINAL-10-23#