000
CXUS56 KSTO 011300
CF6MOD
PRELIMINARY LOCAL CLIMATOLOGICAL DATA (WS FORM: F-6)
STATION: MODESTO CA
MONTH: MAY
YEAR: 2023
LATITUDE: 37 37 N
LONGITUDE: 120 57 W
TEMPERATURE IN F: :PCPN: SNOW: WIND :SUNSHINE: SKY :PK WND
================================================================================
1 2 3 4 5 6A 6B 7 8 9 10 11 12 13 14 15 16 17 18
12Z AVG MX 2MIN
DY MAX MIN AVG DEP HDD CDD WTR SNW DPTH SPD SPD DIR MIN PSBL S-S WX SPD DR
================================================================================
1 61 44 53 -11 12 0 0.00 M M 4.7 16 310 M M 5 19 300
2 59 46 53 -12 12 0 0.30 M M 5.3 17 180 M M 7 1 27 170
3 59 44 52 -13 13 0 T M M 4.5 10 200 M M 4 17 250
4 62 50 56 -9 9 0 0.06 M M 4.6 13 110 M M 10 1 16 110
5 66 50 58 -8 7 0 0.02 M M 5.9 18 310 M M 8 1 22 310
6 64 51 58 -8 7 0 0.02 M M 2.6 14 310 M M 7 18 330
7 72 47 60 -6 5 0 0.00 M M 4.7 14 330 M M 3 17 320
8 71 46 59 -7 6 0 0.00 M M 6.6 16 320 M M 2 21 310
9 72 49 61 -5 4 0 0.00 M M 10.9 21 300 M M 0 28 290
10 72 47 60 -7 5 0 0.00 M M 6.2 17 310 M M 0 22 320
11 77 47 62 -5 3 0 0.00 M M 8.8 17 310 M M 0 25 290
12 84 52 68 1 0 3 0.00 M M 6.5 16 310 M M 0 19 310
13 91 56 74 7 0 9 0.00 M M 3.2 12 310 M M 0 18 340
14 92 59 76 8 0 11 0.00 M M 5.5 17 320 M M 0 21 300
15 88 55 72 4 0 7 0.00 M M 9.2 16 320 M M 0 21 320
16 92 59 76 8 0 11 0.00 M M 10.8 20 300 M M 0 23 310
17 93 58 76 8 0 11 0.00 M M 8.4 17 300 M M 0 21 310
18 89 57 73 5 0 8 0.00 M M 8.6 17 290 M M 0 8 21 350
19 89 58 74 6 0 9 0.00 M M 8.5 18 320 M M 0 22 320
20 84 56 70 1 0 5 0.00 M M 9.7 16 320 M M 0 22 340
21 87 53 70 1 0 5 0.00 M M 7.7 13 320 M M 0 18 320
22 92 59 76 7 0 11 0.00 M M 6.6 17 300 M M 0 20 320
23 81 55 68 -1 0 3 0.00 M M 6.5 14 330 M M 1 18 310
24 78 52 65 -5 0 0 0.00 M M 6.4 15 320 M M 1 18 320
25 78 51 65 -5 0 0 0.00 M M 7.0 17 300 M M 0 1 23 310
26 78 53 66 -4 0 1 0.00 M M 8.5 16 320 M M 0 1 20 320
27 82 52 67 -3 0 2 0.00 M M 8.8 17 330 M M 0 22 330
28 74 55 65 -5 0 0 0.00 M M 9.2 18 310 M M 2 21 320
29 80 54 67 -4 0 2 0.00 M M 6.8 17 330 M M 0 22 320
30 79 53 66 -5 0 1 0.00 M M 9.2 17 320 M M 2 22 310
31 80 53 67 -4 0 2 0.00 M M 7.6 16 320 M M 0 20 320
================================================================================
SM 2426 1621 83 101 0.40 M 219.5 M 52
================================================================================
AV 78.3 52.3 7.1 FASTST M M 2 MAX(MPH)
MISC ----> 21 300 28 290
================================================================================
NOTES:
# LAST OF SEVERAL OCCURRENCES
COLUMN 17 PEAK WIND IN M.P.H.
PRELIMINARY LOCAL CLIMATOLOGICAL DATA (WS FORM: F-6) , PAGE 2
STATION: MODESTO CA
MONTH: MAY
YEAR: 2023
LATITUDE: 37 37 N
LONGITUDE: 120 57 W
[TEMPERATURE DATA] [PRECIPITATION DATA] SYMBOLS USED IN COLUMN 16
AVERAGE MONTHLY: 65.3 TOTAL FOR MONTH: 0.40 1 = FOG OR MIST
DPTR FM NORMAL: -2.5 DPTR FM NORMAL: -0.25 2 = FOG REDUCING VISIBILITY
HIGHEST: 93 ON 17 GRTST 24HR 0.30 ON 2- 2 TO 1/4 MILE OR LESS
LOWEST: 44 ON 3, 1 3 = THUNDER
SNOW, ICE PELLETS, HAIL 4 = ICE PELLETS
TOTAL MONTH: M 5 = HAIL
GRTST 24HR M ON M 6 = FREEZING RAIN OR DRIZZLE
GRTST DEPTH: M ON M 7 = DUSTSTORM OR SANDSTORM:
VSBY 1/2 MILE OR LESS
8 = SMOKE OR HAZE
[NO. OF DAYS WITH] [WEATHER - DAYS WITH] 9 = BLOWING SNOW
X = TORNADO
MAX 32 OR BELOW: 0 0.01 INCH OR MORE: 4
MAX 90 OR ABOVE: 5 0.10 INCH OR MORE: 1
MIN 32 OR BELOW: 0 0.50 INCH OR MORE: 0
MIN 0 OR BELOW: 0 1.00 INCH OR MORE: 0
[HDD (BASE 65) ]
TOTAL THIS MO. 83 CLEAR (SCALE 0-3) 25
DPTR FM NORMAL 39 PTCLDY (SCALE 4-7) 5
TOTAL FM JUL 1 2866 CLOUDY (SCALE 8-10) 1
DPTR FM NORMAL 568
[CDD (BASE 65) ]
TOTAL THIS MO. 101
DPTR FM NORMAL -32 [PRESSURE DATA]
TOTAL FM JAN 1 144 HIGHEST SLP 30.11 ON 8
DPTR FM NORMAL -21 LOWEST SLP 29.71 ON 14
[REMARKS]
#FINAL-05-23#