000
CXUS56 KSTO 250210
CF6MOD
PRELIMINARY LOCAL CLIMATOLOGICAL DATA (WS FORM: F-6)
STATION: MODESTO CA
MONTH: DECEMBER
YEAR: 2022
LATITUDE: 37 37 N
LONGITUDE: 120 57 W
TEMPERATURE IN F: :PCPN: SNOW: WIND :SUNSHINE: SKY :PK WND
================================================================================
1 2 3 4 5 6A 6B 7 8 9 10 11 12 13 14 15 16 17 18
12Z AVG MX 2MIN
DY MAX MIN AVG DEP HDD CDD WTR SNW DPTH SPD SPD DIR MIN PSBL S-S WX SPD DR
================================================================================
1 51 37 44 -6 21 0 0.71 M M 6.8 18 310 M M 7 18 23 140
2 51 31 41 -8 24 0 0.00 M M 2.8 13 310 M M 3 12 15 320
3 56 40 48 -1 17 0 0.74 M M 5.5 15 290 M M 10 1 20 140
4 59 44 52 3 13 0 0.14 M M 2.0 10 320 M M 4 12 11 310
5 60 43 52 3 13 0 0.02 M M 2.3 8 90 M M 4 1 10 110
6 55 41 48 0 17 0 0.03 M M 4.7 14 270 M M 5 1 17 270
7 58 36 47 -1 18 0 0.00 M M 1.2 7 120 M M 0 1 8 340
8 54 35 45 -3 20 0 0.07 M M 5.1 10 160 M M 4 128 14 140
9 56 47 52 4 13 0 0.01 M M 4.1 10 150 M M 8 18 13 160
10 56 50 53 5 12 0 1.34 M M 12.2 26 130 M M 10 13 38 130
11 53 44 49 1 16 0 0.23 M M 5.7 15 290 M M 8 1 18 280
12 53 39 46 -2 19 0 T M M 8.3 17 310 M M 5 22 320
13 52 32 42 -5 23 0 0.00 M M 2.4 13 320 M M 0 18 16 320
14 54 31 43 -4 22 0 0.00 M M 0.4 5 120 M M 0 1 6 270
15 53 35 44 -3 21 0 0.00 M M 3.0 8 310 M M 0 128 10 310
16 52 32 42 -5 23 0 0.00 M M 1.5 8 320 M M 2 128 10 320
17 52 29 41 -6 24 0 0.00 M M 1.0 5 130 M M 5 128 7 180
18 43 34 39 -8 26 0 0.00 M M 4.2 10 110 M M 10 128 13 150
19 40 35 38 -9 27 0 0.00 M M 3.6 10 120 M M 9 18 12 120
20 51 37 44 -3 21 0 0.00 M M 2.5 9 300 M M 3 18 12 330
21 44 36 40 -7 25 0 0.00 M M 3.5 7 140 M M 9 12 10 130
22 44 40 42 -5 23 0 0.00 M M 4.9 10 100 M M 7 18 12 100
23 52 36 44 -2 21 0 0.00 M M 1.8 8 280 M M 3 128 10 300
24 50 34 42 -4 23 0 0.00 M M 3.1 9 170 M M 8 128 12 160
25 43 40 42 -4 23 0 0.00 M M 4.4 9 130 M M 10 12 M M
26 47 39 43 -3 22 0 0.18 M M 4.0 15 210 M M 10 12 24 210
27 52 42 47 1 18 0 1.57 M M 7.3 21 110 M M 10 12 29 120
28 57 34 46 0 19 0 0.00 M M 1.4 7 140 M M 2 12 10 150
29 51 46 49 3 16 0 0.46 M M 8.1 17 120 M M 10 1 23 120
30 59 49 54 8 11 0 0.07 M M 11.1 18 160 M M 10 1 27 150
31 59 48 54 8 11 0 1.37 M M 13.0 28 330 M M 10 1 36 320
================================================================================
SM 1617 1196 602 0 6.94 M 141.9 M 186
================================================================================
AV 52.2 38.6 4.6 FASTST M M 6 MAX(MPH)
MISC ----> 28 330 38 130
================================================================================
NOTES:
# LAST OF SEVERAL OCCURRENCES
COLUMN 17 PEAK WIND IN M.P.H.
PRELIMINARY LOCAL CLIMATOLOGICAL DATA (WS FORM: F-6) , PAGE 2
STATION: MODESTO CA
MONTH: DECEMBER
YEAR: 2022
LATITUDE: 37 37 N
LONGITUDE: 120 57 W
[TEMPERATURE DATA] [PRECIPITATION DATA] SYMBOLS USED IN COLUMN 16
AVERAGE MONTHLY: 45.4 TOTAL FOR MONTH: 6.94 1 = FOG OR MIST
DPTR FM NORMAL: -2.0 DPTR FM NORMAL: 4.73 2 = FOG REDUCING VISIBILITY
HIGHEST: 60 ON 5 GRTST 24HR 1.75 ON 26-27 TO 1/4 MILE OR LESS
LOWEST: 29 ON 17 3 = THUNDER
SNOW, ICE PELLETS, HAIL 4 = ICE PELLETS
TOTAL MONTH: M 5 = HAIL
GRTST 24HR M ON M 6 = FREEZING RAIN OR DRIZZLE
GRTST DEPTH: M ON M 7 = DUSTSTORM OR SANDSTORM:
VSBY 1/2 MILE OR LESS
8 = SMOKE OR HAZE
[NO. OF DAYS WITH] [WEATHER - DAYS WITH] 9 = BLOWING SNOW
X = TORNADO
MAX 32 OR BELOW: 0 0.01 INCH OR MORE: 14
MAX 90 OR ABOVE: 0 0.10 INCH OR MORE: 9
MIN 32 OR BELOW: 5 0.50 INCH OR MORE: 5
MIN 0 OR BELOW: 0 1.00 INCH OR MORE: 3
[HDD (BASE 65) ]
TOTAL THIS MO. 602 CLEAR (SCALE 0-3) 8
DPTR FM NORMAL 56 PTCLDY (SCALE 4-7) 10
TOTAL FM JUL 1 1125 CLOUDY (SCALE 8-10) 13
DPTR FM NORMAL 190
[CDD (BASE 65) ]
TOTAL THIS MO. 0
DPTR FM NORMAL 0 [PRESSURE DATA]
TOTAL FM JAN 1 1922 HIGHEST SLP 30.49 ON 24
DPTR FM NORMAL 299 LOWEST SLP 29.56 ON 31
[REMARKS]
#FINAL-12-22#