000
CXUS51 KPHI 010915
CF6MPO
PRELIMINARY LOCAL CLIMATOLOGICAL DATA (WS FORM: F-6)
STATION: MOUNT POCONO PA
MONTH: DECEMBER
YEAR: 2020
LATITUDE: 41 8 N
LONGITUDE: 75 24 W
TEMPERATURE IN F: :PCPN: SNOW: WIND :SUNSHINE: SKY :PK WND
================================================================================
1 2 3 4 5 6A 6B 7 8 9 10 11 12 13 14 15 16 17 18
12Z AVG MX 2MIN
DY MAX MIN AVG DEP HDD CDD WTR SNW DPTH SPD SPD DIR MIN PSBL S-S WX SPD DR
================================================================================
1 46 28 37 4 28 0 T M M 10.7 24 240 M M 9 1 34 230
2 35 27 31 -1 34 0 0.02 M M 14.6 25 260 M M 7 1 33 270
3 43 25 34 2 31 0 0.00 M M 13.5 21 280 M M 2 27 280
4 50 35 43 12 22 0 0.02 M M 8.2 17 220 M M 7 23 210
5 38 30 34 3 31 0 0.02 M M 15.0 31 320 M M 10 40 320
6 30 24 27 -4 38 0 T M M 19.6 32 320 M M 9 1 45 300
7 30 22 26 -4 39 0 0.00 M M 16.8 30 320 M M 5 41 320
8 29 22 26 -4 39 0 T M M 18.9 28 310 M M 5 37 310
9 31 25 28 -2 37 0 0.20 M M 12.7 20 280 M M 8 1 25 260
10 38 23 31 2 34 0 0.00 M M 11.0 24 300 M M 5 32 300
11 47 24 36 7 29 0 0.00 M M 6.9 16 210 M M 0 21 200
12 47 33 40 12 25 0 T M M 6.0 12 180 M M 6 12 17 210
13 49 32 41 13 24 0 0.00 M M 10.4 28 260 M M 5 36 280
14 33 25 29 1 36 0 0.07 M M 9.9 31 310 M M 7 16 45 300
15 28 17 23 -5 42 0 0.00 M M 12.5 23 300 M M 2 32 310
16 19 15 17 -10 48 0 0.90 M M 10.6 25 60 M M 7 1 41 70
17 28 14 21 -6 44 0 0.35 M M 13.5 31 350 M M 6 18 40 350
18 22 13 18 -9 47 0 0.00 M M 13.0 23 320 M M 5 29 310
19 28 4 16 -10 49 0 0.00 M M 3.7 14 310 M M 1 17 320
20 31 22 27 1 38 0 T M M 6.3 12 190 M M 10 1 16 180
21 37 28 33 7 32 0 T M M 5.5 15 280 M M 8 1 18 280
22 36 30 33 7 32 0 T M M 14.0 31 300 M M 10 1 44 300
23 34 23 29 3 36 0 0.00 M M 7.7 21 310 M M 1 27 320
24 54 32 43 18 22 0 1.67 M M 15.2 29 150 M M 10 12 42 120
25 57 16 37 12 28 0 1.13 M M 16.3 33 150 M M 10 1 48 130
26 19 13 16 -9 49 0 T M M 15.2 24 260 M M 9 1 31 260
27 30 13 22 -3 43 0 0.00 M M 6.5 15 280 M M 2 18 280
28 43 24 34 10 31 0 T M M 10.8 25 270 M M 7 1 31 250
29 32 17 25 1 40 0 T M M 14.1 26 300 M M 6 38 290
30 32 14 23 -1 42 0 T M M 7.9 18 210 M M 5 46 24 200
31 36 23 30 6 35 0 0.04 M M 12.7 21 300 M M 8 16 29 310
================================================================================
SM 1112 693 1105 0 4.42 M 359.7 M 192
================================================================================
AV 35.9 22.4 11.6 FASTST M M 6 MAX(MPH)
MISC ----> 33 150 48 130
================================================================================
NOTES:
# LAST OF SEVERAL OCCURRENCES
COLUMN 17 PEAK WIND IN M.P.H.
PRELIMINARY LOCAL CLIMATOLOGICAL DATA (WS FORM: F-6) , PAGE 2
STATION: MOUNT POCONO PA
MONTH: DECEMBER
YEAR: 2020
LATITUDE: 41 8 N
LONGITUDE: 75 24 W
[TEMPERATURE DATA] [PRECIPITATION DATA] SYMBOLS USED IN COLUMN 16
AVERAGE MONTHLY: 29.1 TOTAL FOR MONTH: 4.42 1 = FOG OR MIST
DPTR FM NORMAL: 1.4 DPTR FM NORMAL: 0.55 2 = FOG REDUCING VISIBILITY
HIGHEST: 57 ON 25 GRTST 24HR 2.79 ON 24-25 TO 1/4 MILE OR LESS
LOWEST: 4 ON 19 3 = THUNDER
SNOW, ICE PELLETS, HAIL 4 = ICE PELLETS
TOTAL MONTH: M 5 = HAIL
GRTST 24HR M ON M 6 = FREEZING RAIN OR DRIZZLE
GRTST DEPTH: M ON M 7 = DUSTSTORM OR SANDSTORM:
VSBY 1/2 MILE OR LESS
8 = SMOKE OR HAZE
[NO. OF DAYS WITH] [WEATHER - DAYS WITH] 9 = BLOWING SNOW
X = TORNADO
MAX 32 OR BELOW: 14 0.01 INCH OR MORE: 10
MAX 90 OR ABOVE: 0 0.10 INCH OR MORE: 5
MIN 32 OR BELOW: 29 0.50 INCH OR MORE: 3
MIN 0 OR BELOW: 0 1.00 INCH OR MORE: 2
[HDD (BASE 65) ]
TOTAL THIS MO. 1105 CLEAR (SCALE 0-3) 6
DPTR FM NORMAL -53 PTCLDY (SCALE 4-7) 16
TOTAL FM JUL 1 2472 CLOUDY (SCALE 8-10) 9
DPTR FM NORMAL -263
[CDD (BASE 65) ]
TOTAL THIS MO. 0
DPTR FM NORMAL 0 [PRESSURE DATA]
TOTAL FM JAN 1 424 HIGHEST SLP 30.54 ON 30
DPTR FM NORMAL 110 LOWEST SLP 29.34 ON 25
[REMARKS]
#FINAL-12-20#