000
CXUS53 KMPX 010910
CF6MPX
PRELIMINARY LOCAL CLIMATOLOGICAL DATA (WS FORM: F-6)
STATION: CHANHASSEN MN
MONTH: SEPTEMBER
YEAR: 2023
LATITUDE: 44 50 N
LONGITUDE: 93 34 W
TEMPERATURE IN F: :PCPN: SNOW: WIND :SUNSHINE: SKY :PK WND
================================================================================
1 2 3 4 5 6A 6B 7 8 9 10 11 12 13 14 15 16 17 18
12Z AVG MX 2MIN
DY MAX MIN AVG DEP HDD CDD WTR SNW DPTH SPD SPD DIR MIN PSBL S-S WX SPD DR
================================================================================
1 87 61 74 8 0 9 0.06 0.0 0 M M M M M M M M
2 86 66 76 10 0 11 0.00 0.0 0 M M M M M M M M
3 96 69 83 17 0 18 0.00 0.0 0 M M M M M M M M
4 96 73 85 19 0 20 0.00 0.0 0 M M M M M M M M
5 87 70 79 14 0 14 0.00 0.0 0 M M M M M M M M
6 71 58 65 0 0 0 T 0.0 0 M M M M M M M M
7 65 50 58 -7 7 0 0.00 0.0 0 M M M M M M M M
8 77 46 62 -2 3 0 0.00 0.0 0 M M M M M M M M
9 73 57 65 1 0 0 T 0.0 0 M M M M M M M M
10 71 54 63 -1 2 0 0.00 0.0 0 M M M M M M M M
11 73 50 62 -1 3 0 0.37 0.0 0 M M M M M M M M
12 65 48 57 -6 8 0 0.01 0.0 0 M M M M M M M M
13 65 44 55 -7 10 0 0.00 0.0 0 M M M M M M M M
14 81 48 65 3 0 0 0.00 0.0 0 M M M M M M M M
15 70 54 62 0 3 0 0.42 0.0 0 M M M M M M M M
16 70 47 59 -2 6 0 T 0.0 0 M M M M M M M M
17 71 49 60 -1 5 0 0.00 0.0 0 M M M M M M M M
18 76 47 62 2 3 0 T 0.0 0 M M M M M M M M
19 82 56 69 9 0 4 0.00 0.0 0 M M M M M M M M
20 85 54 70 10 0 5 0.00 0.0 0 M M M M M M M M
21 82 58 70 11 0 5 0.00 0.0 0 M M M M M M M M
22 75 60 68 9 0 3 T 0.0 0 M M M M M M M M
23 73 62 68 10 0 3 2.60 0.0 0 M M M M M M M M
24 73 57 65 7 0 0 0.66 0.0 0 M M M M M M M M
25 63 58 61 4 4 0 0.43 0.0 0 M M M M M M M M
26 64 59 62 5 3 0 0.06 0.0 0 M M M M M M M M
27 71 58 65 9 0 0 T 0.0 0 M M M M M M M M
28 72 60 66 10 0 1 0.00 0.0 0 M M M M M M M M
29 74 59 67 12 0 2 1.60 0.0 0 M M M M M M M M
30 86 63 75 20 0 10 0.02 0.0 0 M M M M M M M M
================================================================================
SM 2280 1695 57 105 6.23 0.0 M M M
================================================================================
AV 76.0 56.5 M FASTST M M M MAX(MPH)
MISC ----> M M M M
================================================================================
NOTES:
# LAST OF SEVERAL OCCURRENCES
COLUMN 17 PEAK WIND IN M.P.H.
PRELIMINARY LOCAL CLIMATOLOGICAL DATA (WS FORM: F-6) , PAGE 2
STATION: CHANHASSEN MN
MONTH: SEPTEMBER
YEAR: 2023
LATITUDE: 44 50 N
LONGITUDE: 93 34 W
[TEMPERATURE DATA] [PRECIPITATION DATA] SYMBOLS USED IN COLUMN 16
AVERAGE MONTHLY: 66.3 TOTAL FOR MONTH: 6.23 1 = FOG OR MIST
DPTR FM NORMAL: 5.0 DPTR FM NORMAL: 2.94 2 = FOG REDUCING VISIBILITY
HIGHEST: 96 ON 4, 3 GRTST 24HR 2.60 ON 23-23 TO 1/4 MILE OR LESS
LOWEST: 44 ON 13 3 = THUNDER
SNOW, ICE PELLETS, HAIL 4 = ICE PELLETS
TOTAL MONTH: 0.0 INCH 5 = HAIL
GRTST 24HR 0.0 6 = FREEZING RAIN OR DRIZZLE
GRTST DEPTH: 0 7 = DUSTSTORM OR SANDSTORM:
VSBY 1/2 MILE OR LESS
8 = SMOKE OR HAZE
[NO. OF DAYS WITH] [WEATHER - DAYS WITH] 9 = BLOWING SNOW
X = TORNADO
MAX 32 OR BELOW: 0 0.01 INCH OR MORE: 10
MAX 90 OR ABOVE: 2 0.10 INCH OR MORE: 6
MIN 32 OR BELOW: 0 0.50 INCH OR MORE: 3
MIN 0 OR BELOW: 0 1.00 INCH OR MORE: 2
[HDD (BASE 65) ]
TOTAL THIS MO. 57 CLEAR (SCALE 0-3) 0
DPTR FM NORMAL -109 PTCLDY (SCALE 4-7) 0
TOTAL FM JUL 1 72 CLOUDY (SCALE 8-10) 30
DPTR FM NORMAL -120
[CDD (BASE 65) ]
TOTAL THIS MO. 105
DPTR FM NORMAL 52 [PRESSURE DATA]
TOTAL FM JAN 1 785 HIGHEST SLP M ON M
DPTR FM NORMAL 207 LOWEST SLP M ON M
[REMARKS]
#FINAL-09-23#