000
CXUS53 KMQT 012100
CF6MQT
PRELIMINARY LOCAL CLIMATOLOGICAL DATA (WS FORM: F-6)
STATION: MARQUETTE MI
MONTH: MAY
YEAR: 2022
LATITUDE: 46 31 N
LONGITUDE: 87 33 W
TEMPERATURE IN F: :PCPN: SNOW: WIND :SUNSHINE: SKY :PK WND
================================================================================
1 2 3 4 5 6A 6B 7 8 9 10 11 12 13 14 15 16 17 18
12Z AVG MX 2MIN
DY MAX MIN AVG DEP HDD CDD WTR SNW DPTH SPD SPD DIR MIN PSBL S-S WX SPD DR
================================================================================
1 48 41 45 1 20 0 0.16 0.0 0 M M M M M M 1 23 90
2 47 39 43 -1 22 0 0.02 0.0 0 M M M M M M 20 270
3 44 34 39 -6 26 0 T 0.0 0 M M M M M M 21 360
4 51 29 40 -6 25 0 0.00 0.0 0 M M M M M M 15 135
5 60 30 45 -1 20 0 0.00 0.0 0 M M M M M M 18 90
6 63 32 48 2 17 0 0.00 0.0 0 M M M M M M 23 45
7 66 32 49 2 16 0 0.00 0.0 0 M M M M M M 20 90
8 63 40 52 5 13 0 T 0.0 0 M M M M M M 26 225
9 73 49 61 13 4 0 T 0.0 0 M M M M M M 48 180
10 77 55 66 18 0 1 0.03 0.0 0 M M M M M M 123 32 180
11 67 50 59 10 6 0 0.00 0.0 0 M M M M M M 12 15 90
12 87 51 69 20 0 4 1.62 0.0 0 M M M M M M 3 33 270
13 90 64 77 27 0 12 T 0.0 0 M M M M M M 3 31 225
14 79 59 69 19 0 4 0.01 0.0 0 M M M M M M 3 25 315
15 71 47 59 9 6 0 0.01 0.0 0 M M M M M M 24 225
16 55 45 50 -1 15 0 T 0.0 0 M M M M M M 26 270
17 52 37 45 -6 20 0 T 0.0 0 M M M M M M 18 36
18 68 37 53 1 12 0 0.01 0.0 0 M M M M M M 24 180
19 59 45 52 0 13 0 0.19 0.0 0 M M M M M M 1 16 225
20 63 51 57 5 8 0 0.35 0.0 0 M M M M M M 1 28 270
21 53 39 46 -7 19 0 T 0.0 0 M M M M M M 21 270
22 46 34 40 -13 25 0 0.20 0.0 0 M M M M M M 15 45
23 59 32 46 -8 19 0 0.00 0.0 0 M M M M M M 19 90
24 69 40 55 1 10 0 0.00 0.0 0 M M M M M M 15 225
25 52 41 47 -7 18 0 0.29 0.0 0 M M M M M M 12 22 45
26 55 43 49 -6 16 0 0.36 0.0 0 M M M M M M 17 315
27 62 44 53 -2 12 0 0.00 0.0 0 M M M M M M 21 315
28 58 42 50 -5 15 0 0.28 0.0 0 M M M M M M 17 180
29 76 50 63 7 2 0 T 0.0 0 M M M M M M 31 180
30 84 60 72 16 0 7 0.00 0.0 0 M M M M M M 25 180
31 87 58 73 17 0 8 0.00 0.0 0 M M M M M M 39 180
================================================================================
SM 1984 1350 379 36 3.53 0.0 M M M
================================================================================
AV 64.0 43.5 M FASTST M M M MAX(MPH)
MISC ----> M M 48 180
================================================================================
NOTES:
# LAST OF SEVERAL OCCURRENCES
COLUMN 17 PEAK WIND IN M.P.H.
PRELIMINARY LOCAL CLIMATOLOGICAL DATA (WS FORM: F-6) , PAGE 2
STATION: MARQUETTE MI
MONTH: MAY
YEAR: 2022
LATITUDE: 46 31 N
LONGITUDE: 87 33 W
[TEMPERATURE DATA] [PRECIPITATION DATA] SYMBOLS USED IN COLUMN 16
AVERAGE MONTHLY: 53.8 TOTAL FOR MONTH: 3.53 1 = FOG OR MIST
DPTR FM NORMAL: 3.2 DPTR FM NORMAL: 0.16 2 = FOG REDUCING VISIBILITY
HIGHEST: 90 ON 13 GRTST 24HR 1.62 ON 12-12 TO 1/4 MILE OR LESS
LOWEST: 29 ON 4 3 = THUNDER
SNOW, ICE PELLETS, HAIL 4 = ICE PELLETS
TOTAL MONTH: 0.0 INCH 5 = HAIL
GRTST 24HR 0.0 6 = FREEZING RAIN OR DRIZZLE
GRTST DEPTH: 0 7 = DUSTSTORM OR SANDSTORM:
VSBY 1/2 MILE OR LESS
8 = SMOKE OR HAZE
[NO. OF DAYS WITH] [WEATHER - DAYS WITH] 9 = BLOWING SNOW
X = TORNADO
MAX 32 OR BELOW: 0 0.01 INCH OR MORE: 13
MAX 90 OR ABOVE: 1 0.10 INCH OR MORE: 8
MIN 32 OR BELOW: 5 0.50 INCH OR MORE: 1
MIN 0 OR BELOW: 0 1.00 INCH OR MORE: 1
[HDD (BASE 65) ]
TOTAL THIS MO. 379 CLEAR (SCALE 0-3) 0
DPTR FM NORMAL -78 PTCLDY (SCALE 4-7) 0
TOTAL FM JUL 1 8815 CLOUDY (SCALE 8-10) 31
DPTR FM NORMAL -227
[CDD (BASE 65) ]
TOTAL THIS MO. 36
DPTR FM NORMAL 24 [PRESSURE DATA]
TOTAL FM JAN 1 36 HIGHEST SLP M ON M
DPTR FM NORMAL 24 LOWEST SLP M ON M
[REMARKS]
#FINAL-05-22#