000
CXUS53 KMQT 011000
CF6MQT
PRELIMINARY LOCAL CLIMATOLOGICAL DATA (WS FORM: F-6)
STATION: MARQUETTE MI
MONTH: NOVEMBER
YEAR: 2023
LATITUDE: 46 31 N
LONGITUDE: 87 33 W
TEMPERATURE IN F: :PCPN: SNOW: WIND :SUNSHINE: SKY :PK WND
================================================================================
1 2 3 4 5 6A 6B 7 8 9 10 11 12 13 14 15 16 17 18
12Z AVG MX 2MIN
DY MAX MIN AVG DEP HDD CDD WTR SNW DPTH SPD SPD DIR MIN PSBL S-S WX SPD DR
================================================================================
1 37 25 31 -6 34 0 0.00 0.0 0 M M M M M M 22 225
2 44 26 35 -1 30 0 0.00 0.0 0 M M M M M M 20 225
3 46 30 38 2 27 0 0.00 0.0 0 M M M M M M 20 225
4 43 22 33 -3 32 0 T T 0 M M M M M M 14 270
5 41 32 37 2 28 0 0.11 T 0 M M M M M M 4 12 180
6 49 31 40 5 25 0 0.48 0.2 0 M M M M M M 26 180
7 34 26 30 -4 35 0 0.27 2.6 1 M M M M M M 6 20 315
8 36 26 31 -3 34 0 0.51 0.7 3 M M M M M M 46 18 135
9 37 32 35 2 30 0 T T 2 M M M M M M 28 225
10 34 32 33 0 32 0 0.02 T 1 M M M M M M 12 270
11 38 26 32 -1 33 0 0.02 T T M M M M M M 14 180
12 46 32 39 7 26 0 0.13 0.6 1 M M M M M M 32 180
13 45 25 35 3 30 0 0.00 0.0 0 M M M M M M 36 270
14 49 25 37 6 28 0 0.00 0.0 0 M M M M M M 28 180
15 54 28 41 10 24 0 0.00 0.0 0 M M M M M M 18 180
16 61 29 45 15 20 0 0.05 0.0 0 M M M M M M 36 180
17 38 31 35 5 30 0 0.00 0.0 0 M M M M M M 25 315
18 48 31 40 10 25 0 0.00 0.0 0 M M M M M M 18 270
19 40 22 31 2 34 0 0.00 0.0 0 M M M M M M 16 360
20 39 20 30 1 35 0 0.00 0.0 0 M M M M M M 15 180
21 41 26 34 6 31 0 T T 0 M M M M M M 17 315
22 40 27 34 6 31 0 0.00 0.0 0 M M M M M M 21 270
23 35 16 26 -2 39 0 T T 0 M M M M M M 25 315
24 29 15 22 -5 43 0 T T 0 M M M M M M 27 270
25 32 19 26 -1 39 0 0.00 0.0 0 M M M M M M 24 270
26 26 22 24 -2 41 0 0.08 0.9 0 M M M M M M 29 270
27 22 12 17 -9 48 0 0.05 1.2 1 M M M M M M 32 270
28 20 13 17 -9 48 0 0.04 1.0 2 M M M M M M 25 270
29 38 16 27 2 38 0 0.02 0.6 2 M M M M M M 23 225
30 38 26 32 7 33 0 T T 2 M M M M M M 22 225
================================================================================
SM 1180 743 983 0 1.78 7.8 M M M
================================================================================
AV 39.3 24.8 M FASTST M M M MAX(MPH)
MISC ----> M M # 36 270
================================================================================
NOTES:
# LAST OF SEVERAL OCCURRENCES
COLUMN 17 PEAK WIND IN M.P.H.
PRELIMINARY LOCAL CLIMATOLOGICAL DATA (WS FORM: F-6) , PAGE 2
STATION: MARQUETTE MI
MONTH: NOVEMBER
YEAR: 2023
LATITUDE: 46 31 N
LONGITUDE: 87 33 W
[TEMPERATURE DATA] [PRECIPITATION DATA] SYMBOLS USED IN COLUMN 16
AVERAGE MONTHLY: 32.1 TOTAL FOR MONTH: 1.78 1 = FOG OR MIST
DPTR FM NORMAL: 1.3 DPTR FM NORMAL: -1.12 2 = FOG REDUCING VISIBILITY
HIGHEST: 61 ON 16 GRTST 24HR 0.51 ON 8- 8 TO 1/4 MILE OR LESS
LOWEST: 12 ON 27 3 = THUNDER
SNOW, ICE PELLETS, HAIL 4 = ICE PELLETS
TOTAL MONTH: 8.2 INCHES 5 = HAIL
GRTST 24HR 2.6 ON 7- 7 6 = FREEZING RAIN OR DRIZZLE
GRTST DEPTH: 3 ON 8 7 = DUSTSTORM OR SANDSTORM:
VSBY 1/2 MILE OR LESS
8 = SMOKE OR HAZE
[NO. OF DAYS WITH] [WEATHER - DAYS WITH] 9 = BLOWING SNOW
X = TORNADO
MAX 32 OR BELOW: 5 0.01 INCH OR MORE: 12
MAX 90 OR ABOVE: 0 0.10 INCH OR MORE: 5
MIN 32 OR BELOW: 30 0.50 INCH OR MORE: 1
MIN 0 OR BELOW: 0 1.00 INCH OR MORE: 0
[HDD (BASE 65) ]
TOTAL THIS MO. 983 CLEAR (SCALE 0-3) 0
DPTR FM NORMAL -43 PTCLDY (SCALE 4-7) 0
TOTAL FM JUL 1 1963 CLOUDY (SCALE 8-10) 30
DPTR FM NORMAL -204
[CDD (BASE 65) ]
TOTAL THIS MO. 0
DPTR FM NORMAL 0 [PRESSURE DATA]
TOTAL FM JAN 1 278 HIGHEST SLP M ON M
DPTR FM NORMAL 41 LOWEST SLP M ON M
[REMARKS]
#FINAL-11-23#