000
CXUS53 KMQT 011338
CLMMQT
CLIMATE REPORT
NATIONAL WEATHER SERVICE
938 AM EDT FRI SEP 01 2023
...................................
...THE MARQUETTE MI CLIMATE SUMMARY FOR THE MONTH OF AUGUST 2023...
CLIMATE NORMAL PERIOD: 1991 TO 2020
CLIMATE RECORD PERIOD: 1961 TO 2023
WEATHER OBSERVED NORMAL DEPART LAST YEAR`S
VALUE DATE(S) VALUE FROM VALUE DATE(S)
NORMAL
................................................................
TEMPERATURE (F)
RECORD
HIGH 96 08/06/2001
LOW 31 08/30/1976
HIGHEST 84 08/02 73 11 87 08/03
08/16
08/06
LOWEST 38 08/27 52 -14 41 08/12
AVG. MAXIMUM 72.5 74.2 -1.7 74.9
AVG. MINIMUM 52.4 53.1 -0.7 55.0
MEAN 62.4 63.6 -1.2 64.9
DAYS MAX >= 90 0 0.6 -0.6 0
DAYS MAX <= 32 0 0.0 0.0 0
DAYS MIN <= 32 0 0.0 0.0 0
DAYS MIN <= 0 0 0.0 0.0 0
PRECIPITATION (INCHES)
RECORD
MAXIMUM 8.59 1988
MINIMUM 0.44 2008
TOTALS 3.66 2.85 0.81 3.92
DAILY AVG. 0.12 0.09 0.03 0.13
DAYS >= .01 12 10.5 1.5 13
DAYS >= .10 7 6.2 0.8 9
DAYS >= .50 2 1.6 0.4 4
DAYS >= 1.00 1 0.6 0.4 0
GREATEST
24 HR. TOTAL 1.44 08/22 TO 08/22
SNOWFALL (INCHES)
RECORDS
TOTAL T 2009
TOTALS 0.0 0.0 0.0 0.0
SINCE 7/1 T 0.0 0.0 MM
SNOWDEPTH AVG. 0 0
DAYS >= 1.0 0 0.0 0.0 0
GREATEST
SNOW DEPTH 0 0 MM
24 HR TOTAL MM
DEGREE DAYS
HEATING TOTAL 113 105 8 56
SINCE 7/1 177 186 -9 MM
COOLING TOTAL 41 63 -22 59
SINCE 1/1 180 212 -32 MM
................................................................
WIND (MPH)
AVERAGE WIND SPEED MM
HIGHEST WIND SPEED/DIRECTION MM DATE MM
HIGHEST GUST SPEED/DIRECTION 30/180 DATE 08/16
SKY COVER
POSSIBLE SUNSHINE (PERCENT) MM
AVERAGE SKY COVER MM
NUMBER OF DAYS FAIR 0
NUMBER OF DAYS PC 0
NUMBER OF DAYS CLOUDY 0
AVERAGE RH (PERCENT) MM
WEATHER CONDITIONS. NUMBER OF DAYS WITH
THUNDERSTORM 3 MIXED PRECIP 0
HEAVY RAIN 2 RAIN 3
LIGHT RAIN 14 FREEZING RAIN 0
LT FREEZING RAIN 0 HAIL 0
HEAVY SNOW 0 SNOW 0
LIGHT SNOW 0 SLEET 0
FOG 6 FOG W/VIS <= 1/4 MILE 3
HAZE 2
- INDICATES NEGATIVE NUMBERS.
R INDICATES RECORD WAS SET OR TIED.
MM INDICATES DATA IS MISSING.
T INDICATES TRACE AMOUNT.
$$