000
CXUS51 KLWX 010915
CF6MRB
PRELIMINARY LOCAL CLIMATOLOGICAL DATA (WS FORM: F-6)
STATION: MARTINSBURG WV
MONTH: NOVEMBER
YEAR: 2023
LATITUDE: 39 24 N
LONGITUDE: 77 58 W
TEMPERATURE IN F: :PCPN: SNOW: WIND :SUNSHINE: SKY :PK WND
================================================================================
1 2 3 4 5 6A 6B 7 8 9 10 11 12 13 14 15 16 17 18
12Z AVG MX 2MIN
DY MAX MIN AVG DEP HDD CDD WTR SNW DPTH SPD SPD DIR MIN PSBL S-S WX SPD DR
================================================================================
1 45 26 36 -14 29 0 0.00 M M 10.2 24 310 M M 5 32 300
2 48 20 34 -15 31 0 0.00 M M 2.1 10 180 M M 0 13 220
3 59 21 40 -9 25 0 0.00 0.0 0 2.3 12 150 M M 0 16 130
4 65 28 47 -2 18 0 0.00 0.0 0 1.6 12 240 M M 1 14 220
5 66 35 51 3 14 0 0.00 0.0 0 4.2 16 330 M M 0 22 330
6 60 33 47 -1 18 0 0.00 0.0 0 4.1 14 140 M M 1 19 140
7 74 52 63 15 2 0 0.00 0.0 0 9.9 30 270 M M 1 38 260
8 59 40 50 3 15 0 0.00 0.0 0 3.5 12 20 M M 0 15 30
9 60 39 50 3 15 0 0.18 M M 4.6 17 310 M M 3 1 23 280
10 52 33 43 -3 22 0 0.25 M M 5.3 16 340 M M 6 1 22 340
11 55 27 41 -5 24 0 0.00 M M 1.3 9 350 M M 4 12 12 330
12 49 29 39 -7 26 0 0.00 M M 2.6 8 30 M M 3 1 10 40
13 55 24 40 -6 25 0 0.00 M M 3.9 15 300 M M 0 1 21 310
14 57 31 44 -1 21 0 0.00 M M 5.5 17 340 M M 0 26 340
15 57 26 42 -3 23 0 0.00 M M 2.2 15 150 M M 0 18 150
16 67 28 48 4 17 0 0.00 M M 1.5 9 150 M M 0 18 13 160
17 67 35 51 7 14 0 0.03 M M 4.9 14 200 M M 4 18 19 190
18 55 35 45 1 20 0 0.00 M M 9.3 28 320 M M 3 12 35 320
19 57 29 43 0 22 0 0.00 M M 6.2 15 280 M M 0 21 290
20 46 28 37 -6 28 0 0.00 M M 2.9 10 360 M M 0 13 360
21 44 33 39 -4 26 0 2.27 M M 4.0 14 270 M M 9 1 17 320
22 52 37 45 3 20 0 0.00 M M 7.9 21 310 M M 9 12 25 310
23 55 38 47 5 18 0 0.00 M M 8.6 22 320 M M 3 29 340
24 50 30 40 -2 25 0 0.00 M M 7.0 16 350 M M 2 22 350
25 41 22 32 -9 33 0 0.00 M M 2.0 9 360 M M 0 8 12 360
26 44 27 36 -5 29 0 0.00 M M 2.4 12 160 M M 3 15 180
27 44 29 37 -4 28 0 T M M 10.8 26 270 M M 7 34 280
28 36 23 30 -10 35 0 T M M 13.7 31 300 M M 7 41 290
29 37 18 28 -12 37 0 0.00 M M 5.0 14 280 M M 3 8 18 260
30 57 23 40 0 25 0 0.00 0.0 0 5.6 13 180 M M 0 19 160
================================================================================
SM 1613 899 685 0 2.73 0.0 155.1 M 74
================================================================================
AV 53.8 30.0 5.2 FASTST M M 2 MAX(MPH)
MISC ----> 31 300 41 290
================================================================================
NOTES:
# LAST OF SEVERAL OCCURRENCES
COLUMN 17 PEAK WIND IN M.P.H.
PRELIMINARY LOCAL CLIMATOLOGICAL DATA (WS FORM: F-6) , PAGE 2
STATION: MARTINSBURG WV
MONTH: NOVEMBER
YEAR: 2023
LATITUDE: 39 24 N
LONGITUDE: 77 58 W
[TEMPERATURE DATA] [PRECIPITATION DATA] SYMBOLS USED IN COLUMN 16
AVERAGE MONTHLY: 41.9 TOTAL FOR MONTH: 2.73 1 = FOG OR MIST
DPTR FM NORMAL: -2.7 DPTR FM NORMAL: 0.00 2 = FOG REDUCING VISIBILITY
HIGHEST: 74 ON 7 GRTST 24HR 2.27 ON 21-21 TO 1/4 MILE OR LESS
LOWEST: 18 ON 29 3 = THUNDER
SNOW, ICE PELLETS, HAIL 4 = ICE PELLETS
TOTAL MONTH: 0.0 INCH 5 = HAIL
GRTST 24HR 0.0 6 = FREEZING RAIN OR DRIZZLE
GRTST DEPTH: 0 7 = DUSTSTORM OR SANDSTORM:
VSBY 1/2 MILE OR LESS
8 = SMOKE OR HAZE
[NO. OF DAYS WITH] [WEATHER - DAYS WITH] 9 = BLOWING SNOW
X = TORNADO
MAX 32 OR BELOW: 0 0.01 INCH OR MORE: 4
MAX 90 OR ABOVE: 0 0.10 INCH OR MORE: 3
MIN 32 OR BELOW: 19 0.50 INCH OR MORE: 1
MIN 0 OR BELOW: 0 1.00 INCH OR MORE: 1
[HDD (BASE 65) ]
TOTAL THIS MO. 685 CLEAR (SCALE 0-3) 20
DPTR FM NORMAL 74 PTCLDY (SCALE 4-7) 8
TOTAL FM JUL 1 1075 CLOUDY (SCALE 8-10) 2
DPTR FM NORMAL 80
[CDD (BASE 65) ]
TOTAL THIS MO. 0
DPTR FM NORMAL 0 [PRESSURE DATA]
TOTAL FM JAN 1 754 HIGHEST SLP 30.53 ON 2
DPTR FM NORMAL -258 LOWEST SLP 29.72 ON 18
[REMARKS]
#FINAL-11-23#