000
CXUS56 KMTR 010900
CF6MRY
PRELIMINARY LOCAL CLIMATOLOGICAL DATA (WS FORM: F-6)
STATION: MONTEREY AIRPORT
MONTH: MAY
YEAR: 2021
LATITUDE: 36 34 N
LONGITUDE: 121 51 W
TEMPERATURE IN F: :PCPN: SNOW: WIND :SUNSHINE: SKY :PK WND
================================================================================
1 2 3 4 5 6A 6B 7 8 9 10 11 12 13 14 15 16 17 18
12Z AVG MX 2MIN
DY MAX MIN AVG DEP HDD CDD WTR SNW DPTH SPD SPD DIR MIN PSBL S-S WX SPD DR
================================================================================
1 67 52 60 4 5 0 0.00 M M 9.5 23 260 M M 9 18 28 250
2 64 53 59 3 6 0 0.00 M M 9.9 21 290 M M 5 8 30 270
3 71 49 60 3 5 0 0.00 M M 5.8 15 280 M M 2 8 21 260
4 69 50 60 3 5 0 0.00 M M 5.7 14 320 M M 0 8 18 310
5 68 51 60 3 5 0 0.00 M M 5.5 15 260 M M 5 18 21 280
6 65 50 58 1 7 0 0.00 M M 6.4 16 270 M M 7 128 21 260
7 62 52 57 0 8 0 0.00 M M 9.1 18 280 M M 5 23 250
8 73 47 60 3 5 0 0.00 M M 4.3 12 270 M M 1 8 15 320
9 70 49 60 3 5 0 T M M 7.3 18 270 M M 2 8 27 270
10 70 51 61 4 4 0 0.00 M M 6.9 15 250 M M 3 18 M M
11 69 49 59 2 6 0 0.00 M M 4.0 13 260 M M 4 18 16 280
12 69 51 60 3 5 0 0.00 M M 4.9 16 230 M M 8 18 20 240
13 64 51 58 1 7 0 0.00 M M 5.6 16 260 M M 8 18 M M
14 M M M M M M M M M M M M M M M 1 M M
15 57 54 56 -2 9 0 0.00 M M 8.8 13 240 M M 7 1 20 240
16 M M M M M M 0.00 M M M M M M M M M M
17 63 M M M M M M M M M M M M M 9 18 M M
18 66 53 60 2 5 0 0.00 M M 8.3 16 290 M M 5 24 270
19 62 52 57 -1 8 0 0.00 M M 12.5 29 270 M M 4 36 280
20 60 52 56 -2 9 0 0.00 M M 14.0 28 300 M M 2 41 290
21 61 51 56 -2 9 0 0.00 M M 10.9 21 250 M M 8 27 260
22 64 53 59 1 6 0 0.00 M M 9.6 20 270 M M 7 26 240
23 66 53 60 2 5 0 0.00 M M 7.1 14 330 M M 5 24 300
24 65 53 59 1 6 0 0.00 M M 6.3 16 280 M M 5 18 21 270
25 66 51 59 1 6 0 0.00 M M 7.6 20 260 M M 3 1 26 260
26 62 51 57 -1 8 0 0.00 M M 8.1 16 270 M M 7 18 21 300
27 67 52 60 2 5 0 0.00 M M 7.9 17 270 M M 7 23 260
28 64 54 59 0 6 0 0.00 M M 8.6 15 240 M M 8 18 20 290
29 60 53 57 -2 8 0 T M M 9.2 17 270 M M 10 18 23 270
30 64 54 59 0 6 0 0.00 M M 6.5 12 260 M M 4 8 16 320
31 72 49 61 2 4 0 0.00 M M 4.3 12 270 M M 1 1 14 280
================================================================================
SM 1900 1440 173 0 T M 214.6 M 151
================================================================================
AV 65.5 51.4 7.7 FASTST M M 5 MAX(MPH)
MISC ----> 29 270 41 290
================================================================================
NOTES:
# LAST OF SEVERAL OCCURRENCES
COLUMN 17 PEAK WIND IN M.P.H.
PRELIMINARY LOCAL CLIMATOLOGICAL DATA (WS FORM: F-6) , PAGE 2
STATION: MONTEREY AIRPORT
MONTH: MAY
YEAR: 2021
LATITUDE: 36 34 N
LONGITUDE: 121 51 W
[TEMPERATURE DATA] [PRECIPITATION DATA] SYMBOLS USED IN COLUMN 16
AVERAGE MONTHLY: 58.5 TOTAL FOR MONTH: T 1 = FOG OR MIST
DPTR FM NORMAL: 0.8 DPTR FM NORMAL: -0.51 2 = FOG REDUCING VISIBILITY
HIGHEST: 73 ON 8 GRTST 24HR T ON 9- 9 TO 1/4 MILE OR LESS
LOWEST: 47 ON 8 3 = THUNDER
SNOW, ICE PELLETS, HAIL 4 = ICE PELLETS
TOTAL MONTH: M 5 = HAIL
GRTST 24HR M ON M 6 = FREEZING RAIN OR DRIZZLE
GRTST DEPTH: M ON M 7 = DUSTSTORM OR SANDSTORM:
VSBY 1/2 MILE OR LESS
8 = SMOKE OR HAZE
[NO. OF DAYS WITH] [WEATHER - DAYS WITH] 9 = BLOWING SNOW
X = TORNADO
MAX 32 OR BELOW: 0 0.01 INCH OR MORE: 0
MAX 90 OR ABOVE: 0 0.10 INCH OR MORE: 0
MIN 32 OR BELOW: 0 0.50 INCH OR MORE: 0
MIN 0 OR BELOW: 0 1.00 INCH OR MORE: 0
[HDD (BASE 65) ]
TOTAL THIS MO. 173 CLEAR (SCALE 0-3) 7
DPTR FM NORMAL -57 PTCLDY (SCALE 4-7) 17
TOTAL FM JUL 1 2316 CLOUDY (SCALE 8-10) 7
DPTR FM NORMAL -405
[CDD (BASE 65) ]
TOTAL THIS MO. 0
DPTR FM NORMAL -3 [PRESSURE DATA]
TOTAL FM JAN 1 6 HIGHEST SLP M ON M
DPTR FM NORMAL 0 LOWEST SLP 29.92 ON 30
[REMARKS]
#FINAL-05-21#