000
CXUS53 KMKX 010810
CF6MSN
PRELIMINARY LOCAL CLIMATOLOGICAL DATA (WS FORM: F-6)
STATION: MADISON WI
MONTH: SEPTEMBER
YEAR: 2021
LATITUDE: 43 7 N
LONGITUDE: 89 20 W
TEMPERATURE IN F: :PCPN: SNOW: WIND :SUNSHINE: SKY :PK WND
================================================================================
1 2 3 4 5 6A 6B 7 8 9 10 11 12 13 14 15 16 17 18
12Z AVG MX 2MIN
DY MAX MIN AVG DEP HDD CDD WTR SNW DPTH SPD SPD DIR MIN PSBL S-S WX SPD DR
================================================================================
1 77 54 66 -1 0 1 0.00 0.0 0 6.2 14 40 M M 1 20 50
2 78 48 63 -4 2 0 0.00 0.0 0 4.9 16 80 M M 5 1 21 80
3 70 59 65 -1 0 0 0.10 0.0 0 7.4 21 160 M M 8 1 28 170
4 70 59 65 -1 0 0 T 0.0 0 5.3 14 330 M M 7 1 20 330
5 80 55 68 2 0 3 0.00 0.0 0 4.7 17 320 M M 3 29 300
6 79 50 65 -1 0 0 0.00 0.0 0 1.9 12 300 M M 2 1 16 310
7 79 59 69 4 0 4 0.15 0.0 0 6.9 17 320 M M 4 135 28 310
8 73 52 63 -2 2 0 0.00 0.0 0 6.4 17 310 M M 3 30 340
9 75 49 62 -2 3 0 0.00 0.0 0 2.3 12 340 M M 4 1 16 350
10 79 50 65 1 0 0 0.00 0.0 0 2.9 13 160 M M 2 1 18 210
11 85 56 71 7 0 6 0.00 0.0 0 4.3 14 190 M M 4 20 210
12 75 63 69 5 0 4 0.02 0.0 0 5.7 17 70 M M 9 3 21 80
13 69 60 65 2 0 0 1.15 0.0 0 6.2 16 150 M M 8 13 22 310
14 74 54 64 1 1 0 0.00 0.0 0 6.3 15 300 M M 5 25 300
15 76 50 63 1 2 0 0.00 0.0 0 2.8 12 10 M M 1 1 16 20
16 81 50 66 4 0 1 0.00 0.0 0 8.6 21 170 M M 1 1 28 170
17 82 52 67 5 0 2 0.00 0.0 0 5.8 16 350 M M 4 26 320
18 78 48 63 2 2 0 0.00 0.0 0 5.8 14 100 M M 1 17 90
19 88 52 70 9 0 5 0.00 0.0 0 4.4 13 170 M M 2 17 170
20 83 65 74 14 0 9 0.88 0.0 0 10.2 22 170 M M 7 13 39 290
21 69 52 61 1 4 0 0.01 0.0 0 8.2 18 340 M M 7 28 350
22 65 48 57 -3 8 0 0.00 0.0 0 9.6 22 10 M M 4 32 20
23 69 44 57 -2 8 0 0.00 0.0 0 7.8 18 350 M M 2 27 340
24 79 45 62 3 3 0 0.03 0.0 0 8.1 22 320 M M 5 1 37 310
25 66 48 57 -1 8 0 0.00 0.0 0 4.5 16 290 M M 5 28 280
26 81 52 67 9 0 2 0.00 0.0 0 6.6 14 200 M M 5 22 230
27 83 51 67 9 0 2 0.00 0.0 0 4.6 15 40 M M 1 20 40
28 76 47 62 5 3 0 0.00 0.0 0 4.3 12 120 M M 0 1 15 100
29 81 45 63 6 2 0 0.00 0.0 0 2.4 12 150 M M 3 1 16 160
30 84 51 68 12 0 3 0.00 0.0 0 3.5 15 70 M M 4 18 18 70
================================================================================
SM 2304 1568 48 42 2.34 0.0 168.6 M 117
================================================================================
AV 76.8 52.3 5.6 FASTST M M 4 MAX(MPH)
MISC ----> # 22 170 39 290
================================================================================
NOTES:
# LAST OF SEVERAL OCCURRENCES
COLUMN 17 PEAK WIND IN M.P.H.
PRELIMINARY LOCAL CLIMATOLOGICAL DATA (WS FORM: F-6) , PAGE 2
STATION: MADISON WI
MONTH: SEPTEMBER
YEAR: 2021
LATITUDE: 43 7 N
LONGITUDE: 89 20 W
[TEMPERATURE DATA] [PRECIPITATION DATA] SYMBOLS USED IN COLUMN 16
AVERAGE MONTHLY: 64.5 TOTAL FOR MONTH: 2.34 1 = FOG OR MIST
DPTR FM NORMAL: 2.5 DPTR FM NORMAL: -1.09 2 = FOG REDUCING VISIBILITY
HIGHEST: 88 ON 19 GRTST 24HR 1.17 ON 12-13 TO 1/4 MILE OR LESS
LOWEST: 44 ON 23 3 = THUNDER
SNOW, ICE PELLETS, HAIL 4 = ICE PELLETS
TOTAL MONTH: 0.0 INCH 5 = HAIL
GRTST 24HR 0.0 6 = FREEZING RAIN OR DRIZZLE
GRTST DEPTH: 0 7 = DUSTSTORM OR SANDSTORM:
VSBY 1/2 MILE OR LESS
8 = SMOKE OR HAZE
[NO. OF DAYS WITH] [WEATHER - DAYS WITH] 9 = BLOWING SNOW
X = TORNADO
MAX 32 OR BELOW: 0 0.01 INCH OR MORE: 7
MAX 90 OR ABOVE: 0 0.10 INCH OR MORE: 4
MIN 32 OR BELOW: 0 0.50 INCH OR MORE: 2
MIN 0 OR BELOW: 0 1.00 INCH OR MORE: 1
[HDD (BASE 65) ]
TOTAL THIS MO. 48 CLEAR (SCALE 0-3) 12
DPTR FM NORMAL -103 PTCLDY (SCALE 4-7) 17
TOTAL FM JUL 1 50 CLOUDY (SCALE 8-10) 1
DPTR FM NORMAL -130
[CDD (BASE 65) ]
TOTAL THIS MO. 42
DPTR FM NORMAL -17 [PRESSURE DATA]
TOTAL FM JAN 1 821 HIGHEST SLP M ON M
DPTR FM NORMAL 199 LOWEST SLP 29.56 ON 7
[REMARKS]
#FINAL-09-21#