000
CXUS55 KMSO 011601
CF6MSO
PRELIMINARY LOCAL CLIMATOLOGICAL DATA (WS FORM: F-6)
STATION: MISSOULA MT
MONTH: JANUARY
YEAR: 2021
LATITUDE: 46 55 N
LONGITUDE: 114 5 W
TEMPERATURE IN F: :PCPN: SNOW: WIND :SUNSHINE: SKY :PK WND
================================================================================
1 2 3 4 5 6A 6B 7 8 9 10 11 12 13 14 15 16 17 18
12Z AVG MX 2MIN
DY MAX MIN AVG DEP HDD CDD WTR SNW DPTH SPD SPD DIR MIN PSBL S-S WX SPD DR
================================================================================
1 41 26 34 10 31 0 0.00 0.0 1 4.0 14 160 M M 9 12 18 160
2 44 30 37 13 28 0 0.00 0.0 T 4.6 16 230 M M 9 20 230
3 45 31 38 14 27 0 0.01 0.0 0 11.6 30 260 M M 7 40 330
4 42 25 34 10 31 0 T 0.0 0 8.9 28 160 M M 8 33 170
5 43 29 36 12 29 0 0.00 0.0 0 5.9 16 260 M M 5 20 260
6 45 26 36 12 29 0 0.00 0.0 0 2.6 10 120 M M 6 12 110
7 36 30 33 9 32 0 0.01 0.1 0 1.3 7 310 M M 10 1 8 280
8 41 25 33 8 32 0 T T 0 3.2 14 360 M M 5 12 17 10
9 33 25 29 4 36 0 T T 0 2.7 8 130 M M 9 10 130
10 34 19 27 2 38 0 0.00 0.0 0 1.1 8 170 M M 4 9 140
11 36 20 28 3 37 0 0.00 0.0 0 1.5 7 130 M M 4 8 290
12 44 24 34 9 31 0 0.05 0.0 0 4.2 14 120 M M 9 16 18 160
13 47 32 40 15 25 0 0.18 0.0 0 17.8 44 270 M M 9 59 270
14 42 23 33 7 32 0 0.00 0.0 0 6.5 24 270 M M 1 29 270
15 28 18 23 -3 42 0 0.13 2.0 0 1.5 7 290 M M 7 12 8 300
16 32 22 27 1 38 0 T T 2 1.4 6 110 M M 8 12 7 20
17 38 28 33 7 32 0 0.09 0.9 1 3.8 14 280 M M 9 1 15 350
18 36 23 30 4 35 0 T T 2 5.0 15 310 M M 9 20 310
19 33 14 24 -2 41 0 0.00 0.0 1 2.7 12 250 M M 0 14 250
20 40 22 31 5 34 0 0.00 0.0 1 3.4 10 350 M M 10 12 270
21 36 28 32 6 33 0 0.02 0.2 T 2.9 12 20 M M 10 1 15 20
22 34 21 28 1 37 0 T T T 2.7 8 360 M M 9 10 10
23 32 18 25 -2 40 0 0.00 0.0 T 2.1 8 350 M M 8 10 360
24 30 11 21 -6 44 0 0.00 0.0 T 0.3 6 140 M M 5 6 150
25 31 15 23 -4 42 0 0.00 0.0 T 1.6 7 330 M M 1 11 330
26 29 11 20 -7 45 0 0.00 0.0 T 1.3 8 270 M M 4 9 270
27 31 8 20 -7 45 0 0.00 0.0 T 3.4 21 140 M M 4 25 140
28 44 18 31 4 34 0 0.00 0.0 T 3.2 9 330 M M 6 11 330
29 38 29 34 7 31 0 0.01 0.1 T 1.2 7 100 M M 8 1 8 120
30 43 24 34 6 31 0 0.00 0.0 T 1.6 7 250 M M 7 12 7 250
31 46 19 33 5 32 0 0.00 0.0 T 8.7 16 120 M M 1 22 120
================================================================================
SM 1174 694 1074 0 0.50 3.3 122.7 M 201
================================================================================
AV 37.9 22.4 4.0 FASTST M M 6 MAX(MPH)
MISC ----> 44 270 59 270
================================================================================
NOTES:
# LAST OF SEVERAL OCCURRENCES
COLUMN 17 PEAK WIND IN M.P.H.
PRELIMINARY LOCAL CLIMATOLOGICAL DATA (WS FORM: F-6) , PAGE 2
STATION: MISSOULA MT
MONTH: JANUARY
YEAR: 2021
LATITUDE: 46 55 N
LONGITUDE: 114 5 W
[TEMPERATURE DATA] [PRECIPITATION DATA] SYMBOLS USED IN COLUMN 16
AVERAGE MONTHLY: 30.1 TOTAL FOR MONTH: 0.50 1 = FOG OR MIST
DPTR FM NORMAL: 4.3 DPTR FM NORMAL: -0.35 2 = FOG REDUCING VISIBILITY
HIGHEST: 47 ON 13 GRTST 24HR 0.33 ON 12-12 TO 1/4 MILE OR LESS
LOWEST: 8 ON 27 3 = THUNDER
SNOW, ICE PELLETS, HAIL 4 = ICE PELLETS
TOTAL MONTH: 3.4 INCHES 5 = HAIL
GRTST 24HR 2.0 ON 15-15 6 = FREEZING RAIN OR DRIZZLE
GRTST DEPTH: 2 ON 16,18 7 = DUSTSTORM OR SANDSTORM:
VSBY 1/2 MILE OR LESS
8 = SMOKE OR HAZE
[NO. OF DAYS WITH] [WEATHER - DAYS WITH] 9 = BLOWING SNOW
X = TORNADO
MAX 32 OR BELOW: 7 0.01 INCH OR MORE: 8
MAX 90 OR ABOVE: 0 0.10 INCH OR MORE: 2
MIN 32 OR BELOW: 31 0.50 INCH OR MORE: 0
MIN 0 OR BELOW: 0 1.00 INCH OR MORE: 0
[HDD (BASE 65) ]
TOTAL THIS MO. 1074 CLEAR (SCALE 0-3) 4
DPTR FM NORMAL -143 PTCLDY (SCALE 4-7) 14
TOTAL FM JUL 1 4097 CLOUDY (SCALE 8-10) 13
DPTR FM NORMAL -292
[CDD (BASE 65) ]
TOTAL THIS MO. 0
DPTR FM NORMAL 0 [PRESSURE DATA]
TOTAL FM JAN 1 0 HIGHEST SLP 30.65 ON 19
DPTR FM NORMAL 0 LOWEST SLP 29.65 ON 13
[REMARKS]
#FINAL-01-21#