000
CXUS54 KLIX 010910
CF6MSY
PRELIMINARY LOCAL CLIMATOLOGICAL DATA (WS FORM: F-6)
STATION: NEW ORLEANS
MONTH: JANUARY
YEAR: 2024
LATITUDE: 29 58 N
LONGITUDE: 90 15 W
TEMPERATURE IN F: :PCPN: SNOW: WIND :SUNSHINE: SKY :PK WND
================================================================================
1 2 3 4 5 6A 6B 7 8 9 10 11 12 13 14 15 16 17 18
12Z AVG MX 2MIN
DY MAX MIN AVG DEP HDD CDD WTR SNW DPTH SPD SPD DIR MIN PSBL S-S WX SPD DR
================================================================================
1 65 49 57 3 8 0 0.00 0.0 M 5.8 16 40 M M 5 18 26 50
2 54 41 48 -6 17 0 T M M 8.9 16 40 M M 5 24 70
3 58 48 53 -1 12 0 0.47 M M 9.0 23 70 M M 6 1 29 70
4 58 43 51 -3 14 0 0.00 0.0 M 5.5 13 50 M M 1 17 40
5 65 42 54 0 11 0 1.06 M M 12.6 29 130 M M 7 13 40 140
6 58 45 52 -2 13 0 0.00 0.0 M 8.1 22 290 M M 8 31 280
7 56 42 49 -5 16 0 0.00 0.0 M 3.8 10 110 M M 7 1 16 330
8 72 50 61 7 4 0 0.81 0.0 M 17.3 43 130 M M 10 138 65 130
9 74 44 59 5 6 0 1.18 0.0 M 15.1 33 280 M M 4 123 44 170
10 59 37 48 -6 17 0 0.00 0.0 M 5.4 13 140 M M 5 17 170
11 71 50 61 7 4 0 0.00 0.0 M 11.1 23 140 M M 8 32 140
12 77 46 62 8 3 0 0.09 0.0 M 18.0 32 220 M M 8 1 50 210
13 55 40 48 -6 17 0 0.00 0.0 M 5.3 17 320 M M 5 27 320
14 67 38 53 -1 12 0 0.00 0.0 M 4.5 12 130 M M 2 14 170
15 61 36 49 -5 16 0 0.00 0.0 M 8.9 21 340 M M 7 1 30 330
16 36 24 30 -24 35 0 0.07 M M 15.9 24 350 M M 7 1 39 350
17 41 26 34 -20 31 0 0.00 0.0 M 5.9 13 100 M M 6 17 20
18 65 34 50 -4 15 0 0.28 0.0 M 9.1 18 260 M M 9 18 27 250
19 65 40 53 -1 12 0 0.00 0.0 M 11.8 20 360 M M 4 18 30 360
20 45 32 39 -15 26 0 0.00 0.0 M 12.1 16 40 M M 1 25 10
21 44 32 38 -16 27 0 0.00 0.0 M 10.7 17 70 M M 6 23 50
22 59 43 51 -3 14 0 0.02 M M 13.7 22 100 M M 10 1 29 100
23 68 57 63 9 2 0 0.04 0.0 M 11.5 17 90 M M 10 1 23 110
24 75 65 70 16 0 5 2.21 0.0 M 9.1 22 160 M M 10 123 35 170
25 73 61 67 12 0 2 0.65 0.0 M 6.7 28 260 M M 10 123 39 280
26 67 59 63 8 2 0 0.11 0.0 M 6.4 22 120 M M 10 123 29 110
27 70 55 63 8 2 0 1.57 0.0 M 10.5 21 280 M M 7 13 29 300
28 57 45 51 -4 14 0 T M M 10.6 17 300 M M 6 1 24 310
29 64 41 53 -2 12 0 0.00 0.0 M 5.2 13 300 M M 1 1 17 320
30 71 43 57 2 8 0 0.00 0.0 M 6.5 15 230 M M 5 21 210
31 71 49 60 5 5 0 0.00 0.0 M 6.0 16 280 M M 5 24 270
================================================================================
SM 1921 1357 375 7 8.56 0.0 291.0 M 195
================================================================================
AV 62.0 43.8 9.4 FASTST M M 6 MAX(MPH)
MISC ----> 43 130 65 130
================================================================================
NOTES:
# LAST OF SEVERAL OCCURRENCES
COLUMN 17 PEAK WIND IN M.P.H.
PRELIMINARY LOCAL CLIMATOLOGICAL DATA (WS FORM: F-6) , PAGE 2
STATION: NEW ORLEANS
MONTH: JANUARY
YEAR: 2024
LATITUDE: 29 58 N
LONGITUDE: 90 15 W
[TEMPERATURE DATA] [PRECIPITATION DATA] SYMBOLS USED IN COLUMN 16
AVERAGE MONTHLY: 52.9 TOTAL FOR MONTH: 8.56 1 = FOG OR MIST
DPTR FM NORMAL: -1.4 DPTR FM NORMAL: 3.38 2 = FOG REDUCING VISIBILITY
HIGHEST: 77 ON 12 GRTST 24HR 2.21 ON 24-24 TO 1/4 MILE OR LESS
LOWEST: 24 ON 16 3 = THUNDER
SNOW, ICE PELLETS, HAIL 4 = ICE PELLETS
TOTAL MONTH: 0.0 INCH 5 = HAIL
GRTST 24HR 0.0 6 = FREEZING RAIN OR DRIZZLE
GRTST DEPTH: M ON M 7 = DUSTSTORM OR SANDSTORM:
VSBY 1/2 MILE OR LESS
8 = SMOKE OR HAZE
[NO. OF DAYS WITH] [WEATHER - DAYS WITH] 9 = BLOWING SNOW
X = TORNADO
MAX 32 OR BELOW: 0 0.01 INCH OR MORE: 13
MAX 90 OR ABOVE: 0 0.10 INCH OR MORE: 9
MIN 32 OR BELOW: 4 0.50 INCH OR MORE: 6
MIN 0 OR BELOW: 0 1.00 INCH OR MORE: 4
[HDD (BASE 65) ]
TOTAL THIS MO. 375 CLEAR (SCALE 0-3) 4
DPTR FM NORMAL 25 PTCLDY (SCALE 4-7) 20
TOTAL FM JUL 1 744 CLOUDY (SCALE 8-10) 7
DPTR FM NORMAL -62
[CDD (BASE 65) ]
TOTAL THIS MO. 7
DPTR FM NORMAL -11 [PRESSURE DATA]
TOTAL FM JAN 1 7 HIGHEST SLP 30.58 ON 21
DPTR FM NORMAL -11 LOWEST SLP 29.48 ON 9
[REMARKS]
#FINAL-01-24#