000
CXUS52 KKEY 010600
CF6MTH
PRELIMINARY LOCAL CLIMATOLOGICAL DATA (WS FORM: F-6)
STATION: MARATHON
MONTH: AUGUST
YEAR: 2021
LATITUDE: 24 43 N
LONGITUDE: 81 5 W
TEMPERATURE IN F: :PCPN: SNOW: WIND :SUNSHINE: SKY :PK WND
================================================================================
1 2 3 4 5 6A 6B 7 8 9 10 11 12 13 14 15 16 17 18
12Z AVG MX 2MIN
DY MAX MIN AVG DEP HDD CDD WTR SNW DPTH SPD SPD DIR MIN PSBL S-S WX SPD DR
================================================================================
1 91 83 87 1 0 22 0.00 0.0 0 5.6 9 140 M M 1 16 160
2 91 83 87 1 0 22 0.00 0.0 0 5.4 9 150 M M 1 14 170
3 91 82 87 1 0 22 0.00 0.0 0 6.3 13 110 M M 1 21 120
4 91 77 84 -2 0 19 0.07 0.0 0 7.0 14 140 M M 1 13 22 140
5 91 78 85 -1 0 20 0.01 0.0 0 5.9 10 90 M M 2 1 17 80
6 92 83 88 2 0 23 0.00 0.0 0 5.4 10 130 M M 2 16 130
7 91 81 86 0 0 21 T 0.0 0 6.5 14 170 M M 2 3 23 160
8 91 83 87 1 0 22 0.00 0.0 0 5.5 10 120 M M 2 3 16 130
9 93 83 88 2 0 23 0.00 0.0 0 8.1 13 90 M M 2 20 130
10 92 82 87 1 0 22 0.00 0.0 0 8.8 15 80 M M 2 22 100
11 92 81 87 1 0 22 0.02 0.0 0 8.7 15 70 M M 2 8 20 60
12 92 77 85 -1 0 20 0.40 0.0 0 10.6 22 80 M M 3 138 33 80
13 89 78 84 -2 0 19 0.43 0.0 0 12.5 21 70 M M 4 13 33 90
14 85 74 80 -6 0 15 0.56 0.0 0 15.2 29 160 M M 4 18 47 160
15 84 73 79 -7 0 14 1.03 0.0 0 8.3 22 130 M M 4 1238 32 120
16 90 81 86 0 0 21 0.00 0.0 0 6.2 10 120 M M 1 8 18 120
17 91 80 86 0 0 21 T 0.0 0 8.5 16 120 M M 2 31 120
18 90 80 85 -1 0 20 0.02 0.0 0 10.3 17 90 M M 2 1 26 100
19 90 81 86 0 0 21 0.00 0.0 0 7.1 13 90 M M 1 18 110
20 89 79 84 -2 0 19 0.00 0.0 0 4.6 9 130 M M 1 14 50
21 91 80 86 0 0 21 T 0.0 0 6.2 13 120 M M 1 21 130
22 91 82 87 1 0 22 T 0.0 0 6.8 12 90 M M 2 3 19 120
23 91 83 87 1 0 22 T 0.0 0 7.5 13 120 M M 3 8 21 120
24 91 81 86 0 0 21 0.00 0.0 0 9.8 16 120 M M 2 26 70
25 90 74 82 -3 0 17 0.38 0.0 0 13.9 32 60 M M 2 138 43 60
26 89 71 80 -5 0 15 1.24 0.0 0 10.0 21 130 M M 4 13 34 130
27 87 78 83 -2 0 18 0.30 0.0 0 11.0 20 120 M M 3 138 33 130
28 88 77 83 -2 0 18 0.18 0.0 0 10.2 25 140 M M 2 18 43 140
29 89 81 85 0 0 20 0.00 0.0 0 6.8 12 120 M M 1 18 120
30 89 80 85 0 0 20 0.00 0.0 0 4.1 9 90 M M 2 13 130
31 88 77 83 -2 0 18 0.00 0.0 0 2.3 7 270 M M 2 11 300
================================================================================
SM 2790 2463 0 620 4.64 0.0 245.1 M 64
================================================================================
AV 90.0 79.5 7.9 FASTST M M 2 MAX(MPH)
MISC ----> 32 60 47 160
================================================================================
NOTES:
# LAST OF SEVERAL OCCURRENCES
COLUMN 17 PEAK WIND IN M.P.H.
PRELIMINARY LOCAL CLIMATOLOGICAL DATA (WS FORM: F-6) , PAGE 2
STATION: MARATHON
MONTH: AUGUST
YEAR: 2021
LATITUDE: 24 43 N
LONGITUDE: 81 5 W
[TEMPERATURE DATA] [PRECIPITATION DATA] SYMBOLS USED IN COLUMN 16
AVERAGE MONTHLY: 84.7 TOTAL FOR MONTH: 4.64 1 = FOG OR MIST
DPTR FM NORMAL: -0.9 DPTR FM NORMAL: -0.68 2 = FOG REDUCING VISIBILITY
HIGHEST: 93 ON 9 GRTST 24HR 1.62 ON 25-26 TO 1/4 MILE OR LESS
LOWEST: 71 ON 26 3 = THUNDER
SNOW, ICE PELLETS, HAIL 4 = ICE PELLETS
TOTAL MONTH: 0.0 INCH 5 = HAIL
GRTST 24HR 0.0 6 = FREEZING RAIN OR DRIZZLE
GRTST DEPTH: 0 7 = DUSTSTORM OR SANDSTORM:
VSBY 1/2 MILE OR LESS
8 = SMOKE OR HAZE
[NO. OF DAYS WITH] [WEATHER - DAYS WITH] 9 = BLOWING SNOW
X = TORNADO
MAX 32 OR BELOW: 0 0.01 INCH OR MORE: 12
MAX 90 OR ABOVE: 21 0.10 INCH OR MORE: 8
MIN 32 OR BELOW: 0 0.50 INCH OR MORE: 3
MIN 0 OR BELOW: 0 1.00 INCH OR MORE: 2
[HDD (BASE 65) ]
TOTAL THIS MO. 0 CLEAR (SCALE 0-3) 27
DPTR FM NORMAL 0 PTCLDY (SCALE 4-7) 4
TOTAL FM JUL 1 0 CLOUDY (SCALE 8-10) 0
DPTR FM NORMAL 0
[CDD (BASE 65) ]
TOTAL THIS MO. 620
DPTR FM NORMAL -20 [PRESSURE DATA]
TOTAL FM JAN 1 3509 HIGHEST SLP M ON M
DPTR FM NORMAL 39 LOWEST SLP 29.88 ON 31
[REMARKS]
#FINAL-08-21#