000
CXUS55 KGJT 230910
CF6MTJ
PRELIMINARY LOCAL CLIMATOLOGICAL DATA (WS FORM: F-6)
STATION: MONTROSE CO
MONTH: APRIL
YEAR: 2024
LATITUDE: 38 30 N
LONGITUDE: 107 53 W
TEMPERATURE IN F: :PCPN: SNOW: WIND :SUNSHINE: SKY :PK WND
================================================================================
1 2 3 4 5 6A 6B 7 8 9 10 11 12 13 14 15 16 17 18
12Z AVG MX 2MIN
DY MAX MIN AVG DEP HDD CDD WTR SNW DPTH SPD SPD DIR MIN PSBL S-S WX SPD DR
================================================================================
1 53 30 42 -4 23 0 T M M 6.7 26 300 M M 5 34 310
2 57 28 43 -3 22 0 0.00 M M 5.6 12 290 M M 1 18 350
3 66 31 49 3 16 0 0.00 M M 5.4 13 130 M M 0 17 200
4 73 36 55 9 10 0 0.00 M M 8.5 26 200 M M 0 40 180
5 67 38 53 6 12 0 0.00 M M 15.7 40 150 M M 3 8 60 160
6 45 30 38 -9 27 0 T M M 12.3 31 310 M M 4 8 48 320
7 50 20 35 -12 30 0 0.00 M M 5.2 13 360 M M 3 23 360
8 54 27 41 -6 24 0 0.00 M M 7.2 17 280 M M 2 22 340
9 59 26 43 -5 22 0 0.00 M M 5.9 16 330 M M 0 20 330
10 60 29 45 -3 20 0 0.00 M M 6.4 16 270 M M 0 24 250
11 67 31 49 1 16 0 0.00 M M 7.4 15 130 M M 0 8 20 320
12 77 34 56 8 9 0 0.00 M M 9.1 26 200 M M 0 8 39 210
13 73 47 60 12 5 0 0.00 M M 10.3 28 150 M M 0 36 180
14 75 39 57 8 8 0 0.00 M M 8.9 22 230 M M 0 30 210
15 58 41 50 1 15 0 T M M 12.0 38 220 M M 5 38 56 220
16 64 43 54 5 11 0 0.00 M M 5.5 17 160 M M 5 26 300
17 73 40 57 8 8 0 0.00 M M 10.8 25 250 M M 2 35 250
18 71 48 60 10 5 0 0.00 M M 6.8 18 330 M M 3 8 27 320
19 71 45 58 8 7 0 0.00 M M 7.8 18 310 M M 3 27 250
20 70 43 57 7 8 0 T M M 9.4 31 280 M M 4 47 300
21 71 37 54 4 11 0 0.00 M M 6.7 14 130 M M 0 18 340
22 77 41 59 8 6 0 0.00 M M 8.5 24 230 M M 1 8 33 240
================================================================================
SM 1431 784 315 0 T M 182.1 M 41
================================================================================
AV 65.0 35.6 8.3 FASTST M M 2 MAX(MPH)
MISC ----> 40 150 60 160
================================================================================
NOTES:
# LAST OF SEVERAL OCCURRENCES
COLUMN 17 PEAK WIND IN M.P.H.
PRELIMINARY LOCAL CLIMATOLOGICAL DATA (WS FORM: F-6) , PAGE 2
STATION: MONTROSE CO
MONTH: APRIL
YEAR: 2024
LATITUDE: 38 30 N
LONGITUDE: 107 53 W
[TEMPERATURE DATA] [PRECIPITATION DATA] SYMBOLS USED IN COLUMN 16
AVERAGE MONTHLY: 50.3 TOTAL FOR MONTH: T 1 = FOG OR MIST
DPTR FM NORMAL: 2.2 DPTR FM NORMAL: -0.55 2 = FOG REDUCING VISIBILITY
HIGHEST: 77 ON 22,12 GRTST 24HR T ON 1- 1 TO 1/4 MILE OR LESS
LOWEST: 20 ON 7 3 = THUNDER
SNOW, ICE PELLETS, HAIL 4 = ICE PELLETS
TOTAL MONTH: M 5 = HAIL
GRTST 24HR M ON M 6 = FREEZING RAIN OR DRIZZLE
GRTST DEPTH: M ON M 7 = DUSTSTORM OR SANDSTORM:
VSBY 1/2 MILE OR LESS
8 = SMOKE OR HAZE
[NO. OF DAYS WITH] [WEATHER - DAYS WITH] 9 = BLOWING SNOW
X = TORNADO
MAX 32 OR BELOW: 0 0.01 INCH OR MORE: 0
MAX 90 OR ABOVE: 0 0.10 INCH OR MORE: 0
MIN 32 OR BELOW: 9 0.50 INCH OR MORE: 0
MIN 0 OR BELOW: 0 1.00 INCH OR MORE: 0
[HDD (BASE 65) ]
TOTAL THIS MO. 315 CLEAR (SCALE 0-3) 17
DPTR FM NORMAL -56 PTCLDY (SCALE 4-7) 5
TOTAL FM JUL 1 5108 CLOUDY (SCALE 8-10) 0
DPTR FM NORMAL -547
[CDD (BASE 65) ]
TOTAL THIS MO. 0
DPTR FM NORMAL 0 [PRESSURE DATA]
TOTAL FM JAN 1 0 HIGHEST SLP M ON M
DPTR FM NORMAL 0 LOWEST SLP 29.40 ON 5
[REMARKS]