000
CXUS55 KGJT 010910
CF6MTJ
PRELIMINARY LOCAL CLIMATOLOGICAL DATA (WS FORM: F-6)
STATION: MONTROSE CO
MONTH: OCTOBER
YEAR: 2022
LATITUDE: 38 30 N
LONGITUDE: 107 53 W
TEMPERATURE IN F: :PCPN: SNOW: WIND :SUNSHINE: SKY :PK WND
================================================================================
1 2 3 4 5 6A 6B 7 8 9 10 11 12 13 14 15 16 17 18
12Z AVG MX 2MIN
DY MAX MIN AVG DEP HDD CDD WTR SNW DPTH SPD SPD DIR MIN PSBL S-S WX SPD DR
================================================================================
1 68 44 56 -1 9 0 0.18 M M 5.6 21 320 M M 3 13 27 330
2 62 47 55 -2 10 0 1.02 M M 13.9 36 140 M M 8 13 45 300
3 66 41 54 -2 11 0 0.00 M M 6.5 17 150 M M 1 26 340
4 69 42 56 0 9 0 0.00 M M 6.4 13 340 M M 0 17 330
5 69 42 56 1 9 0 0.00 M M 7.4 14 300 M M 2 20 300
6 71 42 57 2 8 0 0.00 M M 6.5 13 130 M M 1 17 10
7 72 44 58 4 7 0 0.00 M M 6.7 15 280 M M 0 20 270
8 72 42 57 3 8 0 0.00 M M 6.7 13 140 M M 0 17 330
9 71 42 57 3 8 0 0.00 M M 7.0 14 340 M M 1 20 350
10 70 40 55 2 10 0 0.00 M M 5.8 12 150 M M 0 14 150
11 73 41 57 4 8 0 0.00 M M 6.3 18 300 M M 2 8 24 280
12 71 39 55 3 10 0 0.00 M M 7.2 13 150 M M 0 8 17 330
13 69 37 53 1 12 0 0.00 M M 7.0 12 140 M M 0 8 16 320
14 71 36 54 2 11 0 0.00 M M 5.9 16 140 M M 0 19 140
15 72 36 54 3 11 0 0.00 M M 6.8 13 330 M M 0 16 320
16 66 38 52 1 13 0 0.00 M M 6.4 14 90 M M 0 8 20 90
17 66 37 52 2 13 0 0.00 M M 6.9 14 140 M M 0 16 150
18 67 37 52 2 13 0 0.00 M M 6.9 13 140 M M 0 15 340
19 70 36 53 4 12 0 0.00 M M 5.9 14 130 M M 0 8 17 130
20 70 36 53 4 12 0 0.00 M M 7.0 14 130 M M 0 8 17 130
21 71 37 54 6 11 0 0.00 M M 7.1 18 140 M M 0 23 260
22 69 42 56 8 9 0 T M M 12.5 33 190 M M 1 8 53 200
23 61 31 46 -2 19 0 0.43 M M 10.4 45 210 M M 9 138 65 200
24 43 29 36 -11 29 0 T M M 8.2 17 300 M M 6 1 24 310
25 48 25 37 -10 28 0 0.00 M M 5.9 15 310 M M 4 20 310
26 52 35 44 -2 21 0 T M M 4.9 15 310 M M 7 31 340
27 39 30 35 -11 30 0 0.26 M M 9.1 26 330 M M 10 1 34 310
28 52 27 40 -6 25 0 0.00 M M 4.7 13 140 M M 0 16 140
29 51 27 39 -6 26 0 0.00 M M 4.7 10 330 M M 0 15 330
30 54 29 42 -3 23 0 0.00 M M 5.8 13 150 M M 1 16 330
31 58 28 43 -1 22 0 0.00 M M 5.9 14 140 M M 0 16 150
================================================================================
SM 1983 1139 447 0 1.89 M 218.0 M 56
================================================================================
AV 64.0 36.7 7.0 FASTST M M 2 MAX(MPH)
MISC ----> 45 210 65 200
================================================================================
NOTES:
# LAST OF SEVERAL OCCURRENCES
COLUMN 17 PEAK WIND IN M.P.H.
PRELIMINARY LOCAL CLIMATOLOGICAL DATA (WS FORM: F-6) , PAGE 2
STATION: MONTROSE CO
MONTH: OCTOBER
YEAR: 2022
LATITUDE: 38 30 N
LONGITUDE: 107 53 W
[TEMPERATURE DATA] [PRECIPITATION DATA] SYMBOLS USED IN COLUMN 16
AVERAGE MONTHLY: 50.4 TOTAL FOR MONTH: 1.89 1 = FOG OR MIST
DPTR FM NORMAL: -0.3 DPTR FM NORMAL: 0.91 2 = FOG REDUCING VISIBILITY
HIGHEST: 73 ON 11 GRTST 24HR 1.02 ON 2- 2 TO 1/4 MILE OR LESS
LOWEST: 25 ON 25 3 = THUNDER
SNOW, ICE PELLETS, HAIL 4 = ICE PELLETS
TOTAL MONTH: M 5 = HAIL
GRTST 24HR M ON M 6 = FREEZING RAIN OR DRIZZLE
GRTST DEPTH: M ON M 7 = DUSTSTORM OR SANDSTORM:
VSBY 1/2 MILE OR LESS
8 = SMOKE OR HAZE
[NO. OF DAYS WITH] [WEATHER - DAYS WITH] 9 = BLOWING SNOW
X = TORNADO
MAX 32 OR BELOW: 0 0.01 INCH OR MORE: 4
MAX 90 OR ABOVE: 0 0.10 INCH OR MORE: 4
MIN 32 OR BELOW: 8 0.50 INCH OR MORE: 1
MIN 0 OR BELOW: 0 1.00 INCH OR MORE: 1
[HDD (BASE 65) ]
TOTAL THIS MO. 447 CLEAR (SCALE 0-3) 24
DPTR FM NORMAL 3 PTCLDY (SCALE 4-7) 5
TOTAL FM JUL 1 486 CLOUDY (SCALE 8-10) 2
DPTR FM NORMAL -62
[CDD (BASE 65) ]
TOTAL THIS MO. 0
DPTR FM NORMAL -1 [PRESSURE DATA]
TOTAL FM JAN 1 871 HIGHEST SLP M ON M
DPTR FM NORMAL 172 LOWEST SLP 29.17 ON 23
[REMARKS]
#FINAL-10-22#