000
CXUS53 KILX 010900
CF6MTO
PRELIMINARY LOCAL CLIMATOLOGICAL DATA (WS FORM: F-6)
STATION: MATTOON IL AIRPORT
MONTH: JUNE
YEAR: 2022
LATITUDE: 39 28 N
LONGITUDE: 88 17 W
TEMPERATURE IN F: :PCPN: SNOW: WIND :SUNSHINE: SKY :PK WND
================================================================================
1 2 3 4 5 6A 6B 7 8 9 10 11 12 13 14 15 16 17 18
12Z AVG MX 2MIN
DY MAX MIN AVG DEP HDD CDD WTR SNW DPTH SPD SPD DIR MIN PSBL S-S WX SPD DR
================================================================================
1 81 68 75 6 0 10 T M M 7.2 18 320 M M 5 25 290
2 78 59 69 0 0 4 0.24 M M 7.7 16 300 M M 4 1 24 300
3 83 56 70 0 0 5 0.00 M M 7.7 18 300 M M 1 27 310
4 84 54 69 -1 0 4 0.00 M M 3.3 10 140 M M 0 15 120
5 84 63 74 4 0 9 0.00 M M 5.0 14 200 M M 2 22 180
6 79 65 72 1 0 7 0.01 M M 8.4 15 220 M M 4 1 24 210
7 83 65 74 3 0 9 0.00 M M 6.2 14 20 M M 5 1 19 40
8 77 58 68 -3 0 3 0.18 M M 10.0 25 320 M M 5 1 33 310
9 81 54 68 -3 0 3 0.00 M M 6.8 17 310 M M 4 28 270
10 75 60 68 -4 0 3 0.01 M M 4.8 12 80 M M 8 16 70
11 83 58 71 -1 0 6 0.00 M M 6.5 9 120 M M 3 11 120
12 87 70 79 7 0 14 0.01 M M M M M M M 5 M M
13 95 75 85 13 0 20 0.00 M M M M M M M 2 18 M M
14 97 79 88 15 0 23 0.00 M M M M M M M 0 M M
15 96 75 86 13 0 21 0.00 M M M M M M M 0 M M
16 96 79 88 15 0 23 T M M M M M M M 2 M M
17 90 68 79 6 0 14 0.24 M M M M M M M 1 13 M M
18 82 58 70 -4 0 5 0.00 M M M M M M M 0 M M
19 83 52 68 -6 0 3 0.00 M M M M M M M 0 M M
20 89 58 74 0 0 9 0.00 M M M M M M M 0 M M
21 94 70 82 8 0 17 0.00 M M M M M M M 0 M M
22 93 67 80 6 0 15 0.00 M M M M M M M 0 M M
23 91 63 77 3 0 12 0.00 M M 3.8 12 350 M M 0 8 15 350
24 90 62 76 1 0 11 0.00 M M 3.5 9 160 M M 0 15 160
25 86 70 78 3 0 13 0.96 M M 7.6 33 330 M M 2 13 45 350
26 82 59 71 -4 0 6 0.07 M M 11.3 21 310 M M 4 13 30 350
27 79 55 67 -8 0 2 0.00 M M 7.1 17 330 M M 0 23 330
28 82 55 69 -6 0 4 0.00 M M 4.1 9 150 M M 0 M M
29 86 55 71 -4 0 6 0.00 M M 6.4 12 170 M M 0 16 170
30 89 60 75 0 0 10 0.00 M M 6.5 15 190 M M 0 22 190
================================================================================
SM 2575 1890 0 291 1.72 M 123.9 M 57
================================================================================
AV 85.8 63.0 6.5 FASTST M M 2 MAX(MPH)
MISC ----> 33 330 45 350
================================================================================
NOTES:
# LAST OF SEVERAL OCCURRENCES
COLUMN 17 PEAK WIND IN M.P.H.
PRELIMINARY LOCAL CLIMATOLOGICAL DATA (WS FORM: F-6) , PAGE 2
STATION: MATTOON IL AIRPORT
MONTH: JUNE
YEAR: 2022
LATITUDE: 39 28 N
LONGITUDE: 88 17 W
[TEMPERATURE DATA] [PRECIPITATION DATA] SYMBOLS USED IN COLUMN 16
AVERAGE MONTHLY: 74.4 TOTAL FOR MONTH: 1.72 1 = FOG OR MIST
DPTR FM NORMAL: 1.6 DPTR FM NORMAL: -3.00 2 = FOG REDUCING VISIBILITY
HIGHEST: 97 ON 14 GRTST 24HR 1.03 ON 25-26 TO 1/4 MILE OR LESS
LOWEST: 52 ON 19 3 = THUNDER
SNOW, ICE PELLETS, HAIL 4 = ICE PELLETS
TOTAL MONTH: M 5 = HAIL
GRTST 24HR M ON M 6 = FREEZING RAIN OR DRIZZLE
GRTST DEPTH: M ON M 7 = DUSTSTORM OR SANDSTORM:
VSBY 1/2 MILE OR LESS
8 = SMOKE OR HAZE
[NO. OF DAYS WITH] [WEATHER - DAYS WITH] 9 = BLOWING SNOW
X = TORNADO
MAX 32 OR BELOW: 0 0.01 INCH OR MORE: 8
MAX 90 OR ABOVE: 9 0.10 INCH OR MORE: 4
MIN 32 OR BELOW: 0 0.50 INCH OR MORE: 1
MIN 0 OR BELOW: 0 1.00 INCH OR MORE: 0
[HDD (BASE 65) ]
TOTAL THIS MO. 0 CLEAR (SCALE 0-3) 21
DPTR FM NORMAL -12 PTCLDY (SCALE 4-7) 8
TOTAL FM JUL 1 4934 CLOUDY (SCALE 8-10) 1
DPTR FM NORMAL -359
[CDD (BASE 65) ]
TOTAL THIS MO. 291
DPTR FM NORMAL 47 [PRESSURE DATA]
TOTAL FM JAN 1 445 HIGHEST SLP 30.27 ON 28
DPTR FM NORMAL 95 LOWEST SLP 29.69 ON 6
[REMARKS]
#FINAL-06-22#