000
CXUS53 KILX 011306
CLMMTO
CLIMATE REPORT
NATIONAL WEATHER SERVICE LINCOLN IL
806 AM CDT WED NOV 01 2023
...................................
...THE MATTOON IL AIRPORT CLIMATE SUMMARY FOR THE MONTH OF OCTOBER 2023...
CLIMATE NORMAL PERIOD 1991 TO 2020
CLIMATE RECORD PERIOD 9999 TO 9999
WEATHER OBSERVED NORMAL DEPART LAST YEAR`S
VALUE DATE(S) VALUE FROM VALUE
NORMAL
..............................................................
TEMPERATURE (F)
RECORD
HIGH MM MM
LOW 26 10/31/2023
HIGHEST 85 10/02 MM MM 79
10/03
LOWEST 26R 10/31 MM MM 29
AVG. MAXIMUM 66.3 65.9 0.4 66.8
AVG. MINIMUM 47.0 45.3 1.7 42.2
MEAN 56.7 55.6 1.1 54.5
DAYS MAX >= 90 0 0.2 -0.2 0
DAYS MAX <= 32 0 0.0 0.0 0
DAYS MIN <= 32 2 2.7 -0.7 2
DAYS MIN <= 0 0 0.0 0.0 0
PRECIPITATION (INCHES)
RECORD
MAXIMUM 6.14 2021
MINIMUM 1.40 2022
TOTALS 3.01 3.11 -0.10 1.40
DAILY AVG. 0.10 0.10 -0.00 0.05
DAYS >= .01 9 8.4 0.6 8
DAYS >= .10 6 5.0 1.0 5
DAYS >= .50 4 2.3 1.7 1
DAYS >= 1.00 0 0.7 -0.7 0
GREATEST
24 HR. TOTAL 0.93 10/28 TO 10/29 0.71
DEGREE DAYS
HEATING TOTAL 281 316 -35 330
SINCE 7/1 294 382 -88 MM
COOLING TOTAL 29 25 4 13
SINCE 1/1 1048 1116 -68 MM
..............................................................
WIND (MPH)
AVERAGE WIND SPEED 9.1
HIGHEST WIND SPEED/DIRECTION 30/290 DATE 10/21
30/290 10/31
HIGHEST GUST SPEED/DIRECTION 45/260 DATE 10/31
AVERAGE RH (PERCENT) 70
WEATHER CONDITIONS. NUMBER OF DAYS WITH
THUNDERSTORM 1 MIXED PRECIP 0
HEAVY RAIN 6 RAIN 4
LIGHT RAIN 12 FREEZING RAIN 0
LT FREEZING RAIN 0 HAIL 0
HEAVY SNOW 0 SNOW 0
LIGHT SNOW 0 SLEET 0
FOG 12 FOG W/VIS <= 1/4 MILE 0
HAZE 5
- INDICATES NEGATIVE NUMBERS.
R INDICATES RECORD WAS SET OR TIED.
MM INDICATES DATA IS MISSING.
T INDICATES TRACE AMOUNT.
$$