000
CXUS53 KGRB 240703
CF6MTW
PRELIMINARY LOCAL CLIMATOLOGICAL DATA (WS FORM: F-6)
STATION: MANITOWOC AWOS
MONTH: JUNE
YEAR: 2021
LATITUDE: 44 7 N
LONGITUDE: 87 40 W
TEMPERATURE IN F: :PCPN: SNOW: WIND :SUNSHINE: SKY :PK WND
================================================================================
1 2 3 4 5 6A 6B 7 8 9 10 11 12 13 14 15 16 17 18
12Z AVG MX 2MIN
DY MAX MIN AVG DEP HDD CDD WTR SNW DPTH SPD SPD DIR MIN PSBL S-S WX SPD DR
================================================================================
1 65 47 56 M 9 0 M M M 4.9 15 160 M M 2 18 M M
2 74 49 62 M 3 0 M M M 4.9 13 160 M M 1 M M
3 84 53 69 M 0 4 T M M 6.7 21 320 M M 4 32 320
4 91 55 73 M 0 8 M M M 11.6 23 240 M M 1 1 35 240
5 92 65 79 M 0 14 M M M 12.8 18 230 M M 0 31 250
6 85 63 74 M 0 9 M M M 12.4 22 170 M M 0 32 170
7 83 58 71 M 0 6 M M M 7.4 18 170 M M 2 1 23 170
8 84 56 70 M 0 5 M M M 5.0 12 160 M M 0 M M
9 83 57 70 M 0 5 M M M 4.7 10 120 M M 0 M M
10 81 62 72 M 0 7 M M M 4.7 12 140 M M 0 M M
11 79 62 71 M 0 6 T M M 4.6 9 90 M M 1 M M
12 79 59 69 M 0 4 T M M 3.9 8 120 M M 1 M M
13 85 58 72 M 0 7 T M M 7.8 14 340 M M 1 1 22 60
14 78 56 67 M 0 2 T M M 7.4 17 340 M M 3 25 350
15 73 54 64 M 1 0 M M M 6.0 12 40 M M 1 17 40
16 70 46 58 M 7 0 M M M 5.4 13 130 M M 0 M M
17 80 54 67 M 0 2 0.11 M M 11.0 26 210 M M 1 39 220
18 89 67 78 M 0 13 0.04 M M 12.4 24 190 M M 1 35 170
19 70 57 64 M 1 0 0.05 M M 5.0 15 160 M M 3 13 16 360
20 69 54 62 M 3 0 0.01 M M 4.4 9 140 M M 5 1 M M
21 67 51 59 M 6 0 T M M 12.2 23 330 M M 7 35 300
22 69 46 58 M 7 0 M M M 7.7 15 300 M M 4 8 21 280
23 71 51 61 M 4 0 T M M 9.4 20 180 M M 5 18 150
================================================================================
SM 1801 1280 41 92 0.21 M 172.1 M 43
================================================================================
AV 78.3 55.7 7.5 FASTST M M 2 MAX(MPH)
MISC ----> 26 210 39 220
================================================================================
NOTES:
# LAST OF SEVERAL OCCURRENCES
COLUMN 17 PEAK WIND IN M.P.H.
PRELIMINARY LOCAL CLIMATOLOGICAL DATA (WS FORM: F-6) , PAGE 2
STATION: MANITOWOC AWOS
MONTH: JUNE
YEAR: 2021
LATITUDE: 44 7 N
LONGITUDE: 87 40 W
[TEMPERATURE DATA] [PRECIPITATION DATA] SYMBOLS USED IN COLUMN 16
AVERAGE MONTHLY: 67.0 TOTAL FOR MONTH: 0.21 1 = FOG OR MIST
DPTR FM NORMAL: 0.0 DPTR FM NORMAL: 0.21 2 = FOG REDUCING VISIBILITY
HIGHEST: 92 ON 5 GRTST 24HR 0.15 ON 17-18 TO 1/4 MILE OR LESS
LOWEST: 46 ON 22,16 3 = THUNDER
SNOW, ICE PELLETS, HAIL 4 = ICE PELLETS
TOTAL MONTH: M 5 = HAIL
GRTST 24HR M ON M 6 = FREEZING RAIN OR DRIZZLE
GRTST DEPTH: M ON M 7 = DUSTSTORM OR SANDSTORM:
VSBY 1/2 MILE OR LESS
8 = SMOKE OR HAZE
[NO. OF DAYS WITH] [WEATHER - DAYS WITH] 9 = BLOWING SNOW
X = TORNADO
MAX 32 OR BELOW: 0 0.01 INCH OR MORE: 4
MAX 90 OR ABOVE: 2 0.10 INCH OR MORE: 1
MIN 32 OR BELOW: 0 0.50 INCH OR MORE: 0
MIN 0 OR BELOW: 0 1.00 INCH OR MORE: 0
[HDD (BASE 65) ]
TOTAL THIS MO. 41 CLEAR (SCALE 0-3) 17
DPTR FM NORMAL M PTCLDY (SCALE 4-7) 6
TOTAL FM JUL 1 6973 CLOUDY (SCALE 8-10) 0
DPTR FM NORMAL 5178
[CDD (BASE 65) ]
TOTAL THIS MO. 92
DPTR FM NORMAL M [PRESSURE DATA]
TOTAL FM JAN 1 105 HIGHEST SLP M ON M
DPTR FM NORMAL 105 LOWEST SLP M ON M
[REMARKS]