000
CXUS55 KBOI 011002
CF6MUO
PRELIMINARY LOCAL CLIMATOLOGICAL DATA (WS FORM: F-6)
STATION: MOUNTAIN HOME AFB
MONTH: JANUARY
YEAR: 2023
LATITUDE: 43 2 N
LONGITUDE: 115 52 W
TEMPERATURE IN F: :PCPN: SNOW: WIND :SUNSHINE: SKY :PK WND
================================================================================
1 2 3 4 5 6A 6B 7 8 9 10 11 12 13 14 15 16 17 18
12Z AVG MX 2MIN
DY MAX MIN AVG DEP HDD CDD WTR SNW DPTH SPD SPD DIR MIN PSBL S-S WX SPD DR
================================================================================
1 36 24 30 1 35 0 T M M 11.2 21 310 M M 6 16 M M
2 33 19 26 -3 39 0 T M M 7.1 14 100 M M 3 126 M M
3 34 18 26 -3 39 0 0.00 M M 6.0 14 90 M M 6 M M
4 39 27 33 4 32 0 0.00 M M 16.8 22 90 M M 8 32 120
5 43 32 38 9 27 0 T M M 18.9 28 90 M M 6 37 100
6 46 29 38 9 27 0 T M M 4.7 12 340 M M 6 12 M M
7 43 29 36 8 29 0 0.00 M M 15.7 21 110 M M 5 32 110
8 44 32 38 9 27 0 T 0.0 0 16.5 25 110 M M 6 37 90
9 38 31 35 6 30 0 T 0.0 0 17.4 29 100 M M 6 38 90
10 40 28 34 4 31 0 T M M 7.7 22 110 M M 7 12 28 110
11 47 27 37 7 28 0 0.00 M M 5.1 15 90 M M 5 M M
12 49 35 42 12 23 0 T M M 17.6 23 110 M M 7 30 120
13 47 36 42 12 23 0 T M M 18.6 29 100 M M 3 37 100
14 49 35 42 12 23 0 T M M 14.6 20 130 M M 5 30 160
15 47 33 40 10 25 0 T M M 6.8 15 90 M M 6 M M
16 43 27 35 4 30 0 0.00 M M 6.7 13 100 M M 5 M M
17 40 25 33 2 32 0 0.00 M M 15.1 23 300 M M 3 31 300
18 41 29 35 4 30 0 0.00 M M 8.6 22 90 M M 3 27 90
19 32 15 24 -7 41 0 0.03 M M 13.1 22 90 M M 8 31 90
20 28 6 17 -14 48 0 0.00 M M 4.3 9 320 M M 0 1 M M
21 28 8 18 -13 47 0 0.00 M M 11.1 21 100 M M 1 M M
22 28 15 22 -9 43 0 T M M 11.2 23 310 M M 5 1 31 290
23 29 8 19 -12 46 0 T M M 5.9 12 260 M M 4 12 M M
24 34 10 22 -9 43 0 0.00 M M 5.3 10 260 M M 4 M M
25 38 20 29 -2 36 0 0.00 M M 7.1 14 290 M M 4 M M
26 40 18 29 -3 36 0 0.00 M M 4.7 8 200 M M 4 M M
27 43 29 36 4 29 0 T M M 7.3 21 320 M M 7 24 320
28 37 28 33 1 32 0 0.05 M M 8.3 17 310 M M 7 1 M M
29 29 16 23 -9 42 0 T M M 8.4 15 120 M M 9 M M
30 20 8 14 -18 51 0 0.00 M M 4.7 12 100 M M 2 M M
31 20 7 14 -18 51 0 0.00 M M 16.3 24 90 M M 8 27 100
================================================================================
SM 1165 704 1075 0 0.08 0.0 322.7 M 159
================================================================================
AV 37.6 22.7 10.4 FASTST M M 5 MAX(MPH)
MISC ----> # 29 100 38 90
================================================================================
NOTES:
# LAST OF SEVERAL OCCURRENCES
COLUMN 17 PEAK WIND IN M.P.H.
PRELIMINARY LOCAL CLIMATOLOGICAL DATA (WS FORM: F-6) , PAGE 2
STATION: MOUNTAIN HOME AFB
MONTH: JANUARY
YEAR: 2023
LATITUDE: 43 2 N
LONGITUDE: 115 52 W
[TEMPERATURE DATA] [PRECIPITATION DATA] SYMBOLS USED IN COLUMN 16
AVERAGE MONTHLY: 30.1 TOTAL FOR MONTH: 0.08 1 = FOG OR MIST
DPTR FM NORMAL: -0.4 DPTR FM NORMAL: -1.06 2 = FOG REDUCING VISIBILITY
HIGHEST: 49 ON 14,12 GRTST 24HR 0.19 ON 9- 9 TO 1/4 MILE OR LESS
LOWEST: 6 ON 20 3 = THUNDER
SNOW, ICE PELLETS, HAIL 4 = ICE PELLETS
TOTAL MONTH: 0.0 INCH 5 = HAIL
GRTST 24HR 0.0 6 = FREEZING RAIN OR DRIZZLE
GRTST DEPTH: 0 7 = DUSTSTORM OR SANDSTORM:
VSBY 1/2 MILE OR LESS
8 = SMOKE OR HAZE
[NO. OF DAYS WITH] [WEATHER - DAYS WITH] 9 = BLOWING SNOW
X = TORNADO
MAX 32 OR BELOW: 8 0.01 INCH OR MORE: 2
MAX 90 OR ABOVE: 0 0.10 INCH OR MORE: 0
MIN 32 OR BELOW: 27 0.50 INCH OR MORE: 0
MIN 0 OR BELOW: 0 1.00 INCH OR MORE: 0
[HDD (BASE 65) ]
TOTAL THIS MO. 1075 CLEAR (SCALE 0-3) 7
DPTR FM NORMAL 5 PTCLDY (SCALE 4-7) 23
TOTAL FM JUL 1 3652 CLOUDY (SCALE 8-10) 1
DPTR FM NORMAL 158
[CDD (BASE 65) ]
TOTAL THIS MO. 0
DPTR FM NORMAL 0 [PRESSURE DATA]
TOTAL FM JAN 1 0 HIGHEST SLP M ON M
DPTR FM NORMAL 0 LOWEST SLP M ON M
[REMARKS]
#FINAL-01-23#