000
CXUS51 KBTV 260700
CF6MVL
PRELIMINARY LOCAL CLIMATOLOGICAL DATA (WS FORM: F-6)
STATION: MORRISVILLE VT
MONTH: APRIL
YEAR: 2024
LATITUDE: 44 31 N
LONGITUDE: 72 37 W
TEMPERATURE IN F: :PCPN: SNOW: WIND :SUNSHINE: SKY :PK WND
================================================================================
1 2 3 4 5 6A 6B 7 8 9 10 11 12 13 14 15 16 17 18
12Z AVG MX 2MIN
DY MAX MIN AVG DEP HDD CDD WTR SNW DPTH SPD SPD DIR MIN PSBL S-S WX SPD DR
================================================================================
1 56 24 40 6 25 0 0.00 M M 5.7 20 340 M M 4 31 340
2 57 28 43 9 22 0 T M M 5.5 16 170 M M 2 26 150
3 47 33 40 5 25 0 0.17 M M 8.2 20 160 M M 8 1 32 180
4 35 30 33 -2 32 0 0.27 M M 8.6 18 60 M M 10 12 33 70
5 39 30 35 -1 30 0 M M M 5.3 15 340 M M 10 1 24 340
6 41 33 37 1 28 0 T M M 9.5 20 10 M M 10 27 10
7 51 28 40 3 25 0 0.00 M M 6.2 17 10 M M 4 22 350
8 63 24 44 7 21 0 0.00 M M 2.1 15 360 M M 0 21 280
9 68 28 48 10 17 0 0.00 M M 2.2 12 10 M M 0 18 10
10 56 35 46 8 19 0 0.16 M M 6.1 15 200 M M 7 1 23 210
11 51 41 46 7 19 0 0.20 M M 4.5 18 190 M M 10 1 31 170
12 66 49 58 19 7 0 0.92 M M 10.0 32 140 M M 10 1 47 140
13 51 34 43 3 22 0 0.20 M M 6.5 20 200 M M 9 1 34 320
14 54 36 45 5 20 0 0.06 M M 5.1 16 210 M M 7 1 26 210
15 55 35 45 5 20 0 0.01 M M 3.3 14 340 M M 7 12 21 280
16 56 32 44 3 21 0 M M M 7.5 18 330 M M 5 28 290
17 54 27 41 -1 24 0 M M M 2.5 10 30 M M 0 14 360
18 47 35 41 -1 24 0 0.20 M M 4.5 13 190 M M 8 1 20 170
19 57 41 49 7 16 0 T M M 9.0 22 180 M M 9 32 190
20 56 39 48 5 17 0 0.07 M M 5.2 16 310 M M 7 28 230
21 48 34 41 -2 24 0 0.00 M M 7.2 15 200 M M 7 25 220
22 47 26 37 -7 28 0 T M M 7.1 20 320 M M 2 34 320
23 68 24 46 2 19 0 0.00 M M 8.0 22 200 M M 1 36 210
24 54 26 40 -5 25 0 0.07 M M 6.5 24 350 M M 8 1 38 10
25 47 19 33 -12 32 0 0.00 M M 4.7 16 20 M M 0 22 30
================================================================================
SM 1324 791 562 0 2.33 M 151.0 M 145
================================================================================
AV 53.0 31.6 6.0 FASTST M M 6 MAX(MPH)
MISC ----> 32 140 47 140
================================================================================
NOTES:
# LAST OF SEVERAL OCCURRENCES
COLUMN 17 PEAK WIND IN M.P.H.
PRELIMINARY LOCAL CLIMATOLOGICAL DATA (WS FORM: F-6) , PAGE 2
STATION: MORRISVILLE VT
MONTH: APRIL
YEAR: 2024
LATITUDE: 44 31 N
LONGITUDE: 72 37 W
[TEMPERATURE DATA] [PRECIPITATION DATA] SYMBOLS USED IN COLUMN 16
AVERAGE MONTHLY: 42.3 TOTAL FOR MONTH: 2.33 1 = FOG OR MIST
DPTR FM NORMAL: 2.7 DPTR FM NORMAL: 0.01 2 = FOG REDUCING VISIBILITY
HIGHEST: 68 ON 23, 9 GRTST 24HR 0.97 ON 11-12 TO 1/4 MILE OR LESS
LOWEST: 19 ON 25 3 = THUNDER
SNOW, ICE PELLETS, HAIL 4 = ICE PELLETS
TOTAL MONTH: M 5 = HAIL
GRTST 24HR M ON M 6 = FREEZING RAIN OR DRIZZLE
GRTST DEPTH: M ON M 7 = DUSTSTORM OR SANDSTORM:
VSBY 1/2 MILE OR LESS
8 = SMOKE OR HAZE
[NO. OF DAYS WITH] [WEATHER - DAYS WITH] 9 = BLOWING SNOW
X = TORNADO
MAX 32 OR BELOW: 0 0.01 INCH OR MORE: 11
MAX 90 OR ABOVE: 0 0.10 INCH OR MORE: 7
MIN 32 OR BELOW: 13 0.50 INCH OR MORE: 1
MIN 0 OR BELOW: 0 1.00 INCH OR MORE: 0
[HDD (BASE 65) ]
TOTAL THIS MO. 562 CLEAR (SCALE 0-3) 7
DPTR FM NORMAL -75 PTCLDY (SCALE 4-7) 10
TOTAL FM JUL 1 6452 CLOUDY (SCALE 8-10) 8
DPTR FM NORMAL -1370
[CDD (BASE 65) ]
TOTAL THIS MO. 0
DPTR FM NORMAL 0 [PRESSURE DATA]
TOTAL FM JAN 1 0 HIGHEST SLP M ON M
DPTR FM NORMAL 0 LOWEST SLP 29.14 ON 12
[REMARKS]