000
CXUS56 KOTX 011045
CLMMWH
CLIMATE REPORT
NATIONAL WEATHER SERVICE SPOKANE WA
345 AM PDT SAT APR 01 2023
...................................
...THE MOSES LAKE WA AIRPORT CLIMATE SUMMARY FOR THE MONTH OF MARCH 2023...
CLIMATE NORMAL PERIOD 1991 TO 2020
CLIMATE RECORD PERIOD 9999 TO 9999
WEATHER OBSERVED NORMAL DEPART LAST YEAR`S
VALUE DATE(S) VALUE FROM VALUE DATE(S)
NORMAL
................................................................
TEMPERATURE (F)
RECORD
HIGH 75 03/25/1960
LOW 1 03/04/2019
HIGHEST 62 03/22 MM MM 72 03/27
03/28
LOWEST 23 03/01 MM MM 20 03/10
AVG. MAXIMUM 51.9 54.9 -3.0 57.3
AVG. MINIMUM 30.2 31.7 -1.5 34.3
MEAN 41.1 43.3 -2.2 45.8
DAYS MAX >= 90 0 0.0 0.0 0
DAYS MAX <= 32 0 0.4 -0.4 0
DAYS MIN <= 32 22 17.2 4.8 13
DAYS MIN <= 0 0 0.0 0.0 0
PRECIPITATION (INCHES)
RECORD
MAXIMUM 1.52 2016
MINIMUM T 1949
TOTALS 0.74 0.73 0.01 0.34
DAILY AVG. 0.02 0.02 -0.00 0.01
DAYS >= .01 6 7.2 -1.2 6
DAYS >= .10 3 2.5 0.5 2
DAYS >= .50 0 0.0 0.0 0
DAYS >= 1.00 0 0.0 0.0 0
GREATEST
24 HR. TOTAL 0.27 03/05 TO 03/06 0.15
DEGREE DAYS
HEATING TOTAL 735 673 62 589
SINCE 7/1 5033 5100 -67 MM
COOLING TOTAL 0 0 0 0
SINCE 1/1 0 0 0 MM
................................................................
WIND (MPH)
AVERAGE WIND SPEED 7.8
HIGHEST WIND SPEED/DIRECTION 36/250 DATE 03/02
HIGHEST GUST SPEED/DIRECTION 46/250 DATE 03/02
SKY COVER
POSSIBLE SUNSHINE (PERCENT) MM
AVERAGE SKY COVER 0.40
NUMBER OF DAYS FAIR 12
NUMBER OF DAYS PC 15
NUMBER OF DAYS CLOUDY 4
AVERAGE RH (PERCENT) 62
WEATHER CONDITIONS. NUMBER OF DAYS WITH
THUNDERSTORM 0 MIXED PRECIP 0
HEAVY RAIN 0 RAIN 0
LIGHT RAIN 3 FREEZING RAIN 0
LT FREEZING RAIN 0 HAIL 0
HEAVY SNOW 0 SNOW 2
LIGHT SNOW 3 SLEET 0
FOG 9 FOG W/VIS <= 1/4 MILE 0
HAZE 4
- INDICATES NEGATIVE NUMBERS.
R INDICATES RECORD WAS SET OR TIED.
MM INDICATES DATA IS MISSING.
T INDICATES TRACE AMOUNT.
$$