000
CXUS54 KFWD 072148
CF6MWL
PRELIMINARY LOCAL CLIMATOLOGICAL DATA (WS FORM: F-6)
STATION: MINERAL WELLS
MONTH: JUNE
YEAR: 2022
LATITUDE: 32 46 N
LONGITUDE: 98 4 W
TEMPERATURE IN F: :PCPN: SNOW: WIND :SUNSHINE: SKY :PK WND
================================================================================
1 2 3 4 5 6A 6B 7 8 9 10 11 12 13 14 15 16 17 18
12Z AVG MX 2MIN
DY MAX MIN AVG DEP HDD CDD WTR SNW DPTH SPD SPD DIR MIN PSBL S-S WX SPD DR
================================================================================
1 94 74 84 7 0 19 0.00 M M 9.2 20 160 M M 3 3 27 160
2 83 67 75 -3 0 10 0.05 M M 8.9 26 60 M M 3 3 39 60
3 76 66 71 -7 0 6 0.11 M M 5.5 14 360 M M 5 13 19 360
4 89 64 77 -1 0 12 0.00 M M 6.8 13 120 M M 4 18 21 120
5 98 71 85 7 0 20 0.00 M M 14.6 24 140 M M 0 34 120
6 100 75 88 10 0 23 0.00 M M 12.1 24 160 M M 0 35 150
7 99 75 87 8 0 22 0.00 M M 11.8 20 150 M M 0 26 130
8 90 74 82 3 0 17 0.00 M M 11.2 32 360 M M 0 45 340
9 96 70 83 4 0 18 0.00 M M 6.7 12 140 M M 2 18 160
10 101 72 87 8 0 22 0.00 M M 7.4 20 180 M M 0 27 340
11 106 72 89 10 0 24 0.00 M M 9.6 17 180 M M 0 25 270
12 107 73 90 10 0 25 0.00 M M 11.5 23 180 M M 0 37 170
13 104 74 89 9 0 24 0.00 M M 13.7 25 160 M M 0 38 140
14 100 78 89 9 0 24 0.00 M M 17.4 30 170 M M 0 42 180
15 101 79 90 10 0 25 0.00 M M 14.9 24 180 M M 0 36 180
16 102 79 91 11 0 26 0.00 M M 8.6 15 180 M M 0 22 180
17 101 69 85 5 0 20 0.00 M M 6.7 18 120 M M 1 24 130
18 99 73 86 6 0 21 0.00 M M 7.5 21 130 M M 0 3 26 140
19 101 74 88 7 0 23 0.00 M M 9.9 18 120 M M 0 32 160
20 103 73 88 7 0 23 0.00 M M 10.6 20 130 M M 0 29 120
21 102 78 90 9 0 25 0.00 M M 9.2 20 110 M M 1 26 100
22 101 70 86 5 0 21 0.00 M M 6.7 17 120 M M 0 24 100
23 103 73 88 7 0 23 0.00 M M 5.8 13 110 M M 1 24 140
24 106 72 89 8 0 24 0.00 M M 10.5 22 130 M M 0 30 130
25 104 74 89 8 0 24 0.00 M M 8.4 16 120 M M 0 22 130
26 103 70 87 5 0 22 0.00 M M 8.7 24 320 M M 1 3 34 340
27 92 71 82 0 0 17 0.00 M M 10.1 16 10 M M 2 3 25 10
28 87 70 79 -3 0 14 0.17 M M 6.9 20 310 M M 4 26 360
29 72 65 69 -13 0 4 M M M 1.0 5 40 M M 0 M M
30 102 65 84 2 0 19 0.00 M M 5.4 15 150 M M 1 21 150
================================================================================
SM 2922 2160 0 597 0.33 M 277.3 M 28
================================================================================
AV 97.4 72.0 9.2 FASTST M M 1 MAX(MPH)
MISC ----> 32 360 45 340
================================================================================
NOTES:
# LAST OF SEVERAL OCCURRENCES
COLUMN 17 PEAK WIND IN M.P.H.
PRELIMINARY LOCAL CLIMATOLOGICAL DATA (WS FORM: F-6) , PAGE 2
STATION: MINERAL WELLS
MONTH: JUNE
YEAR: 2022
LATITUDE: 32 46 N
LONGITUDE: 98 4 W
[TEMPERATURE DATA] [PRECIPITATION DATA] SYMBOLS USED IN COLUMN 16
AVERAGE MONTHLY: 84.7 TOTAL FOR MONTH: 0.33 1 = FOG OR MIST
DPTR FM NORMAL: 4.8 DPTR FM NORMAL: -3.22 2 = FOG REDUCING VISIBILITY
HIGHEST: 107 ON 12 GRTST 24HR 0.17 ON 28-28 TO 1/4 MILE OR LESS
LOWEST: 64 ON 4 3 = THUNDER
SNOW, ICE PELLETS, HAIL 4 = ICE PELLETS
TOTAL MONTH: M 5 = HAIL
GRTST 24HR M ON M 6 = FREEZING RAIN OR DRIZZLE
GRTST DEPTH: M ON M 7 = DUSTSTORM OR SANDSTORM:
VSBY 1/2 MILE OR LESS
8 = SMOKE OR HAZE
[NO. OF DAYS WITH] [WEATHER - DAYS WITH] 9 = BLOWING SNOW
X = TORNADO
MAX 32 OR BELOW: 0 0.01 INCH OR MORE: 3
MAX 90 OR ABOVE: 25 0.10 INCH OR MORE: 2
MIN 32 OR BELOW: 0 0.50 INCH OR MORE: 0
MIN 0 OR BELOW: 0 1.00 INCH OR MORE: 0
[HDD (BASE 65) ]
TOTAL THIS MO. 0 CLEAR (SCALE 0-3) 25
DPTR FM NORMAL 0 PTCLDY (SCALE 4-7) 5
TOTAL FM JUL 1 2083 CLOUDY (SCALE 8-10) 0
DPTR FM NORMAL -326
[CDD (BASE 65) ]
TOTAL THIS MO. 597
DPTR FM NORMAL 148 [PRESSURE DATA]
TOTAL FM JAN 1 1195 HIGHEST SLP 30.21 ON 27
DPTR FM NORMAL 352 LOWEST SLP 29.54 ON 6
[REMARKS]
#FINAL-06-22#