000
CXUS53 KBIS 010830
CF6N60
PRELIMINARY LOCAL CLIMATOLOGICAL DATA (WS FORM: F-6)
STATION: GARRISON (AMOS) ND
MONTH: NOVEMBER
YEAR: 2020
LATITUDE: 47 39 N
LONGITUDE: 101 23 W
TEMPERATURE IN F: :PCPN: SNOW: WIND :SUNSHINE: SKY :PK WND
================================================================================
1 2 3 4 5 6A 6B 7 8 9 10 11 12 13 14 15 16 17 18
12Z AVG MX 2MIN
DY MAX MIN AVG DEP HDD CDD WTR SNW DPTH SPD SPD DIR MIN PSBL S-S WX SPD DR
================================================================================
1 52 18 35 M 30 0 0.00 M M 8.1 21 210 M M 0 27 210
2 69 29 49 M 16 0 0.00 M M 6.4 14 230 M M 0 18 220
3 72 40 56 M 9 0 0.00 M M 10.4 25 280 M M 0 35 290
4 71 34 53 M 12 0 0.00 M M 12.4 28 280 M M 0 40 300
5 72 32 52 M 13 0 0.00 M M 8.2 21 250 M M 0 27 250
6 54 31 43 M 22 0 0.00 M M 7.3 16 80 M M 0 28 40
7 36 28 32 M 33 0 0.00 M M 10.9 16 100 M M 0 22 110
8 67 22 45 M 20 0 0.01 M M 17.4 37 240 M M 0 48 250
9 24 14 19 M 46 0 0.00 M M 15.5 29 300 M M 0 42 300
10 36 4 20 M 45 0 0.00 M M 3.6 9 300 M M 0 12 170
11 34 12 23 M 42 0 0.02 M M 13.9 29 280 M M 0 38 300
12 23 10 17 M 48 0 0.01 M M 8.1 18 300 M M 0 25 310
13 47 15 31 M 34 0 0.00 M M 9.7 18 180 M M 0 24 170
14 47 26 37 M 28 0 0.00 M M 16.7 37 310 M M 0 52 310
15 39 22 31 M 34 0 0.00 M M 15.6 38 320 M M 0 53 310
16 34 21 28 M 37 0 0.01 M M 7.9 18 310 M M 0 25 300
17 46 20 33 M 32 0 0.00 M M 9.6 20 140 M M 0 25 130
18 59 28 44 M 21 0 0.00 M M 7.6 15 300 M M 0 21 300
19 43 27 35 M 30 0 0.07 M M 8.9 22 320 M M 0 28 330
20 28 14 21 M 44 0 0.00 M M 7.6 23 320 M M 0 30 320
21 41 19 30 M 35 0 0.00 M M 4.8 15 230 M M 0 20 220
22 37 18 28 M 37 0 0.00 M M 11.0 20 300 M M 0 27 310
23 43 18 31 M 34 0 0.00 M M 12.2 23 160 M M 0 31 140
24 29 10 20 M 45 0 0.00 M M 11.5 24 320 M M 0 33 310
25 47 19 33 M 32 0 0.00 M M 10.4 25 310 M M 0 33 300
26 42 17 30 M 35 0 0.00 M M 14.7 31 330 M M 0 38 320
27 49 15 32 M 33 0 0.00 M M 10.1 21 270 M M 0 29 290
28 57 27 42 M 23 0 0.00 M M 15.8 38 330 M M 0 49 340
29 33 14 24 M 41 0 0.00 M M 11.1 37 330 M M 0 49 340
30 45 17 31 M 34 0 0.00 M M 6.9 12 190 M M 0 13 200
================================================================================
SM 1376 621 945 0 0.12 M 314.3 M 0
================================================================================
AV 45.9 20.7 10.5 FASTST M M 0 MAX(MPH)
MISC ----> # 38 320 # 53 310
================================================================================
NOTES:
# LAST OF SEVERAL OCCURRENCES
COLUMN 17 PEAK WIND IN M.P.H.
PRELIMINARY LOCAL CLIMATOLOGICAL DATA (WS FORM: F-6) , PAGE 2
STATION: GARRISON (AMOS) ND
MONTH: NOVEMBER
YEAR: 2020
LATITUDE: 47 39 N
LONGITUDE: 101 23 W
[TEMPERATURE DATA] [PRECIPITATION DATA] SYMBOLS USED IN COLUMN 16
AVERAGE MONTHLY: 33.3 TOTAL FOR MONTH: 0.12 1 = FOG OR MIST
DPTR FM NORMAL: M DPTR FM NORMAL: M 2 = FOG REDUCING VISIBILITY
HIGHEST: 72 ON 5, 3 GRTST 24HR 0.07 ON 19-19 TO 1/4 MILE OR LESS
LOWEST: 4 ON 10 3 = THUNDER
SNOW, ICE PELLETS, HAIL 4 = ICE PELLETS
TOTAL MONTH: M 5 = HAIL
GRTST 24HR M ON M 6 = FREEZING RAIN OR DRIZZLE
GRTST DEPTH: M ON M 7 = DUSTSTORM OR SANDSTORM:
VSBY 1/2 MILE OR LESS
8 = SMOKE OR HAZE
[NO. OF DAYS WITH] [WEATHER - DAYS WITH] 9 = BLOWING SNOW
X = TORNADO
MAX 32 OR BELOW: 4 0.01 INCH OR MORE: 5
MAX 90 OR ABOVE: 0 0.10 INCH OR MORE: 0
MIN 32 OR BELOW: 28 0.50 INCH OR MORE: 0
MIN 0 OR BELOW: 0 1.00 INCH OR MORE: 0
[HDD (BASE 65) ]
TOTAL THIS MO. 945 CLEAR (SCALE 0-3) 30
DPTR FM NORMAL M PTCLDY (SCALE 4-7) 0
TOTAL FM JUL 1 2033 CLOUDY (SCALE 8-10) 0
DPTR FM NORMAL M
[CDD (BASE 65) ]
TOTAL THIS MO. 0
DPTR FM NORMAL M [PRESSURE DATA]
TOTAL FM JAN 1 407 HIGHEST SLP 30.54 ON 20
DPTR FM NORMAL M LOWEST SLP 29.22 ON 8
[REMARKS]
#FINAL-11-20#