000
CXUS51 KOKX 010910
CF6NYC
PRELIMINARY LOCAL CLIMATOLOGICAL DATA (WS FORM: F-6)
STATION: CENTRAL PARK NY
MONTH: JULY
YEAR: 2021
LATITUDE: 40 46 N
LONGITUDE: 73 58 W
TEMPERATURE IN F: :PCPN: SNOW: WIND :SUNSHINE: SKY :PK WND
================================================================================
1 2 3 4 5 6A 6B 7 8 9 10 11 12 13 14 15 16 17 18
12Z AVG MX 2MIN
DY MAX MIN AVG DEP HDD CDD WTR SNW DPTH SPD SPD DIR MIN PSBL S-S WX SPD DR
================================================================================
1 84 72 78 2 0 13 0.90 0.0 0 2.0 12 310 M M 5 1 18 310
2 79 62 71 -5 0 6 0.67 0.0 0 3.5 18 70 M M 8 13 25 70
3 66 59 63 -14 2 0 0.34 0.0 0 5.9 15 60 M M 10 1 21 60
4 79 60 70 -7 0 5 0.00 0.0 0 2.4 8 140 M M 6 18 16 120
5 83 67 75 -2 0 10 0.00 0.0 0 3.8 12 60 M M 2 18 16 190
6 92 71 82 5 0 17 0.55 0.0 0 5.8 25 300 M M 2 13 37 300
7 91 71 81 4 0 16 0.00 0.0 0 2.5 10 230 M M 1 18 17 220
8 84 71 78 1 0 13 2.27 0.0 0 4.8 15 40 M M 5 1238 24 40
9 85 70 78 1 0 13 2.06 0.0 0 4.1 14 210 M M 8 13 26 200
10 81 68 75 -3 0 10 0.27 0.0 0 2.8 9 90 M M 7 1 13 40
11 78 70 74 -4 0 9 0.01 0.0 0 1.7 9 150 M M 8 1 15 130
12 86 72 79 1 0 14 1.42 0.0 0 4.9 14 60 M M 7 1238 20 50
13 72 69 71 -7 0 6 T 0.0 0 5.7 12 60 M M 10 1 16 50
14 87 69 78 0 0 13 T 0.0 0 2.6 12 280 M M 5 1 20 280
15 89 74 82 4 0 17 0.00 0.0 0 2.6 8 150 M M 1 14 130
16 91 79 85 7 0 20 0.00 0.0 0 3.0 10 280 M M 1 19 210
17 91 73 82 4 0 17 0.62 0.0 0 2.3 9 260 M M 3 138 16 240
18 84 72 78 0 0 13 0.03 0.0 0 5.3 13 240 M M 9 13 19 230
19 81 71 76 -2 0 11 0.01 0.0 0 3.8 12 50 M M 6 15 40
20 86 73 80 2 0 15 0.00 0.0 0 2.5 8 280 M M 1 8 12 240
21 80 70 75 -3 0 10 0.05 0.0 0 1.9 12 20 M M 4 138 18 10
22 81 67 74 -4 0 9 0.00 0.0 0 3.3 9 300 M M 2 15 300
23 83 67 75 -3 0 10 0.01 0.0 0 2.3 10 50 M M 2 8 16 40
24 84 67 76 -2 0 11 0.00 0.0 0 2.5 8 160 M M 1 15 180
25 83 66 75 -3 0 10 0.49 0.0 0 2.7 14 50 M M 7 1 18 210
26 88 72 80 2 0 15 0.78 0.0 0 2.2 12 300 M M 1 138 17 310
27 89 73 81 3 0 16 T 0.0 0 2.8 12 330 M M 1 8 21 350
28 81 69 75 -3 0 10 0.14 0.0 0 3.5 14 50 M M 4 1 19 70
29 77 69 73 -5 0 8 0.47 0.0 0 3.7 14 170 M M 7 1 27 170
30 82 67 75 -3 0 10 0.00 0.0 0 7.6 16 300 M M 2 1 26 280
31 77 60 69 -9 0 4 0.00 0.0 0 2.7 10 310 M M 0 14 230
================================================================================
SM 2574 2140 2 351 11.09 0.0 107.2 M 136
================================================================================
AV 83.0 69.0 3.5 FASTST M M 4 MAX(MPH)
MISC ----> 25 300 37 300
================================================================================
NOTES:
# LAST OF SEVERAL OCCURRENCES
COLUMN 17 PEAK WIND IN M.P.H.
PRELIMINARY LOCAL CLIMATOLOGICAL DATA (WS FORM: F-6) , PAGE 2
STATION: CENTRAL PARK NY
MONTH: JULY
YEAR: 2021
LATITUDE: 40 46 N
LONGITUDE: 73 58 W
[TEMPERATURE DATA] [PRECIPITATION DATA] SYMBOLS USED IN COLUMN 16
AVERAGE MONTHLY: 76.0 TOTAL FOR MONTH: 11.09 1 = FOG OR MIST
DPTR FM NORMAL: -1.5 DPTR FM NORMAL: 6.49 2 = FOG REDUCING VISIBILITY
HIGHEST: 92 ON 6 GRTST 24HR 4.06 ON 8- 9 TO 1/4 MILE OR LESS
LOWEST: 59 ON 3 3 = THUNDER
SNOW, ICE PELLETS, HAIL 4 = ICE PELLETS
TOTAL MONTH: 0.0 INCH 5 = HAIL
GRTST 24HR 0.0 6 = FREEZING RAIN OR DRIZZLE
GRTST DEPTH: 0 7 = DUSTSTORM OR SANDSTORM:
VSBY 1/2 MILE OR LESS
8 = SMOKE OR HAZE
[NO. OF DAYS WITH] [WEATHER - DAYS WITH] 9 = BLOWING SNOW
X = TORNADO
MAX 32 OR BELOW: 0 0.01 INCH OR MORE: 18
MAX 90 OR ABOVE: 4 0.10 INCH OR MORE: 13
MIN 32 OR BELOW: 0 0.50 INCH OR MORE: 8
MIN 0 OR BELOW: 0 1.00 INCH OR MORE: 3
[HDD (BASE 65) ]
TOTAL THIS MO. 2 CLEAR (SCALE 0-3) 14
DPTR FM NORMAL 2 PTCLDY (SCALE 4-7) 14
TOTAL FM JUL 1 2 CLOUDY (SCALE 8-10) 3
DPTR FM NORMAL 2
[CDD (BASE 65) ]
TOTAL THIS MO. 351
DPTR FM NORMAL -37 [PRESSURE DATA]
TOTAL FM JAN 1 726 HIGHEST SLP M ON M
DPTR FM NORMAL 31 LOWEST SLP 29.69 ON 2
[REMARKS]
#FINAL-07-21#