000
CXUS55 KPSR 011005
CF6NYL
PRELIMINARY LOCAL CLIMATOLOGICAL DATA (WS FORM: F-6)
STATION: YUMA AZ
MONTH: SEPTEMBER
YEAR: 2022
LATITUDE: 32 39 N
LONGITUDE: 114 37 W
TEMPERATURE IN F: :PCPN: SNOW: WIND :SUNSHINE: SKY :PK WND
================================================================================
1 2 3 4 5 6A 6B 7 8 9 10 11 12 13 14 15 16 17 18
12Z AVG MX 2MIN
DY MAX MIN AVG DEP HDD CDD WTR SNW DPTH SPD SPD DIR MIN PSBL S-S WX SPD DR
================================================================================
1 108 86 97 3 0 32 0.00 M M 12.7 26 160 M M 1 33 160
2 105 85 95 2 0 30 0.00 M M 12.7 29 150 M M 0 8 36 160
3 105 87 96 3 0 31 0.00 M M 7.7 39 180 M M 0 38 55 180
4 113 89 101 8 0 36 0.00 M M 6.5 18 60 M M 1 8 24 50
5 113 87 100 7 0 35 0.00 M M 9.8 24 90 M M 0 31 70
6 111 86 99 6 0 34 0.00 M M 8.2 26 160 M M 0 32 160
7 103 84 94 2 0 29 0.00 M M 12.9 22 180 M M 2 27 170
8 102 80 91 -1 0 26 T M M 8.5 17 160 M M 7 8 22 160
9 90 76 83 -9 0 18 M M M 14.4 31 140 M M 7 18 39 150
10 89 78 84 -8 0 19 M M M 6.8 13 110 M M 4 17 130
11 94 75 85 -6 0 20 0.00 M M 4.8 14 250 M M 3 17 270
12 94 78 86 -5 0 21 0.00 M M 5.7 14 250 M M 4 18 230
13 97 79 88 -3 0 23 0.00 M M 6.8 17 210 M M 3 22 150
14 95 79 87 -3 0 22 0.00 M M 9.2 18 150 M M 1 25 170
15 97 77 87 -3 0 22 0.00 M M 5.6 12 200 M M 1 16 240
16 97 74 86 -4 0 21 0.00 M M 5.1 15 200 M M 1 17 190
17 98 77 88 -1 0 23 0.00 M M 6.1 15 190 M M 0 22 200
18 98 75 87 -2 0 22 0.00 M M 6.1 15 130 M M 0 20 140
19 98 75 87 -2 0 22 0.00 M M 4.4 12 230 M M 0 15 230
20 100 78 89 1 0 24 0.00 M M 6.0 14 180 M M 3 20 170
21 98 83 91 3 0 26 0.00 M M 9.6 17 150 M M 6 22 150
22 99 81 90 2 0 25 0.00 M M 5.6 13 80 M M 3 15 180
23 103 84 94 7 0 29 0.00 M M 5.2 30 30 M M 4 378 37 30
24 105 83 94 7 0 29 0.00 M M 3.8 8 260 M M 0 12 260
25 109 83 96 10 0 31 0.00 M M 4.3 13 20 M M 0 20 50
26 108 78 93 7 0 28 0.00 M M 4.8 14 20 M M 0 18 30
27 105 83 94 8 0 29 0.00 M M 5.8 17 70 M M 1 23 90
28 101 83 92 7 0 27 0.00 M M 9.8 21 150 M M 2 25 160
29 100 81 91 6 0 26 0.00 M M 7.3 16 160 M M 3 3 21 160
30 98 83 91 7 0 26 0.00 M M 9.2 16 200 M M 1 22 240
================================================================================
SM 3033 2427 0 786 T M 225.4 M 58
================================================================================
AV101.1 80.9 7.5 FASTST M M 2 MAX(MPH)
MISC ----> 39 180 55 180
================================================================================
NOTES:
# LAST OF SEVERAL OCCURRENCES
COLUMN 17 PEAK WIND IN M.P.H.
PRELIMINARY LOCAL CLIMATOLOGICAL DATA (WS FORM: F-6) , PAGE 2
STATION: YUMA AZ
MONTH: SEPTEMBER
YEAR: 2022
LATITUDE: 32 39 N
LONGITUDE: 114 37 W
[TEMPERATURE DATA] [PRECIPITATION DATA] SYMBOLS USED IN COLUMN 16
AVERAGE MONTHLY: 91.0 TOTAL FOR MONTH: T 1 = FOG OR MIST
DPTR FM NORMAL: 1.5 DPTR FM NORMAL: -0.68 2 = FOG REDUCING VISIBILITY
HIGHEST: 113 ON 5, 4 GRTST 24HR T ON 8- 8 TO 1/4 MILE OR LESS
LOWEST: 74 ON 16 3 = THUNDER
SNOW, ICE PELLETS, HAIL 4 = ICE PELLETS
TOTAL MONTH: M 5 = HAIL
GRTST 24HR M ON M 6 = FREEZING RAIN OR DRIZZLE
GRTST DEPTH: M ON M 7 = DUSTSTORM OR SANDSTORM:
VSBY 1/2 MILE OR LESS
8 = SMOKE OR HAZE
[NO. OF DAYS WITH] [WEATHER - DAYS WITH] 9 = BLOWING SNOW
X = TORNADO
MAX 32 OR BELOW: 0 0.01 INCH OR MORE: 0
MAX 90 OR ABOVE: 29 0.10 INCH OR MORE: 0
MIN 32 OR BELOW: 0 0.50 INCH OR MORE: 0
MIN 0 OR BELOW: 0 1.00 INCH OR MORE: 0
[HDD (BASE 65) ]
TOTAL THIS MO. 0 CLEAR (SCALE 0-3) 22
DPTR FM NORMAL 0 PTCLDY (SCALE 4-7) 8
TOTAL FM JUL 1 0 CLOUDY (SCALE 8-10) 0
DPTR FM NORMAL 0
[CDD (BASE 65) ]
TOTAL THIS MO. 786
DPTR FM NORMAL 51 [PRESSURE DATA]
TOTAL FM JAN 1 4430 HIGHEST SLP 29.98 ON 7
DPTR FM NORMAL 227 LOWEST SLP 29.57 ON 8
[REMARKS]
#FINAL-09-22#