000
CXUS56 KMTR 010900
CF6OAK
PRELIMINARY LOCAL CLIMATOLOGICAL DATA (WS FORM: F-6)
STATION: OAKLAND AIRPORT
MONTH: AUGUST
YEAR: 2022
LATITUDE: 37 43 N
LONGITUDE: 122 13 W
TEMPERATURE IN F: :PCPN: SNOW: WIND :SUNSHINE: SKY :PK WND
================================================================================
1 2 3 4 5 6A 6B 7 8 9 10 11 12 13 14 15 16 17 18
12Z AVG MX 2MIN
DY MAX MIN AVG DEP HDD CDD WTR SNW DPTH SPD SPD DIR MIN PSBL S-S WX SPD DR
================================================================================
1 75 60 68 4 0 3 T M M 7.4 15 290 M M 7 18 290
2 76 59 68 4 0 3 0.00 M M 9.0 21 290 M M 5 25 290
3 72 58 65 1 0 0 0.00 M M 9.8 20 290 M M 4 27 280
4 74 51 63 -1 2 0 0.00 M M 10.4 23 290 M M 4 29 280
5 74 62 68 4 0 3 0.00 M M 11.4 20 280 M M 6 26 280
6 73 61 67 3 0 2 0.00 M M 10.9 18 290 M M 5 23 290
7 73 61 67 3 0 2 0.00 M M 12.9 21 280 M M 4 27 270
8 74 61 68 4 0 3 0.00 M M 13.1 22 270 M M 5 29 250
9 75 62 69 5 0 4 0.00 M M 14.2 22 270 M M 4 31 250
10 77 63 70 6 0 5 0.00 M M 10.1 18 280 M M 4 24 290
11 74 62 68 4 0 3 0.00 M M 11.8 21 280 M M 5 32 250
12 73 59 66 2 0 1 0.00 M M 8.8 20 260 M M 4 24 250
13 74 57 66 2 0 1 0.00 M M 8.9 18 260 M M 2 26 260
14 78 56 67 2 0 2 0.00 M M 6.7 21 290 M M 1 24 290
15 78 54 66 1 0 1 0.00 M M 6.9 17 290 M M 1 22 300
16 84 55 70 5 0 5 0.00 M M 7.5 15 310 M M 2 19 300
17 77 59 68 3 0 3 0.01 M M 8.2 17 310 M M 5 24 320
18 73 55 64 -1 1 0 0.00 M M 10.1 21 290 M M 4 24 300
19 70 58 64 -1 1 0 0.00 M M 9.6 17 280 M M 5 34 270
20 76 56 66 1 0 1 0.00 M M 9.7 21 300 M M 1 1 21 300
21 77 57 67 2 0 2 0.00 M M 9.2 21 290 M M 4 24 310
22 76 58 67 2 0 2 0.00 M M 9.0 20 270 M M 5 23 270
23 77 59 68 3 0 3 0.00 M M 8.4 17 290 M M 5 24 220
24 73 59 66 1 0 1 0.00 M M 7.6 22 300 M M 6 26 300
25 74 59 67 2 0 2 0.00 M M 9.9 20 290 M M 6 25 300
26 72 57 65 0 0 0 0.00 M M 11.3 20 310 M M 6 25 290
27 75 57 66 1 0 1 0.00 M M 8.3 20 310 M M 6 25 310
28 73 58 66 1 0 1 0.00 M M 8.4 18 290 M M 5 25 210
29 71 57 64 -1 1 0 0.00 M M 9.0 20 300 M M 3 25 300
30 72 56 64 -1 1 0 0.00 M M 9.0 18 290 M M 3 23 290
31 73 57 65 0 0 0 0.00 M M 8.1 16 280 M M 3 28 270
================================================================================
SM 2313 1803 6 54 0.01 M 295.6 M 130
================================================================================
AV 74.6 58.2 9.5 FASTST M M 4 MAX(MPH)
MISC ----> 23 290 34 270
================================================================================
NOTES:
# LAST OF SEVERAL OCCURRENCES
COLUMN 17 PEAK WIND IN M.P.H.
PRELIMINARY LOCAL CLIMATOLOGICAL DATA (WS FORM: F-6) , PAGE 2
STATION: OAKLAND AIRPORT
MONTH: AUGUST
YEAR: 2022
LATITUDE: 37 43 N
LONGITUDE: 122 13 W
[TEMPERATURE DATA] [PRECIPITATION DATA] SYMBOLS USED IN COLUMN 16
AVERAGE MONTHLY: 66.4 TOTAL FOR MONTH: 0.01 1 = FOG OR MIST
DPTR FM NORMAL: 1.8 DPTR FM NORMAL: -0.03 2 = FOG REDUCING VISIBILITY
HIGHEST: 84 ON 16 GRTST 24HR 0.01 ON 17-17 TO 1/4 MILE OR LESS
LOWEST: 51 ON 4 3 = THUNDER
SNOW, ICE PELLETS, HAIL 4 = ICE PELLETS
TOTAL MONTH: M 5 = HAIL
GRTST 24HR M ON M 6 = FREEZING RAIN OR DRIZZLE
GRTST DEPTH: M ON M 7 = DUSTSTORM OR SANDSTORM:
VSBY 1/2 MILE OR LESS
8 = SMOKE OR HAZE
[NO. OF DAYS WITH] [WEATHER - DAYS WITH] 9 = BLOWING SNOW
X = TORNADO
MAX 32 OR BELOW: 0 0.01 INCH OR MORE: 1
MAX 90 OR ABOVE: 0 0.10 INCH OR MORE: 0
MIN 32 OR BELOW: 0 0.50 INCH OR MORE: 0
MIN 0 OR BELOW: 0 1.00 INCH OR MORE: 0
[HDD (BASE 65) ]
TOTAL THIS MO. 6 CLEAR (SCALE 0-3) 8
DPTR FM NORMAL -44 PTCLDY (SCALE 4-7) 23
TOTAL FM JUL 1 67 CLOUDY (SCALE 8-10) 0
DPTR FM NORMAL -54
[CDD (BASE 65) ]
TOTAL THIS MO. 54
DPTR FM NORMAL 15 [PRESSURE DATA]
TOTAL FM JAN 1 119 HIGHEST SLP M ON M
DPTR FM NORMAL 14 LOWEST SLP 29.74 ON 16
[REMARKS]
#FINAL-08-22#